000
CXUS54 KJAN 011451
CF6GWO
PRELIMINARY LOCAL CLIMATOLOGICAL DATA (WS FORM: F-6)
STATION: GREENWOOD
MONTH: AUGUST
YEAR: 2023
LATITUDE: 33 30 N
LONGITUDE: 90 5 W
TEMPERATURE IN F: :PCPN: SNOW: WIND :SUNSHINE: SKY :PK WND
================================================================================
1 2 3 4 5 6A 6B 7 8 9 10 11 12 13 14 15 16 17 18
12Z AVG MX 2MIN
DY MAX MIN AVG DEP HDD CDD WTR SNW DPTH SPD SPD DIR MIN PSBL S-S WX SPD DR
================================================================================
1 98 76 87 5 0 22 0.00 0.0 0 2.7 14 30 M M 0 17 30
2 100 76 88 6 0 23 0.00 0.0 0 4.2 10 160 M M 1 16 180
3 101 78 90 8 0 25 0.00 0.0 0 4.3 12 220 M M 0 17 220
4 96 78 87 5 0 22 0.02 0.0 0 5.5 31 50 M M 1 3 44 60
5 102 76 89 7 0 24 0.00 0.0 0 3.7 14 220 M M 1 20 240
6 97 79 88 6 0 23 0.00 0.0 0 4.8 13 220 M M 1 20 220
7 95 72 84 2 0 19 0.03 0.0 0 5.1 18 210 M M 2 32 220
8 85 72 79 -3 0 14 0.85 0.0 0 3.0 17 170 M M 2 13 20 170
9 97 73 85 3 0 20 0.00 0.0 0 7.1 18 200 M M 1 26 200
10 92 72 82 0 0 17 0.04 0.0 0 6.3 25 30 M M 7 13 35 30
11 97 78 88 6 0 23 0.00 0.0 0 4.3 14 210 M M 2 1 20 210
12 100 80 90 8 0 25 0.00 0.0 0 4.3 12 210 M M 1 16 210
13 100 79 90 8 0 25 0.00 0.0 0 4.6 14 220 M M 0 20 200
14 101 79 90 8 0 25 0.00 0.0 0 5.2 13 360 M M 0 20 20
15 88 66 77 -5 0 12 T 0.0 0 4.6 14 350 M M 2 3 21 330
16 87 64 76 -5 0 11 0.00 0.0 0 2.8 9 360 M M 2 1 13 350
17 93 62 78 -3 0 13 0.00 0.0 0 2.3 10 200 M M 0 14 260
18 98 67 83 2 0 18 0.00 0.0 0 1.5 9 360 M M 0 14 40
19 99 72 86 5 0 21 0.00 0.0 0 4.9 13 80 M M 0 19 40
20 100 75 88 7 0 23 0.00 0.0 0 4.6 14 80 M M 0 24 80
21 102 75 89 8 0 24 0.00 0.0 0 4.0 12 60 M M 0 19 80
22 102 79 91 10 0 26 0.00 0.0 0 3.1 10 20 M M 0 15 30
23 102 76 89 8 0 24 0.00 0.0 0 2.8 12 40 M M 0 18 16 350
24 105 77 91 11 0 26 0.00 0.0 0 3.5 9 190 M M 1 18 14 190
25 104 78 91 11 0 26 0.00 0.0 0 2.7 10 130 M M 1 13 210
26 105 76 91 11 0 26 0.00 0.0 0 2.9 8 350 M M 0 18 13 320
27 88 75 82 2 0 17 0.60 0.0 0 5.7 22 50 M M 3 13 32 40
28 90 75 83 3 0 18 0.00 0.0 0 6.3 15 30 M M 8 1 20 20
29 92 70 81 1 0 16 0.00 0.0 0 6.9 15 20 M M 2 23 360
30 91 64 78 -2 0 13 0.00 0.0 0 6.2 17 50 M M 0 24 20
31 90 63 77 -2 0 12 0.00 0.0 0 4.9 14 40 M M 0 19 40
================================================================================
SM 2997 2282 0 633 1.54 0.0 134.8 M 38
================================================================================
AV 96.7 73.6 4.3 FASTST M M 1 MAX(MPH)
MISC ----> 31 50 44 60
================================================================================
NOTES:
# LAST OF SEVERAL OCCURRENCES
COLUMN 17 PEAK WIND IN M.P.H.
PRELIMINARY LOCAL CLIMATOLOGICAL DATA (WS FORM: F-6) , PAGE 2
STATION: GREENWOOD
MONTH: AUGUST
YEAR: 2023
LATITUDE: 33 30 N
LONGITUDE: 90 5 W
[TEMPERATURE DATA] [PRECIPITATION DATA] SYMBOLS USED IN COLUMN 16
AVERAGE MONTHLY: 85.1 TOTAL FOR MONTH: 1.54 1 = FOG OR MIST
DPTR FM NORMAL: 4.0 DPTR FM NORMAL: -1.67 2 = FOG REDUCING VISIBILITY
HIGHEST: 105 ON 26,24 GRTST 24HR 0.88 ON 7- 8 TO 1/4 MILE OR LESS
LOWEST: 62 ON 17 3 = THUNDER
SNOW, ICE PELLETS, HAIL 4 = ICE PELLETS
TOTAL MONTH: 0.0 INCH 5 = HAIL
GRTST 24HR 0.0 6 = FREEZING RAIN OR DRIZZLE
GRTST DEPTH: 0 7 = DUSTSTORM OR SANDSTORM:
VSBY 1/2 MILE OR LESS
8 = SMOKE OR HAZE
[NO. OF DAYS WITH] [WEATHER - DAYS WITH] 9 = BLOWING SNOW
X = TORNADO
MAX 32 OR BELOW: 0 0.01 INCH OR MORE: 5
MAX 90 OR ABOVE: 27 0.10 INCH OR MORE: 2
MIN 32 OR BELOW: 0 0.50 INCH OR MORE: 2
MIN 0 OR BELOW: 0 1.00 INCH OR MORE: 0
[HDD (BASE 65) ]
TOTAL THIS MO. 0 CLEAR (SCALE 0-3) 28
DPTR FM NORMAL 0 PTCLDY (SCALE 4-7) 2
TOTAL FM JUL 1 0 CLOUDY (SCALE 8-10) 1
DPTR FM NORMAL 0
[CDD (BASE 65) ]
TOTAL THIS MO. 633
DPTR FM NORMAL 133 [PRESSURE DATA]
TOTAL FM JAN 1 2183 HIGHEST SLP 30.14 ON 8
DPTR FM NORMAL 395 LOWEST SLP 29.77 ON 27
[REMARKS]
#FINAL-08-23#