000
CXUS54 KJAN 022010
CLMGWO
CLIMATE REPORT
NATIONAL WEATHER SERVICE JACKSON MS
310 PM CDT TUE APR 02 2024
...................................
...THE GREENWOOD CLIMATE SUMMARY FOR THE MONTH OF MARCH 2024...
CLIMATE NORMAL PERIOD: 1991 TO 2020
CLIMATE RECORD PERIOD: 1948 TO 2024
WEATHER OBSERVED NORMAL DEPART LAST YEAR`S
VALUE DATE(S) VALUE FROM VALUE DATE(S)
NORMAL
................................................................
TEMPERATURE (F)
RECORD
HIGH 88 03/26/2020
03/23/1995
03/31/1963
LOW 15 03/09/1996
03/03/1980
HIGHEST 84 03/04 MM MM 87 03/24
LOWEST 30 03/19 MM MM 25 03/20
AVG. MAXIMUM 70.4 67.2 3.2 71.7
AVG. MINIMUM 48.2 45.1 3.1 49.0
MEAN 59.3 56.1 3.2 60.4
DAYS MAX >= 90 0 0.0 0.0 0
DAYS MAX <= 32 0 0.0 0.0 0
DAYS MIN <= 32 1 3.9 -2.9 MM
DAYS MIN <= 0 0 0.0 0.0 MM
PRECIPITATION (INCHES)
RECORD
MAXIMUM 16.84 1973
MINIMUM 0.33 2007
TOTALS 4.61 4.76 -0.15 6.24
DAILY AVG. 0.15 0.15 -0.00 0.20
DAYS >= .01 9 10.7 -1.7 11
DAYS >= .10 5 7.1 -2.1 10
DAYS >= .50 4 3.2 0.8 5
DAYS >= 1.00 2 1.5 0.5 2
GREATEST
24 HR. TOTAL 1.44 03/15 TO 03/15 1.68
SNOWFALL (INCHES)
TOTALS 0.0
DEGREE DAYS
HEATING TOTAL 194 298 -104 203
SINCE 7/1 1969 2445 -476 MM
COOLING TOTAL 25 24 1 68
SINCE 1/1 36 32 4 MM
................................................................
WIND (MPH)
AVERAGE WIND SPEED 6.2
HIGHEST WIND SPEED/DIRECTION 40/150 DATE 03/25
HIGHEST GUST SPEED/DIRECTION 54/140 DATE 03/25
SKY COVER
POSSIBLE SUNSHINE (PERCENT) MM
AVERAGE SKY COVER 0.39
NUMBER OF DAYS FAIR 16
NUMBER OF DAYS PC 7
NUMBER OF DAYS CLOUDY 8
AVERAGE RH (PERCENT) 67
WEATHER CONDITIONS. NUMBER OF DAYS WITH
THUNDERSTORM 5 MIXED PRECIP 0
HEAVY RAIN 4 RAIN 5
LIGHT RAIN 9 FREEZING RAIN 0
LT FREEZING RAIN 0 HAIL 0
HEAVY SNOW 0 SNOW 0
LIGHT SNOW 0 SLEET 0
FOG 12 FOG W/VIS <= 1/4 MILE 1
HAZE 1
- INDICATES NEGATIVE NUMBERS.
R INDICATES RECORD WAS SET OR TIED.
MM INDICATES DATA IS MISSING.
T INDICATES TRACE AMOUNT.
$$