000
CXUS54 KFWD 010731
CF6GYI
PRELIMINARY LOCAL CLIMATOLOGICAL DATA (WS FORM: F-6)
STATION: SHERMAN/DENISON
MONTH: JUNE
YEAR: 2021
LATITUDE: 33 42 N
LONGITUDE: 96 40 W
TEMPERATURE IN F: :PCPN: SNOW: WIND :SUNSHINE: SKY :PK WND
================================================================================
1 2 3 4 5 6A 6B 7 8 9 10 11 12 13 14 15 16 17 18
12Z AVG MX 2MIN
DY MAX MIN AVG DEP HDD CDD WTR SNW DPTH SPD SPD DIR MIN PSBL S-S WX SPD DR
================================================================================
1 70 61 66 -9 0 1 0.05 M M 6.4 21 280 M M 9 1 M M
2 78 57 68 -7 0 3 0.00 M M 3.3 9 330 M M 2 1 M M
3 83 57 70 -5 0 5 0.00 M M 3.1 7 170 M M 1 M M
4 84 62 73 -3 0 8 0.00 M M 4.3 9 100 M M 2 M M
5 82 67 75 -1 0 10 0.09 M M 4.3 8 80 M M 6 13 M M
6 86 66 76 0 0 11 0.02 M M 7.3 15 190 M M 6 3 24 190
7 77 68 73 -3 0 8 0.00 M M 6.8 15 150 M M 2 1 20 120
8 89 70 80 3 0 15 0.00 M M 8.6 17 160 M M 4 1 20 180
9 88 74 81 4 0 16 0.00 M M 8.4 16 170 M M 5 M M
10 90 76 83 6 0 18 0.00 M M 9.3 14 180 M M 5 18 180
11 92 74 83 6 0 18 0.00 M M 9.8 16 180 M M 2 22 200
12 92 69 81 3 0 16 1.24 M M 4.9 14 20 M M 3 3 44 120
13 95 73 84 6 0 19 0.00 M M 2.6 9 30 M M 1 M M
14 94 74 84 6 0 19 0.00 M M 3.6 9 40 M M 1 M M
15 94 69 82 4 0 17 0.00 M M 2.1 7 10 M M 0 M M
16 96 70 83 5 0 18 0.00 M M 1.6 7 150 M M 0 M M
17 97 72 85 6 0 20 0.00 M M 3.0 10 150 M M 1 M M
18 94 76 85 6 0 20 0.00 M M 7.3 10 140 M M 1 M M
19 93 68 81 2 0 16 0.00 M M 7.9 13 150 M M 0 M M
20 95 73 84 5 0 19 0.00 M M 11.5 17 180 M M 0 24 180
21 86 64 75 -4 0 10 0.03 M M 10.0 23 350 M M 5 36 350
22 85 59 72 -8 0 7 0.00 M M 7.0 13 90 M M 0 18 90
23 94 71 83 3 0 18 0.00 M M 11.3 16 140 M M 4 23 180
24 96 78 87 7 0 22 0.00 M M 12.3 17 180 M M 0 25 190
25 96 78 87 7 0 22 0.00 M M 14.6 22 170 M M 0 30 170
26 95 76 86 6 0 21 0.00 M M 14.2 21 150 M M 2 27 150
27 94 75 85 5 0 20 0.00 M M 11.3 20 160 M M 3 23 160
28 88 73 81 0 0 16 0.06 M M 7.0 14 110 M M 4 26 110
29 91 73 82 1 0 17 0.13 M M 8.3 13 140 M M 6 16 110
30 92 72 82 1 0 17 0.00 M M 4.6 9 170 M M 3 M M
================================================================================
SM 2686 2095 0 447 1.62 M 216.7 M 78
================================================================================
AV 89.5 69.8 7.2 FASTST M M 3 MAX(MPH)
MISC ----> 23 350 44 120
================================================================================
NOTES:
# LAST OF SEVERAL OCCURRENCES
COLUMN 17 PEAK WIND IN M.P.H.
PRELIMINARY LOCAL CLIMATOLOGICAL DATA (WS FORM: F-6) , PAGE 2
STATION: SHERMAN/DENISON
MONTH: JUNE
YEAR: 2021
LATITUDE: 33 42 N
LONGITUDE: 96 40 W
[TEMPERATURE DATA] [PRECIPITATION DATA] SYMBOLS USED IN COLUMN 16
AVERAGE MONTHLY: 79.7 TOTAL FOR MONTH: 1.62 1 = FOG OR MIST
DPTR FM NORMAL: 1.6 DPTR FM NORMAL: -3.38 2 = FOG REDUCING VISIBILITY
HIGHEST: 97 ON 17 GRTST 24HR 1.24 ON 12-12 TO 1/4 MILE OR LESS
LOWEST: 57 ON 3, 2 3 = THUNDER
SNOW, ICE PELLETS, HAIL 4 = ICE PELLETS
TOTAL MONTH: M 5 = HAIL
GRTST 24HR M ON M 6 = FREEZING RAIN OR DRIZZLE
GRTST DEPTH: M ON M 7 = DUSTSTORM OR SANDSTORM:
VSBY 1/2 MILE OR LESS
8 = SMOKE OR HAZE
[NO. OF DAYS WITH] [WEATHER - DAYS WITH] 9 = BLOWING SNOW
X = TORNADO
MAX 32 OR BELOW: 0 0.01 INCH OR MORE: 7
MAX 90 OR ABOVE: 18 0.10 INCH OR MORE: 2
MIN 32 OR BELOW: 0 0.50 INCH OR MORE: 1
MIN 0 OR BELOW: 0 1.00 INCH OR MORE: 1
[HDD (BASE 65) ]
TOTAL THIS MO. 0 CLEAR (SCALE 0-3) 20
DPTR FM NORMAL -1 PTCLDY (SCALE 4-7) 9
TOTAL FM JUL 1 2631 CLOUDY (SCALE 8-10) 1
DPTR FM NORMAL -241
[CDD (BASE 65) ]
TOTAL THIS MO. 447
DPTR FM NORMAL 52 [PRESSURE DATA]
TOTAL FM JAN 1 642 HIGHEST SLP M ON M
DPTR FM NORMAL -21 LOWEST SLP M ON M
[REMARKS]
#FINAL-06-21#