000
CXUS54 KJAN 011410
CF6HBG
PRELIMINARY LOCAL CLIMATOLOGICAL DATA (WS FORM: F-6)
STATION: HATTIESBURG
MONTH: MAY
YEAR: 2023
LATITUDE: 31 16 N
LONGITUDE: 89 15 W
TEMPERATURE IN F: :PCPN: SNOW: WIND :SUNSHINE: SKY :PK WND
================================================================================
1 2 3 4 5 6A 6B 7 8 9 10 11 12 13 14 15 16 17 18
12Z AVG MX 2MIN
DY MAX MIN AVG DEP HDD CDD WTR SNW DPTH SPD SPD DIR MIN PSBL S-S WX SPD DR
================================================================================
1 78 53 66 -4 0 1 0.00 0.0 0 5.7 17 280 M M 0 25 300
2 81 48 65 -5 0 0 0.00 0.0 0 3.1 16 300 M M 0 23 300
3 82 50 66 -4 0 1 0.00 0.0 0 2.3 12 320 M M 0 17 320
4 85 50 68 -2 0 3 0.00 0.0 0 1.8 8 130 M M 0 12 130
5 81 62 72 1 0 7 1.02 0.0 0 5.5 28 310 M M 6 123 37 300
6 74 63 69 -2 0 4 T 0.0 0 4.6 14 160 M M 5 1 18 150
7 87 59 73 2 0 8 0.00 0.0 0 6.4 15 200 M M 2 20 170
8 81 68 75 4 0 10 0.01 0.0 0 3.8 13 150 M M 6 16 160
9 87 68 78 6 0 13 0.05 0.0 0 2.5 15 190 M M 6 123 23 180
10 84 70 77 5 0 12 0.18 0.0 0 3.2 22 120 M M 4 13 32 120
11 89 67 78 6 0 13 0.73 0.0 0 8.0 25 300 M M 6 13 35 270
12 88 65 77 5 0 12 T 0.0 0 6.0 17 350 M M 3 13 26 350
13 89 64 77 4 0 12 T 0.0 0 3.5 13 130 M M 1 20 120
14 93 66 80 7 0 15 0.00 0.0 0 1.9 8 340 M M 0 1 12 60
15 92 70 81 8 0 16 0.03 0.0 0 3.1 17 200 M M 1 13 24 280
16 91 67 79 5 0 14 0.77 0.0 0 4.1 18 130 M M 2 13 25 140
17 85 67 76 2 0 11 0.99 0.0 0 3.1 25 280 M M 3 13 41 270
18 86 65 76 2 0 11 T 0.0 0 2.5 13 130 M M 5 12 18 260
19 91 68 80 6 0 15 1.22 0.0 0 2.4 14 80 M M 6 123 17 80
20 90 69 80 6 0 15 T 0.0 0 3.7 13 360 M M 3 1 20 260
21 81 68 75 0 0 10 0.00 0.0 0 4.7 10 50 M M 7 15 40
22 86 67 77 2 0 12 0.00 0.0 0 2.3 9 320 M M 2 18 12 290
23 86 66 76 1 0 11 0.00 0.0 0 5.2 15 50 M M 5 1 21 30
24 76 66 71 -5 0 6 T 0.0 0 5.6 14 360 M M 8 1 19 350
25 86 62 74 -2 0 9 0.00 0.0 0 4.0 13 30 M M 1 1 18 10
26 86 59 73 -3 0 8 0.00 0.0 0 3.0 14 70 M M 1 18 25 70
27 85 65 75 -1 0 10 0.00 0.0 0 3.3 12 60 M M 3 16 60
28 86 61 74 -2 0 9 0.00 0.0 0 0.7 8 310 M M 2 11 190
29 87 67 77 0 0 12 0.00 0.0 0 3.8 12 20 M M 1 17 10
30 88 63 76 -1 0 11 0.00 0.0 0 2.1 12 20 M M 0 18 17 70
31 88 63 76 -1 0 11 0.00 0.0 0 1.9 12 130 M M 1 1 20 140
================================================================================
SM 2649 1966 0 302 5.00 0.0 113.8 M 90
================================================================================
AV 85.5 63.4 3.7 FASTST M M 3 MAX(MPH)
MISC ----> 28 310 41 270
================================================================================
NOTES:
# LAST OF SEVERAL OCCURRENCES
COLUMN 17 PEAK WIND IN M.P.H.
PRELIMINARY LOCAL CLIMATOLOGICAL DATA (WS FORM: F-6) , PAGE 2
STATION: HATTIESBURG
MONTH: MAY
YEAR: 2023
LATITUDE: 31 16 N
LONGITUDE: 89 15 W
[TEMPERATURE DATA] [PRECIPITATION DATA] SYMBOLS USED IN COLUMN 16
AVERAGE MONTHLY: 74.4 TOTAL FOR MONTH: 5.00 1 = FOG OR MIST
DPTR FM NORMAL: 0.9 DPTR FM NORMAL: 0.56 2 = FOG REDUCING VISIBILITY
HIGHEST: 93 ON 14 GRTST 24HR 1.75 ON 16-17 TO 1/4 MILE OR LESS
LOWEST: 48 ON 2 3 = THUNDER
SNOW, ICE PELLETS, HAIL 4 = ICE PELLETS
TOTAL MONTH: 0.0 INCH 5 = HAIL
GRTST 24HR 0.0 6 = FREEZING RAIN OR DRIZZLE
GRTST DEPTH: 0 7 = DUSTSTORM OR SANDSTORM:
VSBY 1/2 MILE OR LESS
8 = SMOKE OR HAZE
[NO. OF DAYS WITH] [WEATHER - DAYS WITH] 9 = BLOWING SNOW
X = TORNADO
MAX 32 OR BELOW: 0 0.01 INCH OR MORE: 9
MAX 90 OR ABOVE: 5 0.10 INCH OR MORE: 6
MIN 32 OR BELOW: 0 0.50 INCH OR MORE: 5
MIN 0 OR BELOW: 0 1.00 INCH OR MORE: 2
[HDD (BASE 65) ]
TOTAL THIS MO. 0 CLEAR (SCALE 0-3) 20
DPTR FM NORMAL -9 PTCLDY (SCALE 4-7) 10
TOTAL FM JUL 1 1394 CLOUDY (SCALE 8-10) 1
DPTR FM NORMAL -522
[CDD (BASE 65) ]
TOTAL THIS MO. 302
DPTR FM NORMAL 31 [PRESSURE DATA]
TOTAL FM JAN 1 662 HIGHEST SLP 30.18 ON 14
DPTR FM NORMAL 224 LOWEST SLP 29.76 ON 17
[REMARKS]
#FINAL-05-23#