000
CXUS54 KJAN 012028
CF6HBG
PRELIMINARY LOCAL CLIMATOLOGICAL DATA (WS FORM: F-6)
STATION: HATTIESBURG
MONTH: AUGUST
YEAR: 2022
LATITUDE: 31 16 N
LONGITUDE: 89 15 W
TEMPERATURE IN F: :PCPN: SNOW: WIND :SUNSHINE: SKY :PK WND
================================================================================
1 2 3 4 5 6A 6B 7 8 9 10 11 12 13 14 15 16 17 18
12Z AVG MX 2MIN
DY MAX MIN AVG DEP HDD CDD WTR SNW DPTH SPD SPD DIR MIN PSBL S-S WX SPD DR
================================================================================
1 90 73 82 0 0 17 0.41 0.0 0 2.8 17 250 M M 3 13 26 240
2 86 73 80 -2 0 15 T 0.0 0 3.1 13 270 M M 5 123 17 260
3 91 74 83 1 0 18 0.04 0.0 0 3.2 18 270 M M 7 123 30 270
4 88 72 80 -2 0 15 0.00 0.0 0 3.6 14 130 M M 5 1 18 140
5 89 72 81 -1 0 16 0.04 0.0 0 2.4 21 180 M M 2 123 30 170
6 91 73 82 0 0 17 0.32 0.0 0 2.5 21 140 M M 1 138 28 130
7 94 72 83 1 0 18 0.12 0.0 0 2.5 26 140 M M 1 13 35 160
8 91 72 82 0 0 17 T 0.0 0 2.8 23 130 M M 1 13 29 140
9 91 73 82 0 0 17 0.23 0.0 0 2.8 24 140 M M 2 138 36 130
10 89 73 81 -1 0 16 0.24 0.0 0 4.1 18 180 M M 4 13 27 190
11 87 74 81 -1 0 16 0.97 0.0 0 2.9 14 310 M M 6 123 21 280
12 91 72 82 0 0 17 T 0.0 0 3.2 16 140 M M 6 12 20 140
13 92 73 83 1 0 18 0.00 0.0 0 1.5 17 190 M M 4 12 20 180
14 93 73 83 1 0 18 0.00 0.0 0 3.1 12 280 M M 1 16 300
15 95 74 85 3 0 20 0.00 0.0 0 2.7 10 290 M M 2 16 300
16 96 73 85 3 0 20 0.40 0.0 0 5.0 21 60 M M 2 13 32 10
17 92 72 82 0 0 17 0.95 0.0 0 2.1 17 330 M M 2 13 27 310
18 81 74 78 -4 0 13 0.50 0.0 0 2.9 8 340 M M 7 13 11 300
19 86 74 80 -2 0 15 0.09 0.0 0 3.4 10 120 M M 5 13 14 130
20 89 72 81 -1 0 16 0.15 0.0 0 3.3 18 150 M M 2 13 25 170
21 87 72 80 -2 0 15 1.50 0.0 0 2.2 18 210 M M 4 123 31 200
22 82 73 78 -4 0 13 2.10 0.0 0 4.0 16 120 M M 8 123 22 130
23 78 72 75 -7 0 10 1.30 0.0 0 4.4 17 260 M M 9 12 22 250
24 86 70 78 -3 0 13 1.15 0.0 0 4.5 29 170 M M 10 13 38 150
25 81 73 77 -4 0 12 0.26 0.0 0 3.9 21 180 M M 10 123 27 180
26 87 73 80 -1 0 15 0.10 0.0 0 2.8 15 180 M M 6 13 20 180
27 90 74 82 1 0 17 0.00 0.0 0 2.8 16 190 M M 5 1 22 190
28 92 72 82 1 0 17 0.00 0.0 0 2.3 17 160 M M 4 12 19 160
29 95 73 84 3 0 19 0.00 0.0 0 2.0 15 130 M M 2 1 20 130
30 93 73 83 2 0 18 0.40 0.0 0 2.3 25 340 M M 2 13 35 330
31 93 73 83 2 0 18 0.00 0.0 0 2.3 10 340 M M 3 18 15 330
================================================================================
SM 2766 2256 0 503 11.27 0.0 93.4 M 131
================================================================================
AV 89.2 72.8 3.0 FASTST M M 4 MAX(MPH)
MISC ----> 29 170 38 150
================================================================================
NOTES:
# LAST OF SEVERAL OCCURRENCES
COLUMN 17 PEAK WIND IN M.P.H.
PRELIMINARY LOCAL CLIMATOLOGICAL DATA (WS FORM: F-6) , PAGE 2
STATION: HATTIESBURG
MONTH: AUGUST
YEAR: 2022
LATITUDE: 31 16 N
LONGITUDE: 89 15 W
[TEMPERATURE DATA] [PRECIPITATION DATA] SYMBOLS USED IN COLUMN 16
AVERAGE MONTHLY: 81.0 TOTAL FOR MONTH: 11.27 1 = FOG OR MIST
DPTR FM NORMAL: -0.8 DPTR FM NORMAL: 6.52 2 = FOG REDUCING VISIBILITY
HIGHEST: 96 ON 16 GRTST 24HR 2.10 ON 22-22 TO 1/4 MILE OR LESS
LOWEST: 70 ON 24 3 = THUNDER
SNOW, ICE PELLETS, HAIL 4 = ICE PELLETS
TOTAL MONTH: 0.0 INCH 5 = HAIL
GRTST 24HR 0.0 6 = FREEZING RAIN OR DRIZZLE
GRTST DEPTH: 0 7 = DUSTSTORM OR SANDSTORM:
VSBY 1/2 MILE OR LESS
8 = SMOKE OR HAZE
[NO. OF DAYS WITH] [WEATHER - DAYS WITH] 9 = BLOWING SNOW
X = TORNADO
MAX 32 OR BELOW: 0 0.01 INCH OR MORE: 20
MAX 90 OR ABOVE: 17 0.10 INCH OR MORE: 17
MIN 32 OR BELOW: 0 0.50 INCH OR MORE: 7
MIN 0 OR BELOW: 0 1.00 INCH OR MORE: 4
[HDD (BASE 65) ]
TOTAL THIS MO. 0 CLEAR (SCALE 0-3) 13
DPTR FM NORMAL 0 PTCLDY (SCALE 4-7) 15
TOTAL FM JUL 1 0 CLOUDY (SCALE 8-10) 3
DPTR FM NORMAL 0
[CDD (BASE 65) ]
TOTAL THIS MO. 503
DPTR FM NORMAL -18 [PRESSURE DATA]
TOTAL FM JAN 1 2214 HIGHEST SLP 30.21 ON 7
DPTR FM NORMAL 291 LOWEST SLP 29.85 ON 16
[REMARKS]
#FINAL-08-22#