000
CXUS54 KJAN 011414
CF6HEZ
PRELIMINARY LOCAL CLIMATOLOGICAL DATA (WS FORM: F-6)
STATION: NATCHEZ
MONTH: OCTOBER
YEAR: 2020
LATITUDE: 31 37 N
LONGITUDE: 91 15 W
TEMPERATURE IN F: :PCPN: SNOW: WIND :SUNSHINE: SKY :PK WND
================================================================================
1 2 3 4 5 6A 6B 7 8 9 10 11 12 13 14 15 16 17 18
12Z AVG MX 2MIN
DY MAX MIN AVG DEP HDD CDD WTR SNW DPTH SPD SPD DIR MIN PSBL S-S WX SPD DR
================================================================================
1 80 53 67 M 0 2 0.00 0.0 0 3.7 12 340 M M 0 M M
2 75 48 62 M 3 0 0.00 0.0 0 2.9 10 340 M M 0 M M
3 75 46 61 M 4 0 0.00 0.0 0 3.1 10 120 M M 0 M M
4 80 50 65 M 0 0 0.00 0.0 0 4.0 10 20 M M 0 M M
5 76 52 64 M 1 0 0.00 0.0 0 3.8 8 340 M M 0 M M
6 81 51 66 M 0 1 0.00 0.0 0 2.7 8 10 M M 0 M M
7 86 61 74 M 0 9 0.00 0.0 0 3.0 6 50 M M 4 1 16 40
8 83 69 76 M 0 11 1.67 0.0 0 5.8 12 70 M M 4 1 M M
9 75 66 71 M 0 6 3.63 0.0 0 14.6 39 130 M M 10 13 54 130
10 M M M M M M M M M M M M M M M M M
11 70 69 70 M 0 5 0.00 0.0 M 4.6 5 160 M M 0 M M
12 86 72 79 M 0 14 0.00 0.0 M 7.4 15 250 M M 5 17 240
13 78 54 66 M 0 1 0.00 0.0 0 5.1 12 360 M M 2 1 M M
14 81 49 65 M 0 0 0.00 0.0 0 2.4 6 160 M M 0 M M
15 84 58 71 M 0 6 T 0.0 0 6.0 17 20 M M 5 1 22 360
16 68 50 59 M 6 0 T 0.0 0 10.1 20 20 M M 6 27 20
17 75 49 62 M 3 0 0.00 0.0 0 7.8 13 130 M M 2 17 130
18 81 58 70 M 0 5 0.00 0.0 0 6.2 14 140 M M 3 M M
19 85 67 76 M 0 11 0.00 0.0 0 6.0 12 150 M M 4 1 M M
20 85 61 73 M 0 8 0.00 0.0 0 4.5 12 120 M M 0 12 M M
21 87 60 74 M 0 9 0.00 0.0 0 4.1 9 90 M M 0 1 M M
22 86 66 76 M 0 11 0.00 0.0 0 6.0 14 140 M M 1 M M
23 85 67 76 M 0 11 1.71 0.0 0 3.6 8 160 M M 6 13 36 170
24 68 54 61 M 4 0 0.40 0.0 0 8.6 15 360 M M 10 1 20 360
25 62 53 58 M 7 0 T 0.0 0 5.2 7 30 M M 10 1 M M
26 77 58 68 M 0 3 0.00 0.0 0 4.6 8 330 M M 7 M M
27 81 57 69 M 0 4 0.09 0.0 0 5.5 10 360 M M 6 12 M M
28 79 63 71 M 0 6 0.17 0.0 0 5.8 9 330 M M 9 1 M M
29 63 45 54 M 11 0 0.01 0.0 0 11.4 17 290 M M 6 1 27 230
30 61 45 53 M 12 0 0.00 0.0 0 9.0 16 20 M M 4 24 10
31 69 39 54 M 11 0 0.00 0.0 0 1.4 5 120 M M 0 M M
================================================================================
SM 2322 1690 62 123 7.68 0.0 168.9 M 104
================================================================================
AV 77.4 56.3 5.6 FASTST M M 3 MAX(MPH)
MISC ----> # 39 130 # 54 130
================================================================================
NOTES:
# LAST OF SEVERAL OCCURRENCES
COLUMN 17 PEAK WIND IN M.P.H.
PRELIMINARY LOCAL CLIMATOLOGICAL DATA (WS FORM: F-6) , PAGE 2
STATION: NATCHEZ
MONTH: OCTOBER
YEAR: 2020
LATITUDE: 31 37 N
LONGITUDE: 91 15 W
[TEMPERATURE DATA] [PRECIPITATION DATA] SYMBOLS USED IN COLUMN 16
AVERAGE MONTHLY: 66.9 TOTAL FOR MONTH: 7.68 1 = FOG OR MIST
DPTR FM NORMAL: M DPTR FM NORMAL: M 2 = FOG REDUCING VISIBILITY
HIGHEST: 87 ON 21 GRTST 24HR 3.63 ON 9- 9 TO 1/4 MILE OR LESS
LOWEST: 39 ON 31 3 = THUNDER
SNOW, ICE PELLETS, HAIL 4 = ICE PELLETS
TOTAL MONTH: 0.0 INCH 5 = HAIL
GRTST 24HR 0.0 6 = FREEZING RAIN OR DRIZZLE
GRTST DEPTH: 0 7 = DUSTSTORM OR SANDSTORM:
VSBY 1/2 MILE OR LESS
8 = SMOKE OR HAZE
[NO. OF DAYS WITH] [WEATHER - DAYS WITH] 9 = BLOWING SNOW
X = TORNADO
MAX 32 OR BELOW: 0 0.01 INCH OR MORE: 7
MAX 90 OR ABOVE: 0 0.10 INCH OR MORE: 5
MIN 32 OR BELOW: 0 0.50 INCH OR MORE: 3
MIN 0 OR BELOW: 0 1.00 INCH OR MORE: 3
[HDD (BASE 65) ]
TOTAL THIS MO. 62 CLEAR (SCALE 0-3) 15
DPTR FM NORMAL M PTCLDY (SCALE 4-7) 11
TOTAL FM JUL 1 63 CLOUDY (SCALE 8-10) 4
DPTR FM NORMAL M
[CDD (BASE 65) ]
TOTAL THIS MO. 123
DPTR FM NORMAL M [PRESSURE DATA]
TOTAL FM JAN 1 2213 HIGHEST SLP M ON M
DPTR FM NORMAL M LOWEST SLP M ON M
[REMARKS]
#FINAL-10-20#