000
CXUS51 KLWX 010915
CF6HGR
PRELIMINARY LOCAL CLIMATOLOGICAL DATA (WS FORM: F-6)
STATION: HAGERSTOWN MD
MONTH: DECEMBER
YEAR: 2022
LATITUDE: 39 42 N
LONGITUDE: 77 43 W
TEMPERATURE IN F: :PCPN: SNOW: WIND :SUNSHINE: SKY :PK WND
================================================================================
1 2 3 4 5 6A 6B 7 8 9 10 11 12 13 14 15 16 17 18
12Z AVG MX 2MIN
DY MAX MIN AVG DEP HDD CDD WTR SNW DPTH SPD SPD DIR MIN PSBL S-S WX SPD DR
================================================================================
1 41 26 34 -7 31 0 0.00 M M 12.6 31 290 M M 2 38 280
2 47 22 35 -5 30 0 0.00 M M 6.8 17 160 M M 5 22 170
3 63 36 50 10 15 0 0.36 M M 11.0 22 290 M M 7 1 28 300
4 42 27 35 -5 30 0 0.00 M M 5.1 16 280 M M 0 19 290
5 48 24 36 -4 29 0 0.00 M M 4.9 20 170 M M 0 23 180
6 44 36 40 1 25 0 0.12 M M 4.4 9 170 M M 10 128 12 170
7 53 42 48 9 17 0 0.13 M M 2.5 12 100 M M 8 12 13 100
8 53 42 48 9 17 0 0.00 M M 7.4 17 340 M M 5 1 22 340
9 47 29 38 0 27 0 0.00 M M 5.3 10 10 M M 0 12 40
10 40 26 33 -5 32 0 T M M 3.9 9 10 M M 8 11 360
11 43 37 40 2 25 0 T M M 3.8 16 300 M M 10 1 18 330
12 42 35 39 1 26 0 0.00 M M 9.0 17 330 M M 10 22 330
13 40 26 33 -4 32 0 0.00 M M 4.5 12 20 M M 2 15 20
14 39 21 30 -7 35 0 0.00 M M 2.1 9 50 M M 1 10 50
15 37 31 34 -3 31 0 1.53 M M 7.6 16 350 M M 10 16 20 350
16 47 36 42 5 23 0 0.02 M M 7.6 18 290 M M 8 1 21 280
17 41 34 38 2 27 0 0.00 M M 6.8 17 280 M M 9 23 270
18 37 27 32 -4 33 0 T M M 11.3 25 280 M M 5 30 290
19 38 28 33 -3 32 0 0.00 M M 9.9 21 320 M M 9 25 320
20 38 26 32 -4 33 0 0.00 M M 4.6 13 310 M M 3 16 310
21 42 21 32 -4 33 0 0.00 M M 1.0 6 150 M M 0 8 7 230
22 39 31 35 0 30 0 1.38 M M 6.5 15 20 M M 9 16 19 10
23 37 4 21 -14 44 0 0.13 M M 18.1 39 280 M M 9 12 50 280
24 16 2 9 -26 56 0 0.00 M M 13.1 32 270 M M 8 41 280
25 26 16 21 -14 44 0 0.00 M M 9.4 23 270 M M 2 28 270
26 30 15 23 -12 42 0 0.00 M M 5.2 15 290 M M 4 18 280
27 38 26 32 -2 33 0 0.00 0.0 0 3.8 13 270 M M 10 21 280
28 49 25 37 3 28 0 0.00 0.0 0 5.6 12 160 M M 1 13 160
29 54 27 41 7 24 0 0.00 0.0 0 2.3 7 140 M M 0 9 140
30 62 39 51 17 14 0 0.00 M M 2.5 10 150 M M 5 13 150
31 51 40 46 12 19 0 0.32 M M 3.2 9 110 M M 8 128 11 110
================================================================================
SM 1324 857 917 0 3.99 0.0 201.8 M 168
================================================================================
AV 42.7 27.6 6.5 FASTST M M 5 MAX(MPH)
MISC ----> 39 280 50 280
================================================================================
NOTES:
# LAST OF SEVERAL OCCURRENCES
COLUMN 17 PEAK WIND IN M.P.H.
PRELIMINARY LOCAL CLIMATOLOGICAL DATA (WS FORM: F-6) , PAGE 2
STATION: HAGERSTOWN MD
MONTH: DECEMBER
YEAR: 2022
LATITUDE: 39 42 N
LONGITUDE: 77 43 W
[TEMPERATURE DATA] [PRECIPITATION DATA] SYMBOLS USED IN COLUMN 16
AVERAGE MONTHLY: 35.2 TOTAL FOR MONTH: 3.99 1 = FOG OR MIST
DPTR FM NORMAL: -1.7 DPTR FM NORMAL: 1.16 2 = FOG REDUCING VISIBILITY
HIGHEST: 63 ON 3 GRTST 24HR 1.54 ON 15-16 TO 1/4 MILE OR LESS
LOWEST: 2 ON 24 3 = THUNDER
SNOW, ICE PELLETS, HAIL 4 = ICE PELLETS
TOTAL MONTH: 0.0 INCH 5 = HAIL
GRTST 24HR 0.0 6 = FREEZING RAIN OR DRIZZLE
GRTST DEPTH: 0 7 = DUSTSTORM OR SANDSTORM:
VSBY 1/2 MILE OR LESS
8 = SMOKE OR HAZE
[NO. OF DAYS WITH] [WEATHER - DAYS WITH] 9 = BLOWING SNOW
X = TORNADO
MAX 32 OR BELOW: 3 0.01 INCH OR MORE: 8
MAX 90 OR ABOVE: 0 0.10 INCH OR MORE: 7
MIN 32 OR BELOW: 21 0.50 INCH OR MORE: 2
MIN 0 OR BELOW: 0 1.00 INCH OR MORE: 2
[HDD (BASE 65) ]
TOTAL THIS MO. 917 CLEAR (SCALE 0-3) 10
DPTR FM NORMAL 46 PTCLDY (SCALE 4-7) 11
TOTAL FM JUL 1 1820 CLOUDY (SCALE 8-10) 10
DPTR FM NORMAL 52
[CDD (BASE 65) ]
TOTAL THIS MO. 0
DPTR FM NORMAL 0 [PRESSURE DATA]
TOTAL FM JAN 1 1285 HIGHEST SLP 30.57 ON 2
DPTR FM NORMAL 37 LOWEST SLP 29.21 ON 23
[REMARKS]
#FINAL-12-22#