000
CXUS51 KLWX 011744
CF6HGR
PRELIMINARY LOCAL CLIMATOLOGICAL DATA (WS FORM: F-6)
STATION: HAGERSTOWN MD
MONTH: MARCH
YEAR: 2021
LATITUDE: 39 42 N
LONGITUDE: 77 43 W
TEMPERATURE IN F: :PCPN: SNOW: WIND :SUNSHINE: SKY :PK WND
================================================================================
1 2 3 4 5 6A 6B 7 8 9 10 11 12 13 14 15 16 17 18
12Z AVG MX 2MIN
DY MAX MIN AVG DEP HDD CDD WTR SNW DPTH SPD SPD DIR MIN PSBL S-S WX SPD DR
================================================================================
1 49 33 41 5 24 0 0.19 M M 14.2 32 300 M M 8 12 40 310
2 44 24 34 -3 31 0 0.00 M M 9.7 30 300 M M 0 37 310
3 59 27 43 6 22 0 0.00 M M 7.4 17 280 M M 0 22 280
4 49 28 39 2 26 0 0.00 M M 16.2 30 310 M M 5 36 300
5 39 22 31 -7 34 0 0.00 M M 15.8 31 310 M M 1 37 310
6 43 27 35 -3 30 0 0.00 M M 11.2 24 290 M M 4 28 290
7 45 22 34 -4 31 0 0.00 M M 6.9 20 310 M M 0 23 320
8 55 23 39 0 26 0 0.00 M M 4.7 10 290 M M 0 14 290
9 68 39 54 15 11 0 0.00 M M 7.7 21 270 M M 2 26 270
10 68 36 52 13 13 0 0.00 M M 6.7 17 170 M M 0 21 170
11 79 44 62 22 3 0 0.02 M M 6.9 22 330 M M 1 31 320
12 70 52 61 21 4 0 0.03 M M 12.2 30 290 M M 4 1 39 300
13 58 36 47 7 18 0 0.00 M M 9.2 30 300 M M 0 40 300
14 60 36 48 7 17 0 0.00 M M 16.0 36 310 M M 0 44 320
15 45 25 35 -6 30 0 0.00 M M 7.0 22 330 M M 1 26 340
16 43 39 41 0 24 0 0.04 M M 8.9 17 170 M M 10 1 23 140
17 47 38 43 1 22 0 0.00 M M 4.0 10 160 M M 10 18 M M
18 50 43 47 5 18 0 0.72 M M 9.6 23 10 M M 10 1 31 30
19 50 34 42 0 23 0 0.01 M M 14.0 26 20 M M 2 37 10
20 56 27 42 -1 23 0 0.00 M M 3.3 12 10 M M 0 14 340
21 65 29 47 4 18 0 0.00 M M 2.6 9 130 M M 0 17 270
22 65 34 50 6 15 0 0.00 M M 3.6 10 50 M M 0 17 50
23 65 35 50 6 15 0 0.00 M M 4.8 14 130 M M 3 M M
24 59 51 55 11 10 0 0.19 M M 3.1 9 330 M M 10 1 15 90
25 67 55 61 16 4 0 0.01 M M 6.4 17 160 M M 9 128 25 170
26 75 51 63 18 2 0 0.04 M M 14.4 32 270 M M 3 1 43 270
27 70 44 57 11 8 0 0.00 M M 7.3 16 160 M M 0 21 170
28 67 45 56 10 9 0 0.56 M M 15.9 40 280 M M 6 13 50 280
29 56 41 49 3 16 0 0.00 M M 13.6 32 290 M M 4 38 290
30 69 37 53 6 12 0 0.00 M M 9.6 23 160 M M 0 33 170
31 60 45 53 6 12 0 0.44 M M 7.6 23 330 M M 6 1 30 330
================================================================================
SM 1795 1122 551 0 2.25 M 280.5 M 99
================================================================================
AV 57.9 36.2 9.0 FASTST M M 3 MAX(MPH)
MISC ----> 40 280 50 280
================================================================================
NOTES:
# LAST OF SEVERAL OCCURRENCES
COLUMN 17 PEAK WIND IN M.P.H.
PRELIMINARY LOCAL CLIMATOLOGICAL DATA (WS FORM: F-6) , PAGE 2
STATION: HAGERSTOWN MD
MONTH: MARCH
YEAR: 2021
LATITUDE: 39 42 N
LONGITUDE: 77 43 W
[TEMPERATURE DATA] [PRECIPITATION DATA] SYMBOLS USED IN COLUMN 16
AVERAGE MONTHLY: 47.0 TOTAL FOR MONTH: 2.25 1 = FOG OR MIST
DPTR FM NORMAL: 5.5 DPTR FM NORMAL: -1.13 2 = FOG REDUCING VISIBILITY
HIGHEST: 79 ON 11 GRTST 24HR 0.73 ON 18-19 TO 1/4 MILE OR LESS
LOWEST: 22 ON 7, 5 3 = THUNDER
SNOW, ICE PELLETS, HAIL 4 = ICE PELLETS
TOTAL MONTH: M 5 = HAIL
GRTST 24HR M ON M 6 = FREEZING RAIN OR DRIZZLE
GRTST DEPTH: M ON M 7 = DUSTSTORM OR SANDSTORM:
VSBY 1/2 MILE OR LESS
8 = SMOKE OR HAZE
[NO. OF DAYS WITH] [WEATHER - DAYS WITH] 9 = BLOWING SNOW
X = TORNADO
MAX 32 OR BELOW: 0 0.01 INCH OR MORE: 11
MAX 90 OR ABOVE: 0 0.10 INCH OR MORE: 5
MIN 32 OR BELOW: 10 0.50 INCH OR MORE: 2
MIN 0 OR BELOW: 0 1.00 INCH OR MORE: 0
[HDD (BASE 65) ]
TOTAL THIS MO. 551 CLEAR (SCALE 0-3) 17
DPTR FM NORMAL -178 PTCLDY (SCALE 4-7) 9
TOTAL FM JUL 1 3987 CLOUDY (SCALE 8-10) 5
DPTR FM NORMAL -643
[CDD (BASE 65) ]
TOTAL THIS MO. 0
DPTR FM NORMAL -1 [PRESSURE DATA]
TOTAL FM JAN 1 0 HIGHEST SLP 30.66 ON 20
DPTR FM NORMAL -1 LOWEST SLP 29.49 ON 28
[REMARKS]
#FINAL-03-21#