000
CXUS56 KHNX 031524
CF6HJO
PRELIMINARY LOCAL CLIMATOLOGICAL DATA (WS FORM: F-6)
STATION: HANFORD CA AIRPORT
MONTH: JULY
YEAR: 2023
LATITUDE: 36 19 N
LONGITUDE: 119 38 W
TEMPERATURE IN F: :PCPN: SNOW: WIND :SUNSHINE: SKY :PK WND
================================================================================
1 2 3 4 5 6A 6B 7 8 9 10 11 12 13 14 15 16 17 18
12Z AVG MX 2MIN
DY MAX MIN AVG DEP HDD CDD WTR SNW DPTH SPD SPD DIR MIN PSBL S-S WX SPD DR
================================================================================
1 109 68 89 9 0 24 0.00 0.0 0 6.7 16 300 M M 0 23 310
2 108 70 89 9 0 24 0.00 0.0 0 7.7 17 320 M M 0 24 320
3 105 68 87 7 0 22 0.00 0.0 0 6.0 16 320 M M 0 20 320
4 102 63 83 3 0 18 0.00 0.0 0 5.1 12 320 M M 0 16 320
5 100 64 82 2 0 17 0.00 0.0 0 7.4 15 320 M M 0 20 320
6 95 63 79 -1 0 14 0.00 0.0 0 8.6 15 320 M M 0 22 330
7 94 60 77 -4 0 12 0.00 0.0 0 7.5 16 320 M M 0 22 320
8 92 62 77 -4 0 12 0.00 0.0 0 8.7 17 320 M M 0 24 330
9 91 60 76 -5 0 11 0.00 0.0 0 8.4 15 310 M M 0 21 330
10 92 58 75 -6 0 10 0.00 0.0 0 7.5 16 320 M M 0 20 310
11 100 57 79 -2 0 14 0.00 0.0 0 2.7 10 310 M M 0 18 320
12 102 62 82 1 0 17 0.00 0.0 0 6.1 16 310 M M 0 24 310
13 102 62 82 1 0 17 0.00 0.0 0 7.2 16 310 M M 0 22 310
14 102 63 83 2 0 18 0.00 0.0 0 7.3 14 320 M M 0 8 20 320
15 107 67 87 6 0 22 0.00 0.0 0 4.7 13 320 M M 1 17 30
16 109 69 89 7 0 24 0.00 0.0 0 3.0 8 310 M M 1 18 12 30
17 107 76 92 10 0 27 0.00 0.0 0 2.9 13 320 M M 0 16 330
18 107 71 89 7 0 24 0.00 0.0 0 5.0 13 320 M M 1 17 330
19 106 73 90 8 0 25 0.00 0.0 0 6.3 15 320 M M 1 19 330
20 105 68 87 5 0 22 0.00 0.0 0 7.5 14 310 M M 1 18 310
21 105 66 86 4 0 21 0.00 0.0 0 5.3 12 320 M M 1 8 16 300
22 109 69 89 7 0 24 0.00 0.0 0 4.0 10 320 M M 2 16 330
23 105 74 90 8 0 25 0.00 0.0 0 5.7 16 320 M M 0 23 320
24 102 70 86 4 0 21 0.00 0.0 0 8.1 16 320 M M 1 22 300
25 102 64 83 1 0 18 0.00 0.0 0 6.2 15 320 M M 1 20 320
26 103 67 85 3 0 20 0.00 0.0 0 5.5 14 320 M M 1 8 19 320
27 104 65 85 3 0 20 0.00 0.0 0 6.8 17 320 M M 2 21 330
28 100 63 82 0 0 17 0.00 0.0 0 7.5 15 320 M M 1 20 310
29 102 66 84 3 0 19 0.00 0.0 0 7.4 16 300 M M 2 25 300
30 101 62 82 1 0 17 0.00 0.0 0 5.8 13 320 M M 0 19 330
31 103 69 86 5 0 21 0.00 0.0 0 6.8 14 320 M M 2 8 20 320
================================================================================
SM 3171 2039 0 597 0.00 0.0 195.4 M 18
================================================================================
AV102.3 65.8 6.3 FASTST M M 1 MAX(MPH)
MISC ----> # 17 320 25 300
================================================================================
NOTES:
# LAST OF SEVERAL OCCURRENCES
COLUMN 17 PEAK WIND IN M.P.H.
PRELIMINARY LOCAL CLIMATOLOGICAL DATA (WS FORM: F-6) , PAGE 2
STATION: HANFORD CA AIRPORT
MONTH: JULY
YEAR: 2023
LATITUDE: 36 19 N
LONGITUDE: 119 38 W
[TEMPERATURE DATA] [PRECIPITATION DATA] SYMBOLS USED IN COLUMN 16
AVERAGE MONTHLY: 84.0 TOTAL FOR MONTH: 0.00 1 = FOG OR MIST
DPTR FM NORMAL: 2.9 DPTR FM NORMAL: -0.02 2 = FOG REDUCING VISIBILITY
HIGHEST: 109 ON 22,16 GRTST 24HR 0.00 ON 1- 1 TO 1/4 MILE OR LESS
LOWEST: 57 ON 11 3 = THUNDER
SNOW, ICE PELLETS, HAIL 4 = ICE PELLETS
TOTAL MONTH: 0.0 INCH 5 = HAIL
GRTST 24HR 0.0 6 = FREEZING RAIN OR DRIZZLE
GRTST DEPTH: 0 7 = DUSTSTORM OR SANDSTORM:
VSBY 1/2 MILE OR LESS
8 = SMOKE OR HAZE
[NO. OF DAYS WITH] [WEATHER - DAYS WITH] 9 = BLOWING SNOW
X = TORNADO
MAX 32 OR BELOW: 0 0.01 INCH OR MORE: 0
MAX 90 OR ABOVE: 31 0.10 INCH OR MORE: 0
MIN 32 OR BELOW: 0 0.50 INCH OR MORE: 0
MIN 0 OR BELOW: 0 1.00 INCH OR MORE: 0
[HDD (BASE 65) ]
TOTAL THIS MO. 0 CLEAR (SCALE 0-3) 31
DPTR FM NORMAL 0 PTCLDY (SCALE 4-7) 0
TOTAL FM JUL 1 0 CLOUDY (SCALE 8-10) 0
DPTR FM NORMAL 0
[CDD (BASE 65) ]
TOTAL THIS MO. 597
DPTR FM NORMAL 98 [PRESSURE DATA]
TOTAL FM JAN 1 1158 HIGHEST SLP 30.02 ON 29
DPTR FM NORMAL 119 LOWEST SLP 29.73 ON 22
[REMARKS]
#FINAL-07-23#