000
CXUS56 KHNX 042208
CF6HJO
PRELIMINARY LOCAL CLIMATOLOGICAL DATA (WS FORM: F-6)
STATION: HANFORD CA AIRPORT
MONTH: DECEMBER
YEAR: 2023
LATITUDE: 36 19 N
LONGITUDE: 119 38 W
TEMPERATURE IN F: :PCPN: SNOW: WIND :SUNSHINE: SKY :PK WND
================================================================================
1 2 3 4 5 6A 6B 7 8 9 10 11 12 13 14 15 16 17 18
12Z AVG MX 2MIN
DY MAX MIN AVG DEP HDD CDD WTR SNW DPTH SPD SPD DIR MIN PSBL S-S WX SPD DR
================================================================================
1 63 39 51 3 14 0 0.00 0.0 0 5.7 15 330 M M 1 26 300
2 63 32 48 0 17 0 0.00 0.0 0 1.9 7 60 M M 0 18 10 280
3 63 36 50 2 15 0 0.00 0.0 0 1.2 7 70 M M 2 18 9 320
4 66 40 53 6 12 0 0.00 0.0 0 1.2 7 330 M M 1 18 9 320
5 69 36 53 6 12 0 0.00 0.0 0 1.6 6 180 M M 1 128 7 180
6 78 37 58 11 7 0 0.00 0.0 0 4.5 20 330 M M 2 18 24 320
7 66 47 57 10 8 0 0.00 0.0 0 8.6 18 330 M M 0 25 330
8 53 34 44 -2 21 0 0.00 0.0 0 4.3 14 330 M M 3 18 21 310
9 60 32 46 0 19 0 0.00 0.0 0 1.5 7 70 M M 4 128 9 70
10 63 31 47 1 18 0 0.00 0.0 0 1.1 6 320 M M 1 128 9 300
11 63 32 48 2 17 0 0.00 0.0 0 0.9 8 320 M M 0 18 11 310
12 63 31 47 1 18 0 0.00 0.0 0 1.5 7 70 M M 0 18 9 300
13 65 30 48 2 17 0 0.00 0.0 0 1.0 7 50 M M 0 18 9 60
14 67 31 49 3 16 0 0.00 0.0 0 1.2 7 80 M M 0 18 8 70
15 68 32 50 4 15 0 0.00 0.0 0 1.5 7 320 M M 0 18 9 300
16 70 32 51 5 14 0 0.00 0.0 0 3.0 8 40 M M 0 18 10 40
17 64 38 51 5 14 0 0.00 0.0 0 2.4 8 110 M M 0 8 12 120
18 71 47 59 14 6 0 T 0.0 0 3.8 12 230 M M 7 18 17 220
19 66 52 59 14 6 0 0.38 0.0 0 3.7 12 150 M M 8 1 16 110
20 65 52 59 14 6 0 0.47 0.0 0 3.9 12 320 M M 9 1 16 330
21 58 50 54 9 11 0 0.03 0.0 0 4.0 9 30 M M 5 12 18 40
22 60 47 54 9 11 0 0.00 0.0 0 1.8 10 330 M M 9 128 12 330
23 60 47 54 9 11 0 0.00 0.0 0 1.4 6 320 M M 9 128 8 360
24 61 46 54 9 11 0 0.00 0.0 0 2.3 9 320 M M 6 18 11 320
25 61 45 53 8 12 0 0.00 0.0 0 2.3 7 330 M M 3 18 10 200
26 63 42 53 8 12 0 0.00 0.0 0 1.8 7 100 M M 1 128 11 110
27 67 44 56 11 9 0 0.00 0.0 0 3.7 8 100 M M 0 18 12 80
28 68 44 56 11 9 0 0.00 0.0 0 3.1 8 170 M M 1 18 11 140
29 71 44 58 12 7 0 0.00 0.0 0 4.3 12 160 M M 0 18 15 150
30 61 44 53 7 12 0 0.27 0.0 0 2.9 12 320 M M 7 12 13 330
31 58 41 50 4 15 0 0.00 0.0 0 2.1 10 310 M M 4 12 14 310
================================================================================
SM 1994 1235 392 0 1.15 0.0 84.2 M 84
================================================================================
AV 64.3 39.8 2.7 FASTST M M 3 MAX(MPH)
MISC ----> 20 330 26 300
================================================================================
NOTES:
# LAST OF SEVERAL OCCURRENCES
COLUMN 17 PEAK WIND IN M.P.H.
PRELIMINARY LOCAL CLIMATOLOGICAL DATA (WS FORM: F-6) , PAGE 2
STATION: HANFORD CA AIRPORT
MONTH: DECEMBER
YEAR: 2023
LATITUDE: 36 19 N
LONGITUDE: 119 38 W
[TEMPERATURE DATA] [PRECIPITATION DATA] SYMBOLS USED IN COLUMN 16
AVERAGE MONTHLY: 52.1 TOTAL FOR MONTH: 1.15 1 = FOG OR MIST
DPTR FM NORMAL: 6.1 DPTR FM NORMAL: -0.21 2 = FOG REDUCING VISIBILITY
HIGHEST: 78 ON 6 GRTST 24HR 0.50 ON 20-21 TO 1/4 MILE OR LESS
LOWEST: 30 ON 13 3 = THUNDER
SNOW, ICE PELLETS, HAIL 4 = ICE PELLETS
TOTAL MONTH: 0.0 INCH 5 = HAIL
GRTST 24HR 0.0 6 = FREEZING RAIN OR DRIZZLE
GRTST DEPTH: 0 7 = DUSTSTORM OR SANDSTORM:
VSBY 1/2 MILE OR LESS
8 = SMOKE OR HAZE
[NO. OF DAYS WITH] [WEATHER - DAYS WITH] 9 = BLOWING SNOW
X = TORNADO
MAX 32 OR BELOW: 0 0.01 INCH OR MORE: 4
MAX 90 OR ABOVE: 0 0.10 INCH OR MORE: 3
MIN 32 OR BELOW: 9 0.50 INCH OR MORE: 0
MIN 0 OR BELOW: 0 1.00 INCH OR MORE: 0
[HDD (BASE 65) ]
TOTAL THIS MO. 392 CLEAR (SCALE 0-3) 20
DPTR FM NORMAL -197 PTCLDY (SCALE 4-7) 8
TOTAL FM JUL 1 717 CLOUDY (SCALE 8-10) 3
DPTR FM NORMAL -316
[CDD (BASE 65) ]
TOTAL THIS MO. 0
DPTR FM NORMAL 0 [PRESSURE DATA]
TOTAL FM JAN 1 2158 HIGHEST SLP 30.42 ON 9
DPTR FM NORMAL 290 LOWEST SLP 29.77 ON 20
[REMARKS]
#FINAL-12-23#