646
CXUS53 KGLD 010800
CF6HLC
PRELIMINARY LOCAL CLIMATOLOGICAL DATA (WS FORM: F-6)
STATION: HILL CITY KS
MONTH: AUGUST
YEAR: 2020
LATITUDE: 39 22 N
LONGITUDE: 99 50 W
TEMPERATURE IN F: :PCPN: SNOW: WIND :SUNSHINE: SKY :PK WND
================================================================================
1 2 3 4 5 6A 6B 7 8 9 10 11 12 13 14 15 16 17 18
12Z AVG MX 2MIN
DY MAX MIN AVG DEP HDD CDD WTR SNW DPTH SPD SPD DIR MIN PSBL S-S WX SPD DR
================================================================================
1 88 58 73 -6 0 8 0.00 M M 7.0 17 20 M M 1 21 10
2 82 58 70 -9 0 5 0.00 M M 7.7 18 30 M M 3 25 20
3 82 52 67 -12 0 2 0.00 M M 4.8 14 100 M M 1 19 90
4 80 60 70 -9 0 5 T M M 9.0 18 160 M M 5 27 150
5 94 57 76 -2 0 11 0.01 M M 7.3 22 270 M M 2 3 33 250
6 93 63 78 0 0 13 0.03 M M 7.1 17 150 M M 1 1 23 140
7 95 69 82 4 0 17 0.00 M M 6.9 17 90 M M 3 1 25 90
8 102 60 81 3 0 16 0.00 M M 7.1 22 170 M M 0 12 29 180
9 101 66 84 6 0 19 T M M 9.7 36 230 M M 0 53 230
10 90 63 77 -1 0 12 0.00 M M 9.7 22 150 M M 0 33 150
11 94 57 76 -2 0 11 0.01 M M 9.8 35 300 M M 1 38 49 310
12 92 69 81 3 0 16 0.14 M M 13.0 35 210 M M 2 3 49 210
13 93 71 82 5 0 17 0.00 M M 7.3 17 140 M M 5 1 22 150
14 93 63 78 1 0 13 0.00 M M 5.0 17 20 M M 4 12 24 20
15 91 67 79 2 0 14 0.00 M M 8.4 16 140 M M 3 23 90
16 95 64 80 3 0 15 0.07 M M 7.8 37 340 M M 2 13 47 340
17 91 57 74 -3 0 9 0.00 M M 4.2 12 90 M M 1 12 17 110
18 93 61 77 1 0 12 0.00 M M 7.4 18 160 M M 0 28 160
19 93 61 77 1 0 12 0.00 M M 9.2 23 170 M M 0 30 180
20 95 66 81 5 0 16 0.00 M M 10.0 18 200 M M 0 25 170
21 92 68 80 4 0 15 0.01 M M 9.0 28 190 M M 1 38 190
22 97 65 81 5 0 16 0.00 M M 7.7 17 160 M M 0 23 150
23 100 67 84 8 0 19 0.00 M M 8.0 17 160 M M 0 27 160
24 100 65 83 8 0 18 0.00 M M 9.5 21 180 M M 0 30 160
25 99 68 84 9 0 19 0.00 M M 11.8 26 210 M M 0 37 190
26 99 70 85 10 0 20 0.00 M M 11.5 25 190 M M 0 35 190
27 100 67 84 10 0 19 0.00 M M 8.5 18 170 M M 0 27 190
28 100 71 86 12 0 21 0.27 M M 8.9 29 20 M M 0 3 38 10
29 81 65 73 -1 0 8 0.28 M M 6.7 17 10 M M 2 13 22 10
30 89 64 77 3 0 12 0.00 M M 8.1 17 190 M M 4 18 27 190
31 78 60 69 -4 0 4 0.00 M M 11.3 33 20 M M 2 53 10
================================================================================
SM 2872 1972 0 414 0.82 M 259.4 M 43
================================================================================
AV 92.6 63.6 8.4 FASTST M M 1 MAX(MPH)
MISC ----> 37 340 # 53 230
================================================================================
NOTES:
# LAST OF SEVERAL OCCURRENCES
COLUMN 17 PEAK WIND IN M.P.H.
PRELIMINARY LOCAL CLIMATOLOGICAL DATA (WS FORM: F-6) , PAGE 2
STATION: HILL CITY KS
MONTH: AUGUST
YEAR: 2020
LATITUDE: 39 22 N
LONGITUDE: 99 50 W
[TEMPERATURE DATA] [PRECIPITATION DATA] SYMBOLS USED IN COLUMN 16
AVERAGE MONTHLY: 78.1 TOTAL FOR MONTH: 0.82 1 = FOG OR MIST
DPTR FM NORMAL: 1.5 DPTR FM NORMAL: -2.09 2 = FOG REDUCING VISIBILITY
HIGHEST: 102 ON 8 GRTST 24HR 0.55 ON 28-29 TO 1/4 MILE OR LESS
LOWEST: 52 ON 3 3 = THUNDER
SNOW, ICE PELLETS, HAIL 4 = ICE PELLETS
TOTAL MONTH: M 5 = HAIL
GRTST 24HR M ON M 6 = FREEZING RAIN OR DRIZZLE
GRTST DEPTH: M ON M 7 = DUSTSTORM OR SANDSTORM:
VSBY 1/2 MILE OR LESS
8 = SMOKE OR HAZE
[NO. OF DAYS WITH] [WEATHER - DAYS WITH] 9 = BLOWING SNOW
X = TORNADO
MAX 32 OR BELOW: 0 0.01 INCH OR MORE: 8
MAX 90 OR ABOVE: 24 0.10 INCH OR MORE: 3
MIN 32 OR BELOW: 0 0.50 INCH OR MORE: 0
MIN 0 OR BELOW: 0 1.00 INCH OR MORE: 0
[HDD (BASE 65) ]
TOTAL THIS MO. 0 CLEAR (SCALE 0-3) 27
DPTR FM NORMAL -2 PTCLDY (SCALE 4-7) 4
TOTAL FM JUL 1 0 CLOUDY (SCALE 8-10) 0
DPTR FM NORMAL -1
[CDD (BASE 65) ]
TOTAL THIS MO. 414
DPTR FM NORMAL 51 [PRESSURE DATA]
TOTAL FM JAN 1 1306 HIGHEST SLP M ON M
DPTR FM NORMAL 170 LOWEST SLP 29.56 ON 30
[REMARKS]
#FINAL-08-20#