000
CXUS51 KPBZ 141252
CF6HLG
PRELIMINARY LOCAL CLIMATOLOGICAL DATA (WS FORM: F-6)
STATION: WHEELING WV
MONTH: NOVEMBER
YEAR: 2021
LATITUDE: 40 10 N
LONGITUDE: 80 39 W
TEMPERATURE IN F: :PCPN: SNOW: WIND :SUNSHINE: SKY :PK WND
================================================================================
1 2 3 4 5 6A 6B 7 8 9 10 11 12 13 14 15 16 17 18
12Z AVG MX 2MIN
DY MAX MIN AVG DEP HDD CDD WTR SNW DPTH SPD SPD DIR MIN PSBL S-S WX SPD DR
================================================================================
1 53 40 47 -1 18 0 0.00 M M 7.5 23 300 M M 3 32 290
2 50 37 44 -4 21 0 0.00 M M 7.2 15 290 M M 9 22 320
3 47 32 40 -8 25 0 0.00 M M 3.9 12 270 M M 4 16 280
4 49 26 38 -9 27 0 0.00 M M 3.0 10 320 M M 1 1 14 320
5 49 25 37 -10 28 0 0.00 M M 3.2 9 100 M M 0 1 12 10
6 57 25 41 -5 24 0 0.00 M M 1.7 8 320 M M 0 8 10 150
7 60 28 44 -2 21 0 0.00 M M 3.3 10 270 M M 0 8 13 270
8 67 36 52 6 13 0 0.00 M M 6.1 14 210 M M 0 19 210
9 69 47 58 13 7 0 0.00 M M 7.1 16 230 M M 0 22 200
10 61 46 54 9 11 0 0.00 M M 5.9 14 100 M M 3 18 18 90
11 72 49 61 16 4 0 0.24 M M 9.5 26 270 M M 2 1 38 260
12 57 41 49 5 16 0 T M M 11.0 26 220 M M 6 36 210
13 44 33 39 -5 26 0 0.05 M M 11.4 23 280 M M 10 1 30 280
14 39 33 36 -8 29 0 0.08 M M 11.3 20 220 M M 10 18 26 210
15 40 33 37 -6 28 0 0.02 M M 12.1 22 250 M M 10 1 30 240
16 48 34 41 -2 24 0 T M M 4.4 12 110 M M 6 1 13 110
17 69 39 54 11 11 0 0.00 M M 12.2 22 190 M M 5 29 210
18 62 37 50 8 15 0 0.08 M M 12.5 23 300 M M 8 1 31 290
19 37 24 31 -11 34 0 0.00 M M 7.9 22 280 M M 6 30 290
20 47 25 36 -6 29 0 0.00 M M 5.8 16 210 M M 2 20 220
21 47 41 44 3 21 0 0.05 M M 8.0 17 270 M M 7 1 24 250
22 44 30 37 -4 28 0 0.00 M M 9.8 23 300 M M 5 31 300
23 38 23 31 -10 34 0 0.00 M M 6.5 14 320 M M 1 18 320
24 49 26 38 -2 27 0 0.00 M M 7.6 12 200 M M 0 16 170
25 49 42 46 6 19 0 0.02 M M 11.2 20 280 M M 10 1 28 230
26 42 28 35 -5 30 0 0.02 M M 12.4 25 300 M M 10 1 37 300
27 37 26 32 -7 33 0 T M M 6.9 14 280 M M 9 19 270
28 43 30 37 -2 28 0 T M M 12.5 22 260 M M 9 33 260
29 41 31 36 -3 29 0 T M M 8.5 17 300 M M 7 23 320
30 50 30 40 2 25 0 0.02 M M 10.2 22 260 M M 6 1 29 250
================================================================================
SM 1517 997 685 0 0.58 M 240.6 M 149
================================================================================
AV 50.6 33.2 8.0 FASTST M M 5 MAX(MPH)
MISC ----> # 26 220 38 260
================================================================================
NOTES:
# LAST OF SEVERAL OCCURRENCES
COLUMN 17 PEAK WIND IN M.P.H.
PRELIMINARY LOCAL CLIMATOLOGICAL DATA (WS FORM: F-6) , PAGE 2
STATION: WHEELING WV
MONTH: NOVEMBER
YEAR: 2021
LATITUDE: 40 10 N
LONGITUDE: 80 39 W
[TEMPERATURE DATA] [PRECIPITATION DATA] SYMBOLS USED IN COLUMN 16
AVERAGE MONTHLY: 41.9 TOTAL FOR MONTH: 0.58 1 = FOG OR MIST
DPTR FM NORMAL: -1.3 DPTR FM NORMAL: -2.07 2 = FOG REDUCING VISIBILITY
HIGHEST: 72 ON 11 GRTST 24HR 0.24 ON 11-11 TO 1/4 MILE OR LESS
LOWEST: 23 ON 23 3 = THUNDER
SNOW, ICE PELLETS, HAIL 4 = ICE PELLETS
TOTAL MONTH: M 5 = HAIL
GRTST 24HR M ON M 6 = FREEZING RAIN OR DRIZZLE
GRTST DEPTH: M ON M 7 = DUSTSTORM OR SANDSTORM:
VSBY 1/2 MILE OR LESS
8 = SMOKE OR HAZE
[NO. OF DAYS WITH] [WEATHER - DAYS WITH] 9 = BLOWING SNOW
X = TORNADO
MAX 32 OR BELOW: 0 0.01 INCH OR MORE: 9
MAX 90 OR ABOVE: 0 0.10 INCH OR MORE: 1
MIN 32 OR BELOW: 15 0.50 INCH OR MORE: 0
MIN 0 OR BELOW: 0 1.00 INCH OR MORE: 0
[HDD (BASE 65) ]
TOTAL THIS MO. 685 CLEAR (SCALE 0-3) 12
DPTR FM NORMAL 31 PTCLDY (SCALE 4-7) 10
TOTAL FM JUL 1 903 CLOUDY (SCALE 8-10) 8
DPTR FM NORMAL -193
[CDD (BASE 65) ]
TOTAL THIS MO. 0
DPTR FM NORMAL 0 [PRESSURE DATA]
TOTAL FM JAN 1 1011 HIGHEST SLP 30.56 ON 19
DPTR FM NORMAL 230 LOWEST SLP 29.73 ON 11
[REMARKS]
#FINAL-11-21#