000
CXHW50 PHFO 011250
CF6HNL
PRELIMINARY LOCAL CLIMATOLOGICAL DATA (WS FORM: F-6)
STATION: HONOLULU HI
MONTH: FEBRUARY
YEAR: 2022
LATITUDE: 21 21 N
LONGITUDE: 157 56 W
TEMPERATURE IN F: :PCPN: SNOW: WIND :SUNSHINE: SKY :PK WND
================================================================================
1 2 3 4 5 6A 6B 7 8 9 10 11 12 13 14 15 16 17 18
12Z AVG MX 2MIN
DY MAX MIN AVG DEP HDD CDD WTR SNW DPTH SPD SPD DIR MIN PSBL S-S WX SPD DR
================================================================================
1 83 65 74 0 0 9 0.00 M M 8.5 18 60 M M 3 24 70
2 82 67 75 1 0 10 0.00 M M 6.1 14 130 M M 4 17 150
3 83 65 74 0 0 9 0.00 M M 5.8 18 80 M M 2 23 60
4 81 64 73 -1 0 8 0.00 M M 4.4 10 210 M M 2 14 200
5 84 66 75 1 0 10 T M M 6.7 17 70 M M 3 20 50
6 82 71 77 3 0 12 0.00 M M 12.4 23 70 M M 5 28 60
7 83 71 77 3 0 12 0.00 M M 13.3 23 70 M M 5 30 60
8 83 70 77 3 0 12 0.00 M M 9.4 17 70 M M 3 26 50
9 81 66 74 0 0 9 0.00 M M 7.0 20 130 M M 4 23 130
10 80 67 74 0 0 9 T M M 5.3 12 40 M M 5 15 170
11 80 64 72 -2 0 7 0.00 M M 6.1 16 140 M M 2 20 150
12 82 66 74 0 0 9 T M M 6.0 16 60 M M 3 22 70
13 82 65 74 0 0 9 T M M 8.2 18 30 M M 2 25 40
14 80 61 71 -3 0 6 T M M 5.3 18 50 M M 3 8 22 20
15 80 62 71 -3 0 6 0.04 M M 7.7 22 70 M M 3 27 70
16 82 65 74 0 0 9 T M M 7.7 21 60 M M 4 27 80
17 85 66 76 2 0 11 0.00 M M 7.7 18 70 M M 2 25 70
18 84 68 76 2 0 11 T M M 6.7 17 50 M M 3 22 60
19 81 67 74 0 0 9 T M M 5.9 16 360 M M 4 21 350
20 83 68 76 2 0 11 0.00 M M 7.1 14 40 M M 4 20 30
21 83 68 76 2 0 11 0.01 M M 9.0 18 50 M M 4 1 24 20
22 85 70 78 4 0 13 0.00 M M 9.0 23 80 M M 3 29 80
23 83 73 78 4 0 13 0.00 M M 13.7 22 60 M M 2 27 70
24 84 72 78 4 0 13 0.00 M M 11.1 20 60 M M 5 24 60
25 85 69 77 3 0 12 0.00 M M 10.2 25 70 M M 4 33 70
26 84 72 78 4 0 13 T M M 9.2 17 50 M M 4 22 60
27 81 71 76 2 0 11 0.00 M M 5.6 12 200 M M 6 15 230
28 82 71 77 3 0 12 0.00 M M 5.6 12 160 M M 6 17 150
================================================================================
SM 2308 1890 0 286 0.05 M 220.7 M 100
================================================================================
AV 82.4 67.5 7.9 FASTST M M 4 MAX(MPH)
MISC ----> 25 70 33 70
================================================================================
NOTES:
# LAST OF SEVERAL OCCURRENCES
COLUMN 17 PEAK WIND IN M.P.H.
PRELIMINARY LOCAL CLIMATOLOGICAL DATA (WS FORM: F-6) , PAGE 2
STATION: HONOLULU HI
MONTH: FEBRUARY
YEAR: 2022
LATITUDE: 21 21 N
LONGITUDE: 157 56 W
[TEMPERATURE DATA] [PRECIPITATION DATA] SYMBOLS USED IN COLUMN 16
AVERAGE MONTHLY: 75.0 TOTAL FOR MONTH: 0.05 1 = FOG OR MIST
DPTR FM NORMAL: 1.2 DPTR FM NORMAL: -1.89 2 = FOG REDUCING VISIBILITY
HIGHEST: 85 ON 25,22 GRTST 24HR 0.04 ON 14-15 TO 1/4 MILE OR LESS
LOWEST: 61 ON 14 3 = THUNDER
SNOW, ICE PELLETS, HAIL 4 = ICE PELLETS
TOTAL MONTH: M 5 = HAIL
GRTST 24HR M ON M 6 = FREEZING RAIN OR DRIZZLE
GRTST DEPTH: M ON M 7 = DUSTSTORM OR SANDSTORM:
VSBY 1/2 MILE OR LESS
8 = SMOKE OR HAZE
[NO. OF DAYS WITH] [WEATHER - DAYS WITH] 9 = BLOWING SNOW
X = TORNADO
MAX 32 OR BELOW: 0 0.01 INCH OR MORE: 2
MAX 90 OR ABOVE: 0 0.10 INCH OR MORE: 0
MIN 32 OR BELOW: 0 0.50 INCH OR MORE: 0
MIN 0 OR BELOW: 0 1.00 INCH OR MORE: 0
[HDD (BASE 65) ]
TOTAL THIS MO. 0 CLEAR (SCALE 0-3) 8
DPTR FM NORMAL 0 PTCLDY (SCALE 4-7) 20
TOTAL FM JUL 1 0 CLOUDY (SCALE 8-10) 0
DPTR FM NORMAL 0
[CDD (BASE 65) ]
TOTAL THIS MO. 286
DPTR FM NORMAL 40 [PRESSURE DATA]
TOTAL FM JAN 1 548 HIGHEST SLP 30.15 ON 25
DPTR FM NORMAL 28 LOWEST SLP 29.88 ON 11
[REMARKS]
#FINAL-02-22#