000
CXUS54 KMAF 040137
CF6HOB
PRELIMINARY LOCAL CLIMATOLOGICAL DATA (WS FORM: F-6)
STATION: LEA AIRPORT, HOBBS
MONTH: JULY
YEAR: 2021
LATITUDE: 32 40 N
LONGITUDE: 103-12 E
TEMPERATURE IN F: :PCPN: SNOW: WIND :SUNSHINE: SKY :PK WND
================================================================================
1 2 3 4 5 6A 6B 7 8 9 10 11 12 13 14 15 16 17 18
12Z AVG MX 2MIN
DY MAX MIN AVG DEP HDD CDD WTR SNW DPTH SPD SPD DIR MIN PSBL S-S WX SPD DR
================================================================================
1 86 66 76 M 0 11 0.00 M M 8.2 13 140 M M 5 18 170
2 86 66 76 M 0 11 0.16 M M 7.2 28 310 M M 7 38 310
3 86 68 77 M 0 12 0.01 M M 5.6 12 100 M M 7 1 M M
4 90 70 80 M 0 15 0.00 M M 6.7 13 140 M M 4 1 21 130
5 86 64 75 M 0 10 0.81 M M 9.6 26 10 M M 5 3 36 0
6 82 68 75 M 0 10 0.00 M M 7.3 13 90 M M 5 1 16 60
7 84 64 74 M 0 9 0.00 M M 4.2 14 350 M M 3 1 M M
8 88 66 77 M 0 12 0.00 M M 4.2 7 140 M M 2 M M
9 90 66 78 M 0 13 0.00 M M 5.4 12 100 M M 0 13 150
10 88 64 76 M 0 11 0.00 M M 7.5 12 180 M M 2 17 100
11 81 66 74 M 0 9 0.00 M M 8.2 21 120 M M 5 3 31 120
12 86 64 75 M 0 10 0.00 M M 6.0 25 110 M M 4 32 110
13 88 63 76 M 0 11 0.00 M M 9.6 17 130 M M 1 23 130
14 90 64 77 M 0 12 0.00 M M 12.4 18 140 M M 2 25 170
15 95 64 80 M 0 15 0.00 M M 10.3 15 180 M M 3 24 140
16 93 72 83 M 0 18 0.00 M M 8.5 13 110 M M 2 20 170
17 93 68 81 M 0 16 0.00 M M 9.5 14 120 M M 3 22 120
18 84 64 74 M 0 9 0.00 M M 4.6 16 300 M M 6 3 16 0
19 86 68 77 M 0 12 0.00 M M 5.6 12 240 M M 3 21 240
20 84 66 75 M 0 10 0.00 M M 6.7 13 70 M M 3 20 60
21 84 63 74 M 0 9 0.00 M M 6.9 10 90 M M 3 16 90
22 88 61 75 M 0 10 0.00 M M 8.9 16 160 M M 3 23 160
23 88 68 78 M 0 13 0.00 M M 8.2 15 180 M M 5 22 170
24 93 66 80 M 0 15 0.00 M M 5.5 9 320 M M 1 15 190
25 93 70 82 M 0 17 0.00 M M 8.1 18 240 M M 2 28 240
26 95 70 83 M 0 18 0.00 M M 7.5 20 340 M M 3 35 330
27 95 64 80 M 0 15 0.00 M M 4.4 9 120 M M 2 M M
28 86 68 77 M 0 12 0.00 M M 10.1 26 120 M M 2 32 120
29 90 63 77 M 0 12 0.00 M M 7.4 14 130 M M 2 20 160
30 88 57 73 M 0 8 0.01 M M 5.4 15 150 M M 3 21 150
31 93 64 79 M 0 14 0.00 M M 5.8 13 310 M M 2 16 180
================================================================================
SM 2739 2035 0 379 0.99 M 225.0 M 100
================================================================================
AV 88.4 65.6 7.3 FASTST M M 3 MAX(MPH)
MISC ----> 28 310 38 310
================================================================================
NOTES:
# LAST OF SEVERAL OCCURRENCES
COLUMN 17 PEAK WIND IN M.P.H.
PRELIMINARY LOCAL CLIMATOLOGICAL DATA (WS FORM: F-6) , PAGE 2
STATION: LEA AIRPORT, HOBBS
MONTH: JULY
YEAR: 2021
LATITUDE: 32 40 N
LONGITUDE: 103-12 E
[TEMPERATURE DATA] [PRECIPITATION DATA] SYMBOLS USED IN COLUMN 16
AVERAGE MONTHLY: 77.0 TOTAL FOR MONTH: 0.99 1 = FOG OR MIST
DPTR FM NORMAL: 0.0 DPTR FM NORMAL: M 2 = FOG REDUCING VISIBILITY
HIGHEST: 95 ON 27,26 GRTST 24HR 0.81 ON 5- 5 TO 1/4 MILE OR LESS
LOWEST: 57 ON 30 3 = THUNDER
SNOW, ICE PELLETS, HAIL 4 = ICE PELLETS
TOTAL MONTH: M 5 = HAIL
GRTST 24HR M ON M 6 = FREEZING RAIN OR DRIZZLE
GRTST DEPTH: M ON M 7 = DUSTSTORM OR SANDSTORM:
VSBY 1/2 MILE OR LESS
8 = SMOKE OR HAZE
[NO. OF DAYS WITH] [WEATHER - DAYS WITH] 9 = BLOWING SNOW
X = TORNADO
MAX 32 OR BELOW: 0 0.01 INCH OR MORE: 4
MAX 90 OR ABOVE: 12 0.10 INCH OR MORE: 2
MIN 32 OR BELOW: 0 0.50 INCH OR MORE: 1
MIN 0 OR BELOW: 0 1.00 INCH OR MORE: 0
[HDD (BASE 65) ]
TOTAL THIS MO. 0 CLEAR (SCALE 0-3) 18
DPTR FM NORMAL M PTCLDY (SCALE 4-7) 13
TOTAL FM JUL 1 0 CLOUDY (SCALE 8-10) 0
DPTR FM NORMAL M
[CDD (BASE 65) ]
TOTAL THIS MO. 379
DPTR FM NORMAL M [PRESSURE DATA]
TOTAL FM JAN 1 1040 HIGHEST SLP M ON M
DPTR FM NORMAL M LOWEST SLP M ON M
[REMARKS]
#FINAL-07-21#