000
CXUS53 KFSD 030342
CF6HON
PRELIMINARY LOCAL CLIMATOLOGICAL DATA (WS FORM: F-6)
STATION: HURON
MONTH: JULY
YEAR: 2023
LATITUDE: 44 22 N
LONGITUDE: 98 13 W
TEMPERATURE IN F: :PCPN: SNOW: WIND :SUNSHINE: SKY :PK WND
================================================================================
1 2 3 4 5 6A 6B 7 8 9 10 11 12 13 14 15 16 17 18
12Z AVG MX 2MIN
DY MAX MIN AVG DEP HDD CDD WTR SNW DPTH SPD SPD DIR MIN PSBL S-S WX SPD DR
================================================================================
1 87 60 74 2 0 9 0.00 0.0 0 3.7 10 360 M M 1 1 14 340
2 92 63 78 6 0 13 0.00 0.0 0 7.2 15 200 M M 0 22 220
3 88 67 78 5 0 13 T 0.0 0 11.0 26 40 M M 1 3 34 60
4 78 62 70 -3 0 5 1.39 0.0 0 11.9 26 50 M M 9 13 33 70
5 70 53 62 -11 3 0 T 0.0 0 8.1 18 330 M M 4 29 330
6 77 48 63 -10 2 0 0.00 0.0 0 5.9 13 150 M M 1 1 18 150
7 71 58 65 -8 0 0 0.39 0.0 0 7.5 21 170 M M 3 1 27 180
8 78 53 66 -7 0 1 0.00 0.0 0 3.7 10 10 M M 2 12 15 200
9 84 57 71 -3 0 6 0.00 0.0 0 9.5 16 230 M M 0 24 210
10 93 61 77 3 0 12 0.00 0.0 0 7.0 20 10 M M 0 27 20
11 70 56 63 -11 2 0 T 0.0 0 8.6 16 110 M M 2 3 23 120
12 80 57 69 -5 0 4 0.44 0.0 0 6.9 29 10 M M 5 13 41 10
13 89 60 75 1 0 10 0.03 0.0 0 4.8 21 330 M M 1 3 27 270
14 86 63 75 1 0 10 0.00 0.0 0 8.4 18 320 M M 2 18 25 310
15 79 58 69 -5 0 4 0.00 0.0 0 6.6 15 310 M M 6 8 23 330
16 76 53 65 -9 0 0 0.00 0.0 0 7.2 18 320 M M 0 8 23 320
17 77 47 62 -12 3 0 0.00 0.0 0 4.1 15 360 M M 0 19 30
18 82 56 69 -5 0 4 T 0.0 0 10.3 21 170 M M 2 27 160
19 89 59 74 0 0 9 0.00 0.0 0 7.1 23 230 M M 1 3 37 240
20 81 57 69 -5 0 4 0.00 0.0 0 7.3 16 340 M M 1 25 360
21 85 59 72 -2 0 7 T 0.0 0 2.9 15 360 M M 4 21 30
22 89 60 75 1 0 10 0.00 0.0 0 5.2 18 350 M M 1 13 23 20
23 89 58 74 0 0 9 T 0.0 0 7.0 15 160 M M 0 18 21 190
24 92 68 80 6 0 15 0.00 0.0 0 9.0 14 140 M M 1 1 21 120
25 94 69 82 8 0 17 T 0.0 0 11.1 20 160 M M 0 13 29 140
26 100 65 83 9 0 18 T 0.0 0 5.8 20 160 M M 0 3 28 160
27 99 71 85 11 0 20 T 0.0 0 6.8 18 30 M M 1 24 20
28 87 63 75 1 0 10 0.00 0.0 0 11.1 31 30 M M 0 45 10
29 87 58 73 -1 0 8 0.00 0.0 0 7.2 16 40 M M 0 1 20 90
30 83 60 72 -2 0 7 0.13 0.0 0 7.3 26 160 M M 3 13 40 170
31 87 67 77 3 0 12 0.02 0.0 0 9.9 17 170 M M 2 3 24 170
================================================================================
SM 2619 1846 10 237 2.40 0.0 230.1 M 53
================================================================================
AV 84.5 59.5 7.4 FASTST M M 2 MAX(MPH)
MISC ----> 31 30 45 10
================================================================================
NOTES:
# LAST OF SEVERAL OCCURRENCES
-COLUMN 17 PEAK WIND IN M.P.H.
-PRECIPITATION AMOUNTS IN COLUMNS 7,8 AND 9 ARE THE OFFICIAL
PRECIPITATION AMOUNTS FOR HURON, SD.
-SNOW DEPTH IN COLUMN 9 IS RECORDED AT 6 AM CST (12Z).
PRELIMINARY LOCAL CLIMATOLOGICAL DATA (WS FORM: F-6) , PAGE 2
STATION: HURON
MONTH: JULY
YEAR: 2023
LATITUDE: 44 22 N
LONGITUDE: 98 13 W
[TEMPERATURE DATA] [PRECIPITATION DATA] SYMBOLS USED IN COLUMN 16
AVERAGE MONTHLY: 72.0 TOTAL FOR MONTH: 2.40 1 = FOG OR MIST
DPTR FM NORMAL: -1.7 DPTR FM NORMAL: -0.43 2 = FOG REDUCING VISIBILITY
HIGHEST: 100 ON 26 GRTST 24HR 1.39 ON 4- 4 TO 1/4 MILE OR LESS
LOWEST: 47 ON 17 3 = THUNDER
SNOW, ICE PELLETS, HAIL 4 = ICE PELLETS
TOTAL MONTH: 0.0 INCH 5 = HAIL
GRTST 24HR 0.0 6 = FREEZING RAIN OR DRIZZLE
GRTST DEPTH: 0 7 = DUSTSTORM OR SANDSTORM:
VSBY 1/2 MILE OR LESS
8 = SMOKE OR HAZE
[NO. OF DAYS WITH] [WEATHER - DAYS WITH] 9 = BLOWING SNOW
X = TORNADO
MAX 32 OR BELOW: 0 0.01 INCH OR MORE: 6
MAX 90 OR ABOVE: 6 0.10 INCH OR MORE: 4
MIN 32 OR BELOW: 0 0.50 INCH OR MORE: 1
MIN 0 OR BELOW: 0 1.00 INCH OR MORE: 1
[HDD (BASE 65) ]
TOTAL THIS MO. 10 CLEAR (SCALE 0-3) 25
DPTR FM NORMAL 2 PTCLDY (SCALE 4-7) 5
TOTAL FM JUL 1 10 CLOUDY (SCALE 8-10) 1
DPTR FM NORMAL 10
[CDD (BASE 65) ]
TOTAL THIS MO. 237
DPTR FM NORMAL -39 [PRESSURE DATA]
TOTAL FM JAN 1 602 HIGHEST SLP 30.25 ON 30
DPTR FM NORMAL 146 LOWEST SLP 29.68 ON 25
[REMARKS]
#FINAL-07-23#