000
CXUS56 KSEW 012106 CCA
CLMHQM
CLIMATE REPORT...CORRECTED
NATIONAL WEATHER SERVICE SEATTLE
206 PM PDT SAT APR 01 2023
...................................
...THE HOQUIAM WA AIRPORT CLIMATE SUMMARY FOR THE MONTH OF MARCH 2023...
CLIMATE NORMAL PERIOD 1991 TO 2020
CLIMATE RECORD PERIOD 1953 TO 2023
WEATHER OBSERVED NORMAL DEPART LAST YEAR`S
VALUE DATE(S) VALUE FROM VALUE DATE(S)
NORMAL
................................................................
TEMPERATURE (F)
RECORD
HIGH 79 03/20/2019
03/19/2019
03/29/2004
LOW 23 03/04/1955
HIGHEST 66 03/18 MM MM 61 03/24
LOWEST 28 03/01 MM MM 30 03/10
AVG. MAXIMUM 51.5 52.2 -0.7 52.5
AVG. MINIMUM 37.6 39.3 -1.7 42.6
MEAN 44.6 45.8 -1.2 47.6
DAYS MAX >= 90 0 0.0 0.0 0
DAYS MAX <= 32 0 0.0 0.0 0
DAYS MIN <= 32 2 3.3 -1.3 1
DAYS MIN <= 0 0 0.0 0.0 0
PRECIPITATION (INCHES)
RECORD
MAXIMUM 15.94 2017
MINIMUM 1.39 1965
TOTALS 2.60 7.74 -5.14 5.43
DAILY AVG. 0.09 0.25 -0.16 0.18
DAYS >= .01 17 21.5 -4.5 21
DAYS >= .10 9 15.5 -6.5 17
DAYS >= .50 0 5.3 -5.3 4
DAYS >= 1.00 0 1.6 -1.6 0
GREATEST
24 HR. TOTAL 0.76 03/09 TO 03/10
DEGREE DAYS
HEATING TOTAL 625 597 28 536
SINCE 7/1 3383 4023 -640 MM
COOLING TOTAL 0 0 0 0
SINCE 1/1 0 0 0 MM
................................................................
WIND (MPH)
AVERAGE WIND SPEED 9.4
HIGHEST WIND SPEED/DIRECTION 32/260 DATE 03/23
HIGHEST GUST SPEED/DIRECTION 52/170 DATE 03/23
SKY COVER
POSSIBLE SUNSHINE (PERCENT) MM
AVERAGE SKY COVER 0.64
NUMBER OF DAYS FAIR 4
NUMBER OF DAYS PC 14
NUMBER OF DAYS CLOUDY 13
AVERAGE RH (PERCENT) 77
WEATHER CONDITIONS. NUMBER OF DAYS WITH
THUNDERSTORM 1 MIXED PRECIP 0
HEAVY RAIN 1 RAIN 8
LIGHT RAIN 23 FREEZING RAIN 0
LT FREEZING RAIN 0 HAIL 0
HEAVY SNOW 0 SNOW 0
LIGHT SNOW 2 SLEET 0
FOG 19 FOG W/VIS <= 1/4 MILE 3
HAZE 2
- INDICATES NEGATIVE NUMBERS.
R INDICATES RECORD WAS SET OR TIED.
MM INDICATES DATA IS MISSING.
T INDICATES TRACE AMOUNT.
$$