000
CXUS56 KSEW 052102
CLMHQM
CLIMATE REPORT
NATIONAL WEATHER SERVICE SEATTLE
102 PM PST FRI JAN 05 2024
...................................
...THE HOQUIAM WA AIRPORT CLIMATE SUMMARY FOR THE MONTH OF DECEMBER 2023...
CLIMATE NORMAL PERIOD 1991 TO 2020
CLIMATE RECORD PERIOD 1953 TO 2024
WEATHER OBSERVED NORMAL DEPART LAST YEAR`S
VALUE DATE(S) VALUE FROM VALUE DATE(S)
NORMAL
................................................................
TEMPERATURE (F)
RECORD
HIGH 72 12/27/2022
LOW 9 12/08/1972
HIGHEST 56 12/05 MM MM 55 12/24
12/15
12/29
LOWEST 30 12/23 MM MM 25 12/22
AVG. MAXIMUM 50.5 46.7 3.8 44.8
AVG. MINIMUM 40.8 37.3 3.5 36.6
MEAN 45.7 42.0 3.7 40.7
DAYS MAX >= 90 0 0.0 0.0 0
DAYS MAX <= 32 0 0.3 -0.3 1
DAYS MIN <= 32 1 6.2 -5.2 7
DAYS MIN <= 0 0 0.0 0.0 0
PRECIPITATION (INCHES)
RECORD
MAXIMUM 19.64 1996
MINIMUM 2.11 1985
TOTALS 10.88 10.52 0.36 11.14
DAILY AVG. 0.36 0.34 0.02 0.36
DAYS >= .01 22 21.9 0.1 22
DAYS >= .10 15 16.7 -1.7 15
DAYS >= .50 5 7.4 -2.4 9
DAYS >= 1.00 3 3.1 -0.1 5
GREATEST
24 HR. TOTAL 3.32 12/04 TO 12/05
DEGREE DAYS
HEATING TOTAL 572 713 -141 608
SINCE 7/1 1756 2133 -377 MM
COOLING TOTAL 0 0 0 0
SINCE 1/1 111 25 86 MM
................................................................
WIND (MPH)
AVERAGE WIND SPEED 9.4
HIGHEST WIND SPEED/DIRECTION 41/220 DATE 12/02
41/210 12/25
HIGHEST GUST SPEED/DIRECTION 61/180 DATE 12/04
SKY COVER
POSSIBLE SUNSHINE (PERCENT) MM
AVERAGE SKY COVER 0.71
NUMBER OF DAYS FAIR 6
NUMBER OF DAYS PC 8
NUMBER OF DAYS CLOUDY 16
AVERAGE RH (PERCENT) 90
WEATHER CONDITIONS. NUMBER OF DAYS WITH
THUNDERSTORM 3 MIXED PRECIP 0
HEAVY RAIN 4 RAIN 11
LIGHT RAIN 24 FREEZING RAIN 0
LT FREEZING RAIN 0 HAIL 0
HEAVY SNOW 0 SNOW 0
LIGHT SNOW 0 SLEET 0
FOG 24 FOG W/VIS <= 1/4 MILE 4
HAZE 1
- INDICATES NEGATIVE NUMBERS.
R INDICATES RECORD WAS SET OR TIED.
MM INDICATES DATA IS MISSING.
T INDICATES TRACE AMOUNT.
$$