000
CXUS54 KLZK 011230
CF6HRO
PRELIMINARY LOCAL CLIMATOLOGICAL DATA (WS FORM: F-6)
STATION: HARRISON
MONTH: OCTOBER
YEAR: 2023
LATITUDE: 36 15 N
LONGITUDE: 93 9 W
TEMPERATURE IN F: :PCPN: SNOW: WIND :SUNSHINE: SKY :PK WND
================================================================================
1 2 3 4 5 6A 6B 7 8 9 10 11 12 13 14 15 16 17 18
12Z AVG MX 2MIN
DY MAX MIN AVG DEP HDD CDD WTR SNW DPTH SPD SPD DIR MIN PSBL S-S WX SPD DR
================================================================================
1 86 60 73 8 0 8 0.00 0.0 0 2.2 12 80 M M 1 14 70
2 86 60 73 9 0 8 0.00 0.0 0 3.1 12 140 M M 1 1 16 140
3 82 62 72 8 0 7 0.00 0.0 0 5.1 15 140 M M 4 23 140
4 69 61 65 1 0 0 1.42 0.0 0 6.4 15 140 M M 8 13 19 140
5 78 58 68 5 0 3 0.09 0.0 0 6.3 22 160 M M 6 30 160
6 73 44 59 -4 6 0 0.00 0.0 0 6.7 15 330 M M 2 24 340
7 63 41 52 -10 13 0 0.00 0.0 0 5.5 12 300 M M 0 17 350
8 73 41 57 -5 8 0 0.00 0.0 0 6.0 15 260 M M 0 29 280
9 76 50 63 1 2 0 0.00 0.0 0 6.2 15 260 M M 0 8 27 260
10 75 44 60 -2 5 0 0.00 0.0 0 4.0 9 120 M M 1 14 140
11 80 56 68 7 0 3 0.00 0.0 0 8.4 18 170 M M 0 30 190
12 65 56 61 0 4 0 0.00 0.0 0 14.1 21 160 M M 6 29 150
13 73 51 62 2 3 0 0.00 0.0 0 8.7 18 150 M M 7 28 290
14 56 46 51 -9 14 0 T 0.0 0 9.4 16 300 M M 8 26 300
15 59 46 53 -7 12 0 0.05 0.0 0 7.2 16 20 M M 10 1 25 330
16 62 41 52 -7 13 0 0.00 0.0 0 7.5 15 330 M M 1 25 300
17 70 39 55 -4 10 0 0.00 0.0 0 2.1 8 250 M M 0 8 14 220
18 76 42 59 0 6 0 T 0.0 0 6.0 14 150 M M 1 20 180
19 73 51 62 4 3 0 0.00 0.0 0 5.6 15 280 M M 0 27 320
20 78 51 65 7 0 0 0.00 0.0 0 5.9 13 340 M M 0 20 310
21 84 49 67 9 0 2 0.00 0.0 0 5.0 12 300 M M 0 22 260
22 75 49 62 5 3 0 0.00 0.0 0 7.6 16 130 M M 0 23 150
23 79 53 66 9 0 1 0.00 0.0 0 8.3 16 180 M M 1 26 180
24 80 65 73 16 0 8 T 0.0 0 10.3 20 170 M M 4 29 160
25 79 64 72 16 0 7 0.02 0.0 0 9.3 18 150 M M 6 30 170
26 72 64 68 12 0 3 0.16 0.0 0 8.6 22 170 M M 6 13 32 160
27 83 50 67 11 0 2 0.18 0.0 0 6.7 14 190 M M 6 1 23 210
28 52 48 50 -5 15 0 0.64 0.0 0 5.6 12 140 M M 10 1 14 140
29 51 35 43 -12 22 0 0.44 T T 7.6 15 330 M M 10 14 26 330
30 45 29 37 -17 28 0 0.00 0.0 0 8.3 17 330 M M 1 27 340
31 46 25 36 -18 29 0 0.00 0.0 0 7.0 16 300 M M 0 26 340
================================================================================
SM 2199 1531 196 52 3.00 T 210.7 M 100
================================================================================
AV 70.9 49.4 6.8 FASTST M M 3 MAX(MPH)
MISC ----> # 22 170 32 160
================================================================================
NOTES:
# LAST OF SEVERAL OCCURRENCES
COLUMN 17 PEAK WIND IN M.P.H.
PRELIMINARY LOCAL CLIMATOLOGICAL DATA (WS FORM: F-6) , PAGE 2
STATION: HARRISON
MONTH: OCTOBER
YEAR: 2023
LATITUDE: 36 15 N
LONGITUDE: 93 9 W
[TEMPERATURE DATA] [PRECIPITATION DATA] SYMBOLS USED IN COLUMN 16
AVERAGE MONTHLY: 60.2 TOTAL FOR MONTH: 3.00 1 = FOG OR MIST
DPTR FM NORMAL: 0.8 DPTR FM NORMAL: -0.81 2 = FOG REDUCING VISIBILITY
HIGHEST: 86 ON 1, 2 GRTST 24HR 1.51 ON 4- 5 TO 1/4 MILE OR LESS
LOWEST: 25 ON 31 3 = THUNDER
SNOW, ICE PELLETS, HAIL 4 = ICE PELLETS
TOTAL MONTH: T 5 = HAIL
GRTST 24HR T ON 29-29 6 = FREEZING RAIN OR DRIZZLE
GRTST DEPTH: T 7 = DUSTSTORM OR SANDSTORM:
VSBY 1/2 MILE OR LESS
8 = SMOKE OR HAZE
[NO. OF DAYS WITH] [WEATHER - DAYS WITH] 9 = BLOWING SNOW
X = TORNADO
MAX 32 OR BELOW: 0 0.01 INCH OR MORE: 8
MAX 90 OR ABOVE: 0 0.10 INCH OR MORE: 5
MIN 32 OR BELOW: 2 0.50 INCH OR MORE: 2
MIN 0 OR BELOW: 0 1.00 INCH OR MORE: 1
[HDD (BASE 65) ]
TOTAL THIS MO. 196 CLEAR (SCALE 0-3) 18
DPTR FM NORMAL -18 PTCLDY (SCALE 4-7) 10
TOTAL FM JUL 1 196 CLOUDY (SCALE 8-10) 3
DPTR FM NORMAL -53
[CDD (BASE 65) ]
TOTAL THIS MO. 52
DPTR FM NORMAL 12 [PRESSURE DATA]
TOTAL FM JAN 1 1570 HIGHEST SLP 30.48 ON 31
DPTR FM NORMAL 101 LOWEST SLP 29.67 ON 11
[REMARKS]
#FINAL-10-23#