000
CXUS52 KMHX 010600
CF6HSE
PRELIMINARY LOCAL CLIMATOLOGICAL DATA (WS FORM: F-6)
STATION: CAPE HATTERAS NC
MONTH: APRIL
YEAR: 2021
LATITUDE: 35 13 N
LONGITUDE: 75 37 W
TEMPERATURE IN F: :PCPN: SNOW: WIND :SUNSHINE: SKY :PK WND
================================================================================
1 2 3 4 5 6A 6B 7 8 9 10 11 12 13 14 15 16 17 18
12Z AVG MX 2MIN
DY MAX MIN AVG DEP HDD CDD WTR SNW DPTH SPD SPD DIR MIN PSBL S-S WX SPD DR
================================================================================
1 67 44 56 0 9 0 0.49 0.0 0 9.4 20 10 M M 9 13 34 10
2 48 40 44 -12 21 0 0.00 0.0 0 8.8 14 320 M M 5 28 340
3 52 39 46 -10 19 0 0.00 0.0 0 6.3 12 30 M M 0 20 320
4 67 46 57 1 8 0 0.00 0.0 0 10.2 17 240 M M 0 26 230
5 65 55 60 3 5 0 0.00 0.0 0 7.5 14 30 M M 0 22 20
6 72 54 63 6 2 0 0.00 0.0 0 7.5 14 270 M M 0 18 23 260
7 74 53 64 7 1 0 T 0.0 0 4.7 12 230 M M 1 18 16 220
8 75 56 66 8 0 1 0.00 0.0 0 8.2 17 90 M M 1 18 24 110
9 74 61 68 10 0 3 0.00 0.0 0 8.8 14 130 M M 1 3 18 130
10 74 59 67 9 0 2 0.22 0.0 0 7.2 14 130 M M 2 13 20 140
11 75 64 70 12 0 5 0.13 0.0 0 10.7 16 240 M M 2 138 25 220
12 73 54 64 5 1 0 0.00 0.0 0 7.2 14 10 M M 3 1 28 10
13 60 51 56 -3 9 0 0.00 0.0 0 9.1 15 40 M M 6 27 30
14 68 48 58 -1 7 0 0.00 0.0 0 6.1 18 190 M M 2 25 190
15 71 58 65 6 0 0 0.54 0.0 0 8.3 23 230 M M 6 138 33 210
16 64 53 59 -1 6 0 0.00 0.0 0 8.2 16 20 M M 1 27 10
17 64 52 58 -2 7 0 0.00 0.0 0 7.4 14 120 M M 3 20 30
18 71 49 60 0 5 0 0.00 0.0 0 5.4 14 120 M M 5 1 17 140
19 76 55 66 6 0 1 0.10 0.0 0 8.9 18 10 M M 4 13 34 10
20 70 49 60 -1 5 0 0.00 0.0 0 3.0 8 140 M M 1 11 330
21 75 50 63 2 2 0 0.00 0.0 0 9.4 21 230 M M 1 31 10
22 59 46 53 -8 12 0 0.00 0.0 0 8.9 15 310 M M 2 26 360
23 63 53 58 -3 7 0 0.00 0.0 0 7.4 16 230 M M 1 23 230
24 70 57 64 2 1 0 0.13 0.0 0 10.3 28 160 M M 4 18 38 170
25 70 51 61 -1 4 0 0.01 0.0 0 8.2 25 230 M M 6 18 35 240
26 66 49 58 -4 7 0 0.00 0.0 0 6.0 15 40 M M 0 23 30
27 75 50 63 1 2 0 0.00 0.0 0 10.5 17 230 M M 0 26 240
28 75 66 71 8 0 6 0.00 0.0 0 15.2 22 230 M M 0 32 230
29 75 68 72 9 0 7 0.00 0.0 0 17.8 24 230 M M 0 37 230
30 81 62 72 9 0 7 0.00 0.0 0 11.5 23 240 M M 1 18 35 230
================================================================================
SM 2069 1592 140 32 1.62 0.0 258.1 M 67
================================================================================
AV 69.0 53.1 8.6 FASTST M M 2 MAX(MPH)
MISC ----> 28 160 38 170
================================================================================
NOTES:
# LAST OF SEVERAL OCCURRENCES
COLUMN 17 PEAK WIND IN M.P.H.
PRELIMINARY LOCAL CLIMATOLOGICAL DATA (WS FORM: F-6) , PAGE 2
STATION: CAPE HATTERAS NC
MONTH: APRIL
YEAR: 2021
LATITUDE: 35 13 N
LONGITUDE: 75 37 W
[TEMPERATURE DATA] [PRECIPITATION DATA] SYMBOLS USED IN COLUMN 16
AVERAGE MONTHLY: 61.0 TOTAL FOR MONTH: 1.62 1 = FOG OR MIST
DPTR FM NORMAL: 1.5 DPTR FM NORMAL: -2.02 2 = FOG REDUCING VISIBILITY
HIGHEST: 81 ON 30 GRTST 24HR 0.54 ON 15-15 TO 1/4 MILE OR LESS
LOWEST: 39 ON 3 3 = THUNDER
SNOW, ICE PELLETS, HAIL 4 = ICE PELLETS
TOTAL MONTH: 0.0 INCH 5 = HAIL
GRTST 24HR 0.0 6 = FREEZING RAIN OR DRIZZLE
GRTST DEPTH: 0 7 = DUSTSTORM OR SANDSTORM:
VSBY 1/2 MILE OR LESS
8 = SMOKE OR HAZE
[NO. OF DAYS WITH] [WEATHER - DAYS WITH] 9 = BLOWING SNOW
X = TORNADO
MAX 32 OR BELOW: 0 0.01 INCH OR MORE: 7
MAX 90 OR ABOVE: 0 0.10 INCH OR MORE: 6
MIN 32 OR BELOW: 0 0.50 INCH OR MORE: 1
MIN 0 OR BELOW: 0 1.00 INCH OR MORE: 0
[HDD (BASE 65) ]
TOTAL THIS MO. 140 CLEAR (SCALE 0-3) 22
DPTR FM NORMAL -51 PTCLDY (SCALE 4-7) 7
TOTAL FM JUL 1 2077 CLOUDY (SCALE 8-10) 1
DPTR FM NORMAL -457
[CDD (BASE 65) ]
TOTAL THIS MO. 32
DPTR FM NORMAL 7 [PRESSURE DATA]
TOTAL FM JAN 1 39 HIGHEST SLP M ON M
DPTR FM NORMAL 11 LOWEST SLP 29.55 ON 11
[REMARKS]
#FINAL-04-21#