000
CXUS53 KGID 030711 AAA
CF6HSI
PRELIMINARY LOCAL CLIMATOLOGICAL DATA (WS FORM: F-6)
STATION: HASTINGS NE
MONTH: NOVEMBER
YEAR: 2022
LATITUDE: 40 35 N
LONGITUDE: 98 26 W
TEMPERATURE IN F: :PCPN: SNOW: WIND :SUNSHINE: SKY :PK WND
================================================================================
1 2 3 4 5 6A 6B 7 8 9 10 11 12 13 14 15 16 17 18
12Z AVG MX 2MIN
DY MAX MIN AVG DEP HDD CDD WTR SNW DPTH SPD SPD DIR MIN PSBL S-S WX SPD DR
================================================================================
1 76 38 57 11 8 0 0.00 0.0 0 9.9 20 200 M M 0 32 200
2 77 55 66 21 0 1 0.00 0.0 0 17.6 26 180 M M 0 45 200
3 69 38 54 9 11 0 0.01 0.0 0 16.4 24 360 M M 5 33 360
4 44 26 35 -10 30 0 0.06 T 0 12.7 26 340 M M 3 3 34 350
5 65 25 45 1 20 0 0.00 0.0 0 11.1 20 200 M M 0 29 220
6 59 36 48 4 17 0 0.00 0.0 0 8.6 18 330 M M 0 25 320
7 55 33 44 1 21 0 0.00 0.0 0 13.2 23 120 M M 2 33 110
8 67 44 56 13 9 0 0.01 0.0 0 14.8 24 170 M M 10 1 39 160
9 75 64 70 28 0 5 0.00 0.0 0 17.4 28 180 M M 9 47 180
10 68 22 45 3 20 0 0.02 0.0 0 18.1 26 320 M M 2 1 43 210
11 35 13 24 -18 41 0 0.00 0.0 0 14.5 23 340 M M 0 31 330
12 33 8 21 -20 44 0 0.00 0.0 0 7.9 18 340 M M 3 23 350
13 42 16 29 -12 36 0 0.00 0.0 0 11.8 24 160 M M 0 35 160
14 36 18 27 -13 38 0 0.00 0.0 0 9.7 23 350 M M 4 8 28 350
15 38 16 27 -13 38 0 0.00 0.0 0 11.6 25 350 M M 8 31 310
16 32 11 22 -17 43 0 0.00 0.0 0 11.5 23 310 M M 1 31 300
17 35 15 25 -14 40 0 0.00 0.0 0 16.3 31 320 M M 4 40 330
18 27 7 17 -22 48 0 0.00 0.0 0 14.0 28 320 M M 1 37 330
19 31 17 24 -14 41 0 0.00 0.0 0 13.4 32 330 M M 2 43 330
20 53 18 36 -2 29 0 0.00 0.0 0 7.9 14 250 M M 0 21 220
21 55 19 37 0 28 0 0.00 0.0 0 4.6 13 340 M M 0 8 17 350
22 62 23 43 6 22 0 0.00 0.0 0 4.2 13 260 M M 0 16 250
23 54 21 38 2 27 0 0.00 0.0 0 5.2 14 310 M M 0 1 17 310
24 51 26 39 3 26 0 0.00 0.0 0 13.8 29 350 M M 1 1 37 350
25 57 21 39 3 26 0 0.00 0.0 0 7.2 15 200 M M 0 24 190
26 59 26 43 8 22 0 0.00 0.0 0 11.7 31 360 M M 3 43 360
27 43 25 34 -1 31 0 0.00 0.0 0 11.8 24 360 M M 0 34 350
28 53 26 40 6 25 0 0.00 0.0 0 9.8 20 30 M M 1 26 200
29 40 15 28 -6 37 0 0.03 0.5 0 21.2 39 30 M M 6 16 49 30
30 31 6 19 -15 46 0 0.00 0.0 1 8.4 16 160 M M 0 24 150
================================================================================
SM 1522 728 824 6 0.13 0.5 356.3 M 65
================================================================================
AV 50.7 24.3 11.9 FASTST M M 2 MAX(MPH)
MISC ----> 39 30 49 30
================================================================================
NOTES:
# LAST OF SEVERAL OCCURRENCES
COLUMN 17 PEAK WIND IN M.P.H.
PRELIMINARY LOCAL CLIMATOLOGICAL DATA (WS FORM: F-6) , PAGE 2
STATION: HASTINGS NE
MONTH: NOVEMBER
YEAR: 2022
LATITUDE: 40 35 N
LONGITUDE: 98 26 W
[TEMPERATURE DATA] [PRECIPITATION DATA] SYMBOLS USED IN COLUMN 16
AVERAGE MONTHLY: 37.5 TOTAL FOR MONTH: 0.13 1 = FOG OR MIST
DPTR FM NORMAL: -2.2 DPTR FM NORMAL: -1.00 2 = FOG REDUCING VISIBILITY
HIGHEST: 77 ON 2 GRTST 24HR 0.07 ON 3- 4 TO 1/4 MILE OR LESS
LOWEST: 6 ON 30 3 = THUNDER
SNOW, ICE PELLETS, HAIL 4 = ICE PELLETS
TOTAL MONTH: 0.5 INCH 5 = HAIL
GRTST 24HR 0.5 ON 29-29 6 = FREEZING RAIN OR DRIZZLE
GRTST DEPTH: 1 ON 30 7 = DUSTSTORM OR SANDSTORM:
VSBY 1/2 MILE OR LESS
8 = SMOKE OR HAZE
[NO. OF DAYS WITH] [WEATHER - DAYS WITH] 9 = BLOWING SNOW
X = TORNADO
MAX 32 OR BELOW: 4 0.01 INCH OR MORE: 5
MAX 90 OR ABOVE: 0 0.10 INCH OR MORE: 0
MIN 32 OR BELOW: 23 0.50 INCH OR MORE: 0
MIN 0 OR BELOW: 0 1.00 INCH OR MORE: 0
[HDD (BASE 65) ]
TOTAL THIS MO. 824 CLEAR (SCALE 0-3) 23
DPTR FM NORMAL 65 PTCLDY (SCALE 4-7) 5
TOTAL FM JUL 1 1202 CLOUDY (SCALE 8-10) 2
DPTR FM NORMAL -28
[CDD (BASE 65) ]
TOTAL THIS MO. 6
DPTR FM NORMAL 6 [PRESSURE DATA]
TOTAL FM JAN 1 1338 HIGHEST SLP 30.57 ON 18
DPTR FM NORMAL 203 LOWEST SLP 29.43 ON 5
[REMARKS]
#FINAL-11-22#