000
CXUS54 KHUN 011414
CF6HSV
PRELIMINARY LOCAL CLIMATOLOGICAL DATA (WS FORM: F-6)
STATION: HUNTSVILLE
MONTH: OCTOBER
YEAR: 2023
LATITUDE: 34 39 N
LONGITUDE: 86 46 W
TEMPERATURE IN F: :PCPN: SNOW: WIND :SUNSHINE: SKY :PK WND
================================================================================
1 2 3 4 5 6A 6B 7 8 9 10 11 12 13 14 15 16 17 18
12Z AVG MX 2MIN
DY MAX MIN AVG DEP HDD CDD WTR SNW DPTH SPD SPD DIR MIN PSBL S-S WX SPD DR
================================================================================
1 91 62 77 7 0 12 0.00 0.0 0 4.1 12 40 M M 5 15 110
2 89 61 75 5 0 10 0.00 0.0 0 3.8 13 60 M M 2 16 60
3 88 59 74 5 0 9 0.00 0.0 0 4.1 12 70 M M 2 20 120
4 87 57 72 3 0 7 0.00 0.0 0 4.6 15 190 M M 6 8 22 190
5 81 64 73 5 0 8 T 0.0 0 6.1 16 170 M M 8 25 160
6 76 60 68 0 0 3 0.30 0.0 0 4.2 12 350 M M 7 1 17 350
7 68 45 57 -11 8 0 0.00 0.0 0 8.2 16 20 M M 0 25 360
8 70 38 54 -13 11 0 0.00 0.0 0 3.3 13 300 M M 0 21 250
9 81 44 63 -4 2 0 0.00 0.0 0 8.4 21 240 M M 1 29 250
10 84 50 67 1 0 2 0.00 0.0 0 4.1 15 300 M M 3 22 300
11 73 57 65 -1 0 0 0.06 0.0 0 4.6 12 170 M M 8 14 160
12 78 60 69 3 0 4 0.00 0.0 0 8.7 23 110 M M 6 32 110
13 71 58 65 0 0 0 T 0.0 0 6.1 16 130 M M 9 1 22 140
14 73 57 65 0 0 0 0.00 0.0 0 11.0 21 270 M M 7 32 290
15 61 45 53 -11 12 0 0.05 0.0 0 9.5 18 360 M M 9 1 29 320
16 61 47 54 -10 11 0 0.00 0.0 0 8.5 17 340 M M 9 26 350
17 65 43 54 -10 11 0 0.00 0.0 0 3.7 10 30 M M 7 14 30
18 74 39 57 -6 8 0 0.00 0.0 0 5.6 12 190 M M 1 1 17 200
19 75 48 62 -1 3 0 0.00 0.0 0 8.1 18 230 M M 5 25 220
20 79 48 64 2 1 0 0.00 0.0 0 8.1 22 320 M M 2 35 300
21 85 43 64 2 1 0 0.00 0.0 0 5.1 21 240 M M 1 32 240
22 79 49 64 2 1 0 0.00 0.0 0 4.7 13 20 M M 2 20 30
23 81 46 64 3 1 0 0.00 0.0 0 5.7 15 110 M M M 20 110
24 79 56 68 7 0 3 0.00 0.0 0 7.9 15 110 M M 3 21 140
25 82 54 68 8 0 3 0.00 0.0 0 7.9 17 160 M M 2 24 170
26 85 60 73 13 0 8 0.00 0.0 0 8.6 20 170 M M 5 26 170
27 83 61 72 13 0 7 0.00 0.0 0 4.8 15 170 M M 6 21 180
28 85 59 72 13 0 7 0.00 0.0 0 5.2 13 140 M M 5 16 140
29 85 60 73 14 0 8 0.00 0.0 0 4.3 14 240 M M 3 21 230
30 71 44 58 0 7 0 0.05 0.0 0 10.4 17 350 M M 10 1 26 350
31 57 37 47 -11 18 0 0.00 0.0 0 9.6 23 10 M M 4 35 10
================================================================================
SM 2397 1611 95 91 0.46 0.0 199.0 M 138
================================================================================
AV 77.3 52.0 6.4 FASTST M M 5 MAX(MPH)
MISC ----> # 23 110 # 35 300
================================================================================
NOTES:
# LAST OF SEVERAL OCCURRENCES
COLUMN 17 PEAK WIND IN M.P.H.
PRELIMINARY LOCAL CLIMATOLOGICAL DATA (WS FORM: F-6) , PAGE 2
STATION: HUNTSVILLE
MONTH: OCTOBER
YEAR: 2023
LATITUDE: 34 39 N
LONGITUDE: 86 46 W
[TEMPERATURE DATA] [PRECIPITATION DATA] SYMBOLS USED IN COLUMN 16
AVERAGE MONTHLY: 64.6 TOTAL FOR MONTH: 0.46 1 = FOG OR MIST
DPTR FM NORMAL: 0.7 DPTR FM NORMAL: -3.10 2 = FOG REDUCING VISIBILITY
HIGHEST: 91 ON 1 GRTST 24HR 0.30 ON 5- 6 TO 1/4 MILE OR LESS
LOWEST: 37 ON 31 3 = THUNDER
SNOW, ICE PELLETS, HAIL 4 = ICE PELLETS
TOTAL MONTH: 0.0 INCH 5 = HAIL
GRTST 24HR 0.0 6 = FREEZING RAIN OR DRIZZLE
GRTST DEPTH: 0 7 = DUSTSTORM OR SANDSTORM:
VSBY 1/2 MILE OR LESS
8 = SMOKE OR HAZE
[NO. OF DAYS WITH] [WEATHER - DAYS WITH] 9 = BLOWING SNOW
X = TORNADO
MAX 32 OR BELOW: 0 0.01 INCH OR MORE: 4
MAX 90 OR ABOVE: 1 0.10 INCH OR MORE: 1
MIN 32 OR BELOW: 0 0.50 INCH OR MORE: 0
MIN 0 OR BELOW: 0 1.00 INCH OR MORE: 0
[HDD (BASE 65) ]
TOTAL THIS MO. 95 CLEAR (SCALE 0-3) 11
DPTR FM NORMAL -27 PTCLDY (SCALE 4-7) 15
TOTAL FM JUL 1 95 CLOUDY (SCALE 8-10) 5
DPTR FM NORMAL -34
[CDD (BASE 65) ]
TOTAL THIS MO. 91
DPTR FM NORMAL 3 [PRESSURE DATA]
TOTAL FM JAN 1 2011 HIGHEST SLP 30.33 ON 31
DPTR FM NORMAL -83 LOWEST SLP 29.71 ON 20
[REMARKS]
#FINAL-10-23#