000
CXUS53 KAPX 010730
CF6HTL
PRELIMINARY LOCAL CLIMATOLOGICAL DATA (WS FORM: F-6)
STATION: HOUGHTON LAKE MI
MONTH: MAY
YEAR: 2023
LATITUDE: 44 22 N
LONGITUDE: 84 41 W
TEMPERATURE IN F: :PCPN: SNOW: WIND :SUNSHINE: SKY :PK WND
================================================================================
1 2 3 4 5 6A 6B 7 8 9 10 11 12 13 14 15 16 17 18
12Z AVG MX 2MIN
DY MAX MIN AVG DEP HDD CDD WTR SNW DPTH SPD SPD DIR MIN PSBL S-S WX SPD DR
================================================================================
1 44 33 39 -10 26 0 0.19 T 0 M M M M M M M M
2 40 33 37 -12 28 0 T T 0 M M M M M M M M
3 52 34 43 -7 22 0 0.00 0.0 0 M M M M M M M M
4 62 29 46 -4 19 0 0.00 0.0 0 M M M M M M M M
5 60 44 52 1 13 0 0.05 0.0 0 9.2 17 110 M M M 24 100
6 70 48 59 8 6 0 T 0.0 0 10.7 7 180 M M M 28 170
7 59 47 53 1 12 0 0.80 0.0 0 8.0 16 340 M M M 25 130
8 68 44 56 4 9 0 0.00 0.0 0 5.4 15 90 M M M 21 60
9 72 36 54 2 11 0 0.00 0.0 0 3.2 10 110 M M M 1 17 330
10 78 40 59 6 6 0 0.00 0.0 0 M M M M M M M M
11 81 44 63 10 2 0 0.00 0.0 0 M M M M M M M M
12 80 49 65 12 0 0 0.00 0.0 0 M M M M M M M M
13 77 48 63 9 2 0 0.00 0.0 0 M M M M M M M M
14 62 37 50 -4 15 0 0.00 0.0 0 7.2 16 70 M M M 20 80
15 74 30 52 -3 13 0 0.00 0.0 0 5.1 14 300 M M M 19 280
16 73 44 59 4 6 0 0.00 0.0 0 10.1 22 320 M M M 29 330
17 59 33 46 -9 19 0 0.00 0.0 0 M M M M M M M M
18 64 30 47 -9 18 0 0.00 0.0 0 6.9 14 180 M M M 19 170
19 67 44 56 0 9 0 0.03 0.0 0 8.2 18 310 M M M 24 300
20 65 44 55 -1 10 0 0.00 0.0 0 10.0 22 310 M M M 33 320
21 74 39 57 0 8 0 0.00 0.0 0 5.7 15 290 M M M 21 340
22 75 39 57 0 8 0 0.00 0.0 0 M M M M M M M M
23 78 44 61 4 4 0 0.00 0.0 0 3.2 10 290 M M M 17 180
24 66 39 53 -5 12 0 0.00 0.0 0 M M M M M M M M
25 68 33 51 -7 14 0 0.00 0.0 0 6.2 15 70 M M 0 20 50
26 74 29 52 -6 13 0 0.00 0.0 0 4.2 10 280 M M 0 14 170
27 79 35 57 -2 8 0 0.00 0.0 0 3.9 12 270 M M 0 16 250
28 83 41 62 3 3 0 0.00 0.0 0 3.6 12 150 M M 0 16 160
29 85 40 63 4 2 0 0.00 0.0 0 4.3 12 170 M M 0 15 170
30 88 46 67 7 0 2 0.00 0.0 0 4.4 13 180 M M 1 19 180
31 90 53 72 12 0 7 0.00 0.0 0 4.9 15 330 M M 1 22 330
================================================================================
SM 2167 1229 318 9 1.07 T 124.4 M 2
================================================================================
AV 69.9 39.6 6.2 FASTST M M 0 MAX(MPH)
MISC ----> # 22 320 33 320
================================================================================
NOTES:
# LAST OF SEVERAL OCCURRENCES
COLUMN 17 PEAK WIND IN M.P.H.
PRELIMINARY LOCAL CLIMATOLOGICAL DATA (WS FORM: F-6) , PAGE 2
STATION: HOUGHTON LAKE MI
MONTH: MAY
YEAR: 2023
LATITUDE: 44 22 N
LONGITUDE: 84 41 W
[TEMPERATURE DATA] [PRECIPITATION DATA] SYMBOLS USED IN COLUMN 16
AVERAGE MONTHLY: 54.8 TOTAL FOR MONTH: 1.07 1 = FOG OR MIST
DPTR FM NORMAL: 0.1 DPTR FM NORMAL: -2.08 2 = FOG REDUCING VISIBILITY
HIGHEST: 90 ON 31 GRTST 24HR 0.80 ON 7- 7 TO 1/4 MILE OR LESS
LOWEST: 29 ON 26, 4 3 = THUNDER
SNOW, ICE PELLETS, HAIL 4 = ICE PELLETS
TOTAL MONTH: T 5 = HAIL
GRTST 24HR T ON 1- 1 6 = FREEZING RAIN OR DRIZZLE
GRTST DEPTH: 0 7 = DUSTSTORM OR SANDSTORM:
VSBY 1/2 MILE OR LESS
8 = SMOKE OR HAZE
[NO. OF DAYS WITH] [WEATHER - DAYS WITH] 9 = BLOWING SNOW
X = TORNADO
MAX 32 OR BELOW: 0 0.01 INCH OR MORE: 4
MAX 90 OR ABOVE: 1 0.10 INCH OR MORE: 2
MIN 32 OR BELOW: 4 0.50 INCH OR MORE: 1
MIN 0 OR BELOW: 0 1.00 INCH OR MORE: 0
[HDD (BASE 65) ]
TOTAL THIS MO. 318 CLEAR (SCALE 0-3) 7
DPTR FM NORMAL -20 PTCLDY (SCALE 4-7) 0
TOTAL FM JUL 1 6981 CLOUDY (SCALE 8-10) 24
DPTR FM NORMAL -815
[CDD (BASE 65) ]
TOTAL THIS MO. 9
DPTR FM NORMAL -11 [PRESSURE DATA]
TOTAL FM JAN 1 9 HIGHEST SLP 30.50 ON 14
DPTR FM NORMAL -12 LOWEST SLP 29.15 ON 1
[REMARKS]
#FINAL-05-23#