000
CXUS51 KRLX 011646
CF6HTS
PRELIMINARY LOCAL CLIMATOLOGICAL DATA (WS FORM: F-6)
STATION: HUNTINGTON WV
MONTH: SEPTEMBER
YEAR: 2023
LATITUDE: 38 22 N
LONGITUDE: 82 33 W
TEMPERATURE IN F: :PCPN: SNOW: WIND :SUNSHINE: SKY :PK WND
================================================================================
1 2 3 4 5 6A 6B 7 8 9 10 11 12 13 14 15 16 17 18
12Z AVG MX 2MIN
DY MAX MIN AVG DEP HDD CDD WTR SNW DPTH SPD SPD DIR MIN PSBL S-S WX SPD DR
================================================================================
1 87 54 71 -2 0 6 0.00 0.0 0 2.5 9 200 M M 0 12 15 180
2 92 61 77 4 0 12 0.00 0.0 0 3.2 9 230 M M 2 18 14 230
3 92 66 79 6 0 14 0.00 0.0 0 3.9 10 280 M M 1 1 15 250
4 93 66 80 8 0 15 0.00 0.0 0 2.3 12 230 M M 2 1 15 230
5 94 66 80 8 0 15 0.00 0.0 0 3.5 12 180 M M 1 1 15 220
6 93 68 81 9 0 16 T 0.0 0 5.3 13 250 M M 2 13 20 220
7 86 66 76 4 0 11 0.00 0.0 0 5.0 13 330 M M 5 18 270
8 86 61 74 3 0 9 0.38 0.0 0 2.9 13 110 M M 6 1 16 100
9 76 67 72 1 0 7 0.00 0.0 0 5.1 13 10 M M 8 8 17 10
10 76 65 71 0 0 6 0.00 0.0 0 2.6 8 80 M M 9 1 10 40
11 85 61 73 3 0 8 0.00 0.0 0 2.3 12 180 M M 6 12 15 170
12 77 60 69 -1 0 4 0.02 0.0 0 2.6 16 330 M M 3 1 22 330
13 80 60 70 0 0 5 0.00 0.0 0 3.8 13 350 M M 6 1 17 10
14 78 52 65 -4 0 0 0.00 0.0 0 5.2 15 80 M M 3 12 19 40
15 81 53 67 -2 0 2 0.00 0.0 0 4.9 12 80 M M 0 14 90
16 82 51 67 -2 0 2 0.11 0.0 0 2.3 9 70 M M 3 12 14 60
17 71 58 65 -3 0 0 0.71 0.0 0 3.0 9 10 M M 8 123 12 10
18 77 54 66 -2 0 1 0.00 0.0 0 2.5 10 340 M M 5 12 16 360
19 78 49 64 -4 1 0 0.00 0.0 0 1.1 9 320 M M 2 1 13 310
20 81 50 66 -1 0 1 0.00 0.0 0 2.4 12 140 M M 0 1 14 130
21 83 54 69 2 0 4 0.00 0.0 0 1.5 9 110 M M 0 1 12 110
22 82 57 70 4 0 5 0.00 0.0 0 4.6 16 40 M M 2 12 22 30
23 78 53 66 0 0 1 0.00 0.0 0 6.5 14 20 M M 2 19 50
24 65 59 62 -4 3 0 0.00 0.0 0 2.3 14 40 M M 10 20 40
25 69 61 65 0 0 0 0.00 0.0 0 1.1 6 240 M M 10 8 230
26 74 61 68 3 0 3 0.00 0.0 0 2.8 9 60 M M 8 12 70
27 77 57 67 2 0 2 0.07 0.0 0 3.9 13 180 M M 4 12 16 180
28 78 59 69 5 0 4 0.06 0.0 0 3.8 10 190 M M 6 1 16 200
29 80 57 69 5 0 4 0.00 0.0 0 2.5 9 340 M M 6 12 11 340
30 82 58 70 7 0 5 0.00 0.0 0 1.3 12 90 M M 4 128 14 100
================================================================================
SM 2433 1764 4 162 1.35 0.0 96.7 M 124
================================================================================
AV 81.1 58.8 3.2 FASTST M M 4 MAX(MPH)
MISC ----> # 16 330 # 22 330
================================================================================
NOTES:
# LAST OF SEVERAL OCCURRENCES
COLUMN 17 PEAK WIND IN M.P.H.
PRELIMINARY LOCAL CLIMATOLOGICAL DATA (WS FORM: F-6) , PAGE 2
STATION: HUNTINGTON WV
MONTH: SEPTEMBER
YEAR: 2023
LATITUDE: 38 22 N
LONGITUDE: 82 33 W
[TEMPERATURE DATA] [PRECIPITATION DATA] SYMBOLS USED IN COLUMN 16
AVERAGE MONTHLY: 70.0 TOTAL FOR MONTH: 1.35 1 = FOG OR MIST
DPTR FM NORMAL: 1.3 DPTR FM NORMAL: -1.81 2 = FOG REDUCING VISIBILITY
HIGHEST: 94 ON 5 GRTST 24HR 0.82 ON 16-17 TO 1/4 MILE OR LESS
LOWEST: 49 ON 19 3 = THUNDER
SNOW, ICE PELLETS, HAIL 4 = ICE PELLETS
TOTAL MONTH: 0.0 INCH 5 = HAIL
GRTST 24HR 0.0 6 = FREEZING RAIN OR DRIZZLE
GRTST DEPTH: 0 7 = DUSTSTORM OR SANDSTORM:
VSBY 1/2 MILE OR LESS
8 = SMOKE OR HAZE
[NO. OF DAYS WITH] [WEATHER - DAYS WITH] 9 = BLOWING SNOW
X = TORNADO
MAX 32 OR BELOW: 0 0.01 INCH OR MORE: 6
MAX 90 OR ABOVE: 5 0.10 INCH OR MORE: 3
MIN 32 OR BELOW: 0 0.50 INCH OR MORE: 1
MIN 0 OR BELOW: 0 1.00 INCH OR MORE: 0
[HDD (BASE 65) ]
TOTAL THIS MO. 4 CLEAR (SCALE 0-3) 15
DPTR FM NORMAL -39 PTCLDY (SCALE 4-7) 11
TOTAL FM JUL 1 4 CLOUDY (SCALE 8-10) 4
DPTR FM NORMAL -38
[CDD (BASE 65) ]
TOTAL THIS MO. 162
DPTR FM NORMAL 10 [PRESSURE DATA]
TOTAL FM JAN 1 1072 HIGHEST SLP 30.24 ON 21
DPTR FM NORMAL -134 LOWEST SLP 29.79 ON 7
[REMARKS]
#FINAL-09-23#