000
CXUS53 KIND 010600
CF6HUF
PRELIMINARY LOCAL CLIMATOLOGICAL DATA (WS FORM: F-6)
STATION: TERRE HAUTE IN
MONTH: SEPTEMBER
YEAR: 2020
LATITUDE: 39 27 N
LONGITUDE: 87 18 W
TEMPERATURE IN F: :PCPN: SNOW: WIND :SUNSHINE: SKY :PK WND
================================================================================
1 2 3 4 5 6A 6B 7 8 9 10 11 12 13 14 15 16 17 18
12Z AVG MX 2MIN
DY MAX MIN AVG DEP HDD CDD WTR SNW DPTH SPD SPD DIR MIN PSBL S-S WX SPD DR
================================================================================
1 80 65 73 2 0 8 0.05 M M 3.6 12 160 M M 8 128 14 200
2 81 70 76 5 0 11 T M M 4.6 10 240 M M 7 1 15 220
3 87 67 77 7 0 12 0.00 M M 6.6 18 250 M M 5 12 26 240
4 79 53 66 -4 0 1 0.00 M M 4.6 15 300 M M 1 20 330
5 85 48 67 -3 0 2 0.00 M M 4.8 17 200 M M 0 1 22 200
6 83 57 70 0 0 5 0.03 M M 5.8 20 180 M M 0 1 27 180
7 89 70 80 11 0 15 0.00 M M 9.0 15 250 M M 4 22 240
8 92 68 80 11 0 15 0.00 M M 6.6 15 190 M M 1 24 200
9 90 61 76 7 0 11 0.00 M M 2.2 10 170 M M 1 12 16 190
10 83 64 74 6 0 9 0.00 M M 6.4 12 50 M M 6 12 17 50
11 75 66 71 3 0 6 0.00 M M 6.7 13 90 M M 9 18 22 60
12 82 68 75 7 0 10 0.06 M M 5.9 13 160 M M 9 18 17 140
13 83 61 72 5 0 7 0.00 M M 3.1 9 310 M M 4 12 14 330
14 82 53 68 1 0 3 0.00 M M 5.7 12 40 M M 0 16 60
15 79 49 64 -2 1 0 0.00 M M 2.6 12 100 M M 0 16 90
16 81 43 62 -4 3 0 0.00 M M 1.2 7 190 M M 1 1 11 290
17 82 49 66 0 0 1 0.00 M M 5.8 15 10 M M 2 1 22 360
18 71 42 57 -8 8 0 0.00 M M 9.0 20 60 M M 0 29 60
19 72 37 55 -10 10 0 0.00 M M 5.3 16 80 M M 0 21 90
20 77 38 58 -6 7 0 0.00 M M 5.6 16 80 M M 0 26 100
21 79 40 60 -4 5 0 0.00 M M 4.1 13 180 M M 0 17 190
22 78 45 62 -1 3 0 0.00 M M 2.4 12 210 M M 0 14 240
23 75 45 60 -3 5 0 0.00 M M 2.3 12 190 M M 0 1 16 220
24 80 49 65 2 0 0 0.00 M M 2.4 10 190 M M 0 1 15 200
25 83 49 66 4 0 1 0.00 M M 2.4 9 180 M M 1 12 14 200
26 79 56 68 6 0 3 0.00 M M 9.5 21 180 M M 3 30 180
27 84 62 73 12 0 8 0.00 M M 9.8 16 210 M M 3 24 240
28 68 52 60 -1 5 0 0.21 M M 8.3 18 330 M M 8 1 29 330
29 66 41 54 -6 11 0 0.00 M M 5.8 15 240 M M 4 12 21 260
30 77 48 63 3 2 0 0.00 M M 9.7 21 320 M M 3 35 310
================================================================================
SM 2402 1616 60 128 0.35 M 161.8 M 80
================================================================================
AV 80.1 53.9 5.4 FASTST M M 3 MAX(MPH)
MISC ----> # 21 180 35 310
================================================================================
NOTES:
# LAST OF SEVERAL OCCURRENCES
COLUMN 17 PEAK WIND IN M.P.H.
PRELIMINARY LOCAL CLIMATOLOGICAL DATA (WS FORM: F-6) , PAGE 2
STATION: TERRE HAUTE IN
MONTH: SEPTEMBER
YEAR: 2020
LATITUDE: 39 27 N
LONGITUDE: 87 18 W
[TEMPERATURE DATA] [PRECIPITATION DATA] SYMBOLS USED IN COLUMN 16
AVERAGE MONTHLY: 67.0 TOTAL FOR MONTH: 0.35 1 = FOG OR MIST
DPTR FM NORMAL: 1.1 DPTR FM NORMAL: -3.07 2 = FOG REDUCING VISIBILITY
HIGHEST: 92 ON 8 GRTST 24HR 0.21 ON 28-28 TO 1/4 MILE OR LESS
LOWEST: 37 ON 19 3 = THUNDER
SNOW, ICE PELLETS, HAIL 4 = ICE PELLETS
TOTAL MONTH: M 5 = HAIL
GRTST 24HR M ON M 6 = FREEZING RAIN OR DRIZZLE
GRTST DEPTH: M ON M 7 = DUSTSTORM OR SANDSTORM:
VSBY 1/2 MILE OR LESS
8 = SMOKE OR HAZE
[NO. OF DAYS WITH] [WEATHER - DAYS WITH] 9 = BLOWING SNOW
X = TORNADO
MAX 32 OR BELOW: 0 0.01 INCH OR MORE: 4
MAX 90 OR ABOVE: 2 0.10 INCH OR MORE: 1
MIN 32 OR BELOW: 0 0.50 INCH OR MORE: 0
MIN 0 OR BELOW: 0 1.00 INCH OR MORE: 0
[HDD (BASE 65) ]
TOTAL THIS MO. 60 CLEAR (SCALE 0-3) 19
DPTR FM NORMAL -13 PTCLDY (SCALE 4-7) 9
TOTAL FM JUL 1 60 CLOUDY (SCALE 8-10) 2
DPTR FM NORMAL -17
[CDD (BASE 65) ]
TOTAL THIS MO. 128
DPTR FM NORMAL 29 [PRESSURE DATA]
TOTAL FM JAN 1 1168 HIGHEST SLP M ON M
DPTR FM NORMAL 190 LOWEST SLP 29.71 ON 30
[REMARKS]
#FINAL-09-20#