000
CXUS53 KIND 010600
CF6HUF
PRELIMINARY LOCAL CLIMATOLOGICAL DATA (WS FORM: F-6)
STATION: TERRE HAUTE IN
MONTH: MAY
YEAR: 2020
LATITUDE: 39 27 N
LONGITUDE: 87 18 W
TEMPERATURE IN F: :PCPN: SNOW: WIND :SUNSHINE: SKY :PK WND
================================================================================
1 2 3 4 5 6A 6B 7 8 9 10 11 12 13 14 15 16 17 18
12Z AVG MX 2MIN
DY MAX MIN AVG DEP HDD CDD WTR SNW DPTH SPD SPD DIR MIN PSBL S-S WX SPD DR
================================================================================
1 70 36 53 -5 12 0 0.02 M M 3.3 17 350 M M 1 1 23 350
2 83 57 70 12 0 5 0.05 M M 9.3 18 250 M M 4 26 170
3 75 49 62 3 3 0 0.38 M M 5.2 18 350 M M 5 13 26 300
4 69 43 56 -3 9 0 T M M 6.9 21 110 M M 2 27 100
5 59 44 52 -7 13 0 0.51 M M 9.6 20 80 M M 10 1 26 90
6 61 41 51 -9 14 0 0.00 M M 9.5 20 340 M M 4 29 310
7 68 45 57 -3 8 0 0.00 M M 9.6 22 270 M M 4 33 260
8 58 36 47 -13 18 0 0.25 M M 8.5 25 360 M M 6 1 35 330
9 58 30 44 -17 21 0 0.00 M M 4.1 14 250 M M M 22 320
10 62 38 50 -11 15 0 T M M 13.8 29 270 M M 6 41 290
11 54 36 45 -16 20 0 0.00 M M 6.7 16 320 M M 9 23 330
12 63 34 49 -13 16 0 0.00 M M 3.1 14 250 M M 1 18 240
13 57 40 49 -13 16 0 T M M 9.1 22 120 M M 9 1 29 120
14 80 53 67 5 0 2 0.46 M M 10.7 24 250 M M 5 13 37 240
15 76 59 68 5 0 3 0.08 M M 7.5 17 190 M M 5 13 25 180
16 83 58 71 8 0 6 0.72 M M 4.6 14 100 M M 5 13 19 110
17 76 61 69 6 0 4 1.14 M M 9.1 20 170 M M 9 13 29 170
18 69 58 64 0 1 0 0.07 M M 5.0 15 250 M M 9 1 19 240
19 70 59 65 1 0 0 0.46 M M 7.5 17 70 M M 10 1 24 60
20 60 56 58 -6 7 0 0.00 M M 10.8 17 80 M M 10 25 80
21 66 54 60 -5 5 0 0.00 M M 5.8 13 90 M M 9 17 90
22 77 51 64 -1 1 0 0.00 M M 3.1 9 50 M M 5 1 12 150
23 84 62 73 8 0 8 0.20 M M 7.2 18 320 M M 4 13 24 320
24 86 62 74 8 0 9 0.20 M M 6.1 30 240 M M 3 13 42 240
25 88 66 77 11 0 12 T M M 5.6 15 150 M M 2 20 150
26 87 67 77 11 0 12 0.34 M M 6.2 26 180 M M 2 1 39 190
27 82 65 74 7 0 9 0.03 M M 7.3 22 170 M M 6 1 32 170
28 82 66 74 7 0 9 0.10 M M 7.0 25 260 M M 6 1 33 260
29 80 64 72 5 0 7 0.01 M M 6.9 17 310 M M 5 1 25 310
30 76 56 66 -2 0 1 0.00 M M 6.7 15 350 M M 1 21 340
31 75 53 64 -4 1 0 0.00 M M 5.1 14 20 M M 1 21 100
================================================================================
SM 2234 1599 180 87 5.02 M 220.9 M 158
================================================================================
AV 72.1 51.6 7.1 FASTST M M 5 MAX(MPH)
MISC ----> 30 240 42 240
================================================================================
NOTES:
# LAST OF SEVERAL OCCURRENCES
COLUMN 17 PEAK WIND IN M.P.H.
PRELIMINARY LOCAL CLIMATOLOGICAL DATA (WS FORM: F-6) , PAGE 2
STATION: TERRE HAUTE IN
MONTH: MAY
YEAR: 2020
LATITUDE: 39 27 N
LONGITUDE: 87 18 W
[TEMPERATURE DATA] [PRECIPITATION DATA] SYMBOLS USED IN COLUMN 16
AVERAGE MONTHLY: 61.8 TOTAL FOR MONTH: 5.02 1 = FOG OR MIST
DPTR FM NORMAL: -1.2 DPTR FM NORMAL: -1.61 2 = FOG REDUCING VISIBILITY
HIGHEST: 88 ON 25 GRTST 24HR 1.60 ON 16-17 TO 1/4 MILE OR LESS
LOWEST: 30 ON 9 3 = THUNDER
SNOW, ICE PELLETS, HAIL 4 = ICE PELLETS
TOTAL MONTH: M 5 = HAIL
GRTST 24HR M ON M 6 = FREEZING RAIN OR DRIZZLE
GRTST DEPTH: M ON M 7 = DUSTSTORM OR SANDSTORM:
VSBY 1/2 MILE OR LESS
8 = SMOKE OR HAZE
[NO. OF DAYS WITH] [WEATHER - DAYS WITH] 9 = BLOWING SNOW
X = TORNADO
MAX 32 OR BELOW: 0 0.01 INCH OR MORE: 17
MAX 90 OR ABOVE: 0 0.10 INCH OR MORE: 11
MIN 32 OR BELOW: 1 0.50 INCH OR MORE: 3
MIN 0 OR BELOW: 0 1.00 INCH OR MORE: 1
[HDD (BASE 65) ]
TOTAL THIS MO. 180 CLEAR (SCALE 0-3) 8
DPTR FM NORMAL 45 PTCLDY (SCALE 4-7) 14
TOTAL FM JUL 1 4928 CLOUDY (SCALE 8-10) 9
DPTR FM NORMAL -427
[CDD (BASE 65) ]
TOTAL THIS MO. 87
DPTR FM NORMAL 16 [PRESSURE DATA]
TOTAL FM JAN 1 104 HIGHEST SLP M ON M
DPTR FM NORMAL 18 LOWEST SLP 29.68 ON 17
[REMARKS]
#FINAL-05-20#