000
CXUS53 KIND 010600
CF6HUF
PRELIMINARY LOCAL CLIMATOLOGICAL DATA (WS FORM: F-6)
STATION: TERRE HAUTE IN
MONTH: SEPTEMBER
YEAR: 2023
LATITUDE: 39 27 N
LONGITUDE: 87 18 W
TEMPERATURE IN F: :PCPN: SNOW: WIND :SUNSHINE: SKY :PK WND
================================================================================
1 2 3 4 5 6A 6B 7 8 9 10 11 12 13 14 15 16 17 18
12Z AVG MX 2MIN
DY MAX MIN AVG DEP HDD CDD WTR SNW DPTH SPD SPD DIR MIN PSBL S-S WX SPD DR
================================================================================
1 83 51 67 -4 0 2 0.00 M M 2.8 10 110 M M 0 15 80
2 89 57 73 2 0 8 0.00 M M 4.8 14 190 M M 2 1 19 180
3 90 66 78 7 0 13 0.00 M M 6.3 17 180 M M 1 1 22 170
4 91 66 79 9 0 14 0.00 M M 5.7 16 210 M M 2 23 200
5 90 70 80 10 0 15 0.43 M M 7.6 17 210 M M 2 138 26 210
6 86 67 77 7 0 12 T M M 9.1 22 210 M M 3 27 210
7 74 65 70 0 0 5 0.01 M M 5.2 9 350 M M 9 18 14 330
8 72 62 67 -2 0 2 T M M 6.0 13 10 M M 7 18 360
9 78 60 69 0 0 4 0.00 M M 5.8 13 360 M M 6 17 350
10 80 53 67 -2 0 2 0.00 M M 2.2 8 350 M M 1 1 11 80
11 83 54 69 1 0 4 T M M 2.9 12 210 M M 2 1 17 220
12 77 54 66 -2 0 1 0.03 M M 5.1 13 10 M M 6 1 17 10
13 80 46 63 -5 2 0 0.00 M M 3.0 12 340 M M 2 12 17 290
14 77 48 63 -4 2 0 0.00 M M 5.7 13 50 M M 0 18 40
15 79 47 63 -4 2 0 0.00 M M 3.3 9 90 M M 0 1 16 60
16 77 48 63 -4 2 0 T M M 1.5 7 120 M M 1 1 9 130
17 76 50 63 -3 2 0 T M M 4.8 17 310 M M 5 18 29 310
18 76 49 63 -3 2 0 0.00 M M 3.5 13 10 M M 2 1 19 10
19 81 46 64 -2 1 0 0.00 M M 4.6 15 150 M M 0 1 20 160
20 84 50 67 2 0 2 0.00 M M 5.8 16 120 M M 0 29 120
21 78 62 70 5 0 5 0.02 M M 3.4 10 240 M M 7 13 250
22 86 57 72 8 0 7 0.00 M M 3.5 12 90 M M 1 17 170
23 83 52 68 4 0 3 0.00 M M 4.8 14 60 M M 0 19 80
24 84 46 65 1 0 0 0.00 M M 3.5 14 80 M M 0 20 70
25 86 53 70 7 0 5 0.00 M M 3.4 10 190 M M 4 1 14 130
26 87 59 73 10 0 8 0.08 M M 6.7 18 60 M M 5 13 27 130
27 77 60 69 7 0 4 0.17 M M 4.5 13 210 M M 6 13 19 210
28 77 55 66 4 0 1 0.00 M M 3.0 9 360 M M 6 12 15 250
29 80 50 65 3 0 0 0.00 M M 2.8 9 60 M M 4 12 13 40
30 84 49 67 6 0 2 0.00 M M 3.0 12 60 M M 1 12 16 60
================================================================================
SM 2445 1652 13 119 0.74 M 134.3 M 85
================================================================================
AV 81.5 55.1 4.5 FASTST M M 3 MAX(MPH)
MISC ----> 22 210 # 29 310
================================================================================
NOTES:
# LAST OF SEVERAL OCCURRENCES
COLUMN 17 PEAK WIND IN M.P.H.
PRELIMINARY LOCAL CLIMATOLOGICAL DATA (WS FORM: F-6) , PAGE 2
STATION: TERRE HAUTE IN
MONTH: SEPTEMBER
YEAR: 2023
LATITUDE: 39 27 N
LONGITUDE: 87 18 W
[TEMPERATURE DATA] [PRECIPITATION DATA] SYMBOLS USED IN COLUMN 16
AVERAGE MONTHLY: 68.3 TOTAL FOR MONTH: 0.74 1 = FOG OR MIST
DPTR FM NORMAL: 1.7 DPTR FM NORMAL: -2.19 2 = FOG REDUCING VISIBILITY
HIGHEST: 91 ON 4 GRTST 24HR 0.43 ON 5- 5 TO 1/4 MILE OR LESS
LOWEST: 46 ON 24,19 3 = THUNDER
SNOW, ICE PELLETS, HAIL 4 = ICE PELLETS
TOTAL MONTH: M 5 = HAIL
GRTST 24HR M ON M 6 = FREEZING RAIN OR DRIZZLE
GRTST DEPTH: M ON M 7 = DUSTSTORM OR SANDSTORM:
VSBY 1/2 MILE OR LESS
8 = SMOKE OR HAZE
[NO. OF DAYS WITH] [WEATHER - DAYS WITH] 9 = BLOWING SNOW
X = TORNADO
MAX 32 OR BELOW: 0 0.01 INCH OR MORE: 6
MAX 90 OR ABOVE: 3 0.10 INCH OR MORE: 2
MIN 32 OR BELOW: 0 0.50 INCH OR MORE: 0
MIN 0 OR BELOW: 0 1.00 INCH OR MORE: 0
[HDD (BASE 65) ]
TOTAL THIS MO. 13 CLEAR (SCALE 0-3) 18
DPTR FM NORMAL -55 PTCLDY (SCALE 4-7) 11
TOTAL FM JUL 1 14 CLOUDY (SCALE 8-10) 1
DPTR FM NORMAL -58
[CDD (BASE 65) ]
TOTAL THIS MO. 119
DPTR FM NORMAL 3 [PRESSURE DATA]
TOTAL FM JAN 1 1065 HIGHEST SLP M ON M
DPTR FM NORMAL 8 LOWEST SLP 29.81 ON 6
[REMARKS]
#FINAL-09-23#