000
CXUS56 KTFX 011110
CF6HVR
PRELIMINARY LOCAL CLIMATOLOGICAL DATA (WS FORM: F-6)
STATION: HAVRE MT
MONTH: MAY
YEAR: 2023
LATITUDE: 48 32 N
LONGITUDE: 109 46 W
TEMPERATURE IN F: :PCPN: SNOW: WIND :SUNSHINE: SKY :PK WND
================================================================================
1 2 3 4 5 6A 6B 7 8 9 10 11 12 13 14 15 16 17 18
12Z AVG MX 2MIN
DY MAX MIN AVG DEP HDD CDD WTR SNW DPTH SPD SPD DIR MIN PSBL S-S WX SPD DR
================================================================================
1 77 39 58 9 7 0 0.00 0.0 0 17.2 26 90 M M 0 36 90
2 82 41 62 13 3 0 0.00 0.0 0 12.5 22 90 M M 0 31 90
3 84 40 62 13 3 0 0.00 0.0 0 5.6 16 150 M M 0 25 90
4 83 49 66 16 0 1 0.00 0.0 0 16.7 28 100 M M 0 39 120
5 78 52 65 15 0 0 0.00 0.0 0 18.8 30 90 M M 1 40 90
6 56 47 52 2 13 0 0.26 0.0 0 17.0 30 100 M M 9 13 38 90
7 66 45 56 5 9 0 0.13 0.0 0 10.0 21 210 M M 7 27 220
8 65 44 55 4 10 0 0.00 0.0 0 6.3 25 140 M M 5 33 130
9 68 39 54 2 11 0 0.42 0.0 0 7.1 23 120 M M 5 13 29 130
10 70 42 56 4 9 0 T 0.0 0 5.3 17 240 M M 1 21 240
11 66 44 55 3 10 0 0.04 0.0 0 5.6 20 80 M M 6 1 26 80
12 68 40 54 2 11 0 0.22 0.0 0 4.2 17 40 M M 6 128 26 50
13 67 46 57 4 8 0 0.00 0.0 0 7.3 18 80 M M 7 22 80
14 72 44 58 5 7 0 0.00 0.0 0 11.9 22 150 M M 5 34 130
15 81 48 65 11 0 0 0.00 0.0 0 7.4 16 70 M M 0 21 70
16 87 49 68 14 0 3 0.00 0.0 0 10.3 25 250 M M 1 8 34 230
17 67 44 56 2 9 0 0.00 0.0 0 5.2 13 330 M M 5 18 18 320
18 63 38 51 -4 14 0 0.00 0.0 0 7.5 14 30 M M 0 18 19 340
19 81 M M M M M 0.00 0.0 0 7.4 14 170 M M 0 8 18 170
20 81 52 67 12 0 2 T 0.0 0 5.2 15 360 M M 3 8 17 320
21 86 46 66 10 0 1 0.00 0.0 0 8.1 22 100 M M 8 18 27 90
22 85 51 68 12 0 3 0.00 0.0 0 10.0 40 260 M M 2 138 53 260
23 79 44 62 6 3 0 0.00 0.0 0 7.6 18 100 M M 2 25 70
24 69 54 62 5 3 0 0.02 0.0 0 6.9 16 300 M M 4 3 20 310
25 67 51 59 2 6 0 0.00 0.0 0 7.5 20 360 M M 9 24 10
26 75 54 65 8 0 0 0.07 0.0 0 7.0 20 150 M M 8 23 160
27 61 55 58 0 7 0 0.41 0.0 0 9.9 16 50 M M 10 18 21 40
28 74 52 63 5 2 0 0.00 0.0 0 6.3 15 250 M M 6 21 230
29 80 54 67 9 0 2 0.19 0.0 0 10.5 32 270 M M 1 38 46 260
30 82 53 68 10 0 3 0.00 0.0 0 9.6 18 250 M M 0 26 210
31 83 48 66 7 0 1 0.75 0.0 0 5.7 36 100 M M 3 3 46 120
================================================================================
SM 2303 1405 145 16 2.51 0.0 277.6 M 114
================================================================================
AV 74.3 46.8 9.0 FASTST M M 4 MAX(MPH)
MISC ----> 40 260 53 260
================================================================================
NOTES:
# LAST OF SEVERAL OCCURRENCES
COLUMN 17 PEAK WIND IN M.P.H.
PRELIMINARY LOCAL CLIMATOLOGICAL DATA (WS FORM: F-6) , PAGE 2
STATION: HAVRE MT
MONTH: MAY
YEAR: 2023
LATITUDE: 48 32 N
LONGITUDE: 109 46 W
[TEMPERATURE DATA] [PRECIPITATION DATA] SYMBOLS USED IN COLUMN 16
AVERAGE MONTHLY: 60.6 TOTAL FOR MONTH: 2.51 1 = FOG OR MIST
DPTR FM NORMAL: 6.7 DPTR FM NORMAL: 0.65 2 = FOG REDUCING VISIBILITY
HIGHEST: 87 ON 16 GRTST 24HR 0.75 ON 31-31 TO 1/4 MILE OR LESS
LOWEST: 38 ON 18 3 = THUNDER
SNOW, ICE PELLETS, HAIL 4 = ICE PELLETS
TOTAL MONTH: 0.0 INCH 5 = HAIL
GRTST 24HR 0.0 6 = FREEZING RAIN OR DRIZZLE
GRTST DEPTH: 0 7 = DUSTSTORM OR SANDSTORM:
VSBY 1/2 MILE OR LESS
8 = SMOKE OR HAZE
[NO. OF DAYS WITH] [WEATHER - DAYS WITH] 9 = BLOWING SNOW
X = TORNADO
MAX 32 OR BELOW: 0 0.01 INCH OR MORE: 10
MAX 90 OR ABOVE: 0 0.10 INCH OR MORE: 7
MIN 32 OR BELOW: 0 0.50 INCH OR MORE: 1
MIN 0 OR BELOW: 0 1.00 INCH OR MORE: 0
[HDD (BASE 65) ]
TOTAL THIS MO. 145 CLEAR (SCALE 0-3) 15
DPTR FM NORMAL -209 PTCLDY (SCALE 4-7) 13
TOTAL FM JUL 1 8606 CLOUDY (SCALE 8-10) 3
DPTR FM NORMAL 561
[CDD (BASE 65) ]
TOTAL THIS MO. 16
DPTR FM NORMAL 8 [PRESSURE DATA]
TOTAL FM JAN 1 16 HIGHEST SLP 30.58 ON 14
DPTR FM NORMAL 8 LOWEST SLP 29.66 ON 5
[REMARKS]
#FINAL-05-23#