000
CXUS52 KMFL 011030
CF6HWO
PRELIMINARY LOCAL CLIMATOLOGICAL DATA (WS FORM: F-6)
STATION: NORTH PERRY ARPT
MONTH: AUGUST
YEAR: 2021
LATITUDE: 26 0 N
LONGITUDE: 80 14 W
TEMPERATURE IN F: :PCPN: SNOW: WIND :SUNSHINE: SKY :PK WND
================================================================================
1 2 3 4 5 6A 6B 7 8 9 10 11 12 13 14 15 16 17 18
12Z AVG MX 2MIN
DY MAX MIN AVG DEP HDD CDD WTR SNW DPTH SPD SPD DIR MIN PSBL S-S WX SPD DR
================================================================================
1 92 79 86 1 0 21 0.08 M M 4.5 16 130 M M 3 3 21 140
2 91 77 84 -1 0 19 1.11 M M 2.5 20 250 M M 1 138 25 220
3 88 71 80 -5 0 15 1.95 0.0 0 5.2 25 200 M M 3 13 32 250
4 90 73 82 -3 0 17 0.17 M M 2.9 26 270 M M 2 13 36 280
5 91 75 83 -2 0 18 0.44 M M 3.8 17 190 M M 2 13 23 190
6 92 76 84 -1 0 19 T M M 6.4 18 110 M M 1 3 22 130
7 91 79 85 0 0 20 0.03 0.0 M 4.2 14 160 M M 3 38 19 150
8 M M M M M M 0.00 0.0 M 7.3 15 110 M M 1 3 19 120
9 91 81 86 1 0 21 0.00 M M 8.0 17 110 M M 2 21 90
10 91 78 85 0 0 20 0.14 M M 8.5 20 90 M M 2 25 140
11 91 79 85 0 0 20 T M M 9.1 18 60 M M 2 3 24 110
12 92 75 84 -1 0 19 0.88 M M 10.5 28 80 M M 3 13 36 80
13 89 77 83 -2 0 18 0.15 M M 10.5 22 90 M M 4 13 26 90
14 89 76 83 -2 0 18 0.39 M M 11.8 26 110 M M 3 138 36 120
15 86 75 81 -4 0 16 0.18 0.0 0 9.4 20 130 M M 2 26 140
16 91 78 85 0 0 20 0.00 M M 6.5 16 130 M M 2 23 120
17 91 79 85 0 0 20 T M M 8.8 21 110 M M 2 25 90
18 90 81 86 1 0 21 0.04 M M 10.4 25 110 M M 3 34 100
19 91 78 85 0 0 20 T M M 5.6 15 90 M M 1 20 90
20 92 77 85 0 0 20 0.00 M M 3.8 14 120 M M 0 19 130
21 92 77 85 0 0 20 0.00 M M 6.7 16 120 M M 1 23 120
22 92 81 87 2 0 22 T M M 6.3 16 130 M M 1 21 140
23 93 80 87 3 0 22 T 0.0 0 7.0 17 130 M M 4 21 140
24 91 82 87 3 0 22 0.00 0.0 0 10.0 18 120 M M 3 23 100
25 90 77 84 0 0 19 0.23 0.0 0 14.0 30 70 M M 3 13 39 80
26 90 74 82 -2 0 17 0.50 M M 10.9 22 90 M M 4 13 26 90
27 90 78 84 0 0 19 0.06 0.0 0 11.7 20 110 M M 3 3 26 110
28 91 82 87 3 0 22 T 0.0 0 11.7 21 110 M M 3 26 120
29 90 80 85 1 0 20 0.02 0.0 0 6.9 16 100 M M 2 20 100
30 91 75 83 -1 0 18 0.19 0.0 0 4.6 20 250 M M 4 3 25 240
31 92 75 84 0 0 19 T M M 3.4 21 330 M M 2 3 24 320
================================================================================
SM 2721 2325 0 582 6.56 0.0 232.9 M 72
================================================================================
AV 90.7 77.5 7.5 FASTST M M 2 MAX(MPH)
MISC ----> 30 70 39 80
================================================================================
NOTES:
# LAST OF SEVERAL OCCURRENCES
COLUMN 17 PEAK WIND IN M.P.H.
PRELIMINARY LOCAL CLIMATOLOGICAL DATA (WS FORM: F-6) , PAGE 2
STATION: NORTH PERRY ARPT
MONTH: AUGUST
YEAR: 2021
LATITUDE: 26 0 N
LONGITUDE: 80 14 W
[TEMPERATURE DATA] [PRECIPITATION DATA] SYMBOLS USED IN COLUMN 16
AVERAGE MONTHLY: 84.1 TOTAL FOR MONTH: 6.56 1 = FOG OR MIST
DPTR FM NORMAL: -0.5 DPTR FM NORMAL: -1.93 2 = FOG REDUCING VISIBILITY
HIGHEST: 93 ON 23 GRTST 24HR 1.95 ON 3- 3 TO 1/4 MILE OR LESS
LOWEST: 71 ON 3 3 = THUNDER
SNOW, ICE PELLETS, HAIL 4 = ICE PELLETS
TOTAL MONTH: 0.0 INCH 5 = HAIL
GRTST 24HR 0.0 6 = FREEZING RAIN OR DRIZZLE
GRTST DEPTH: 0 7 = DUSTSTORM OR SANDSTORM:
VSBY 1/2 MILE OR LESS
8 = SMOKE OR HAZE
[NO. OF DAYS WITH] [WEATHER - DAYS WITH] 9 = BLOWING SNOW
X = TORNADO
MAX 32 OR BELOW: 0 0.01 INCH OR MORE: 17
MAX 90 OR ABOVE: 26 0.10 INCH OR MORE: 12
MIN 32 OR BELOW: 0 0.50 INCH OR MORE: 4
MIN 0 OR BELOW: 0 1.00 INCH OR MORE: 2
[HDD (BASE 65) ]
TOTAL THIS MO. 0 CLEAR (SCALE 0-3) 22
DPTR FM NORMAL 0 PTCLDY (SCALE 4-7) 9
TOTAL FM JUL 1 0 CLOUDY (SCALE 8-10) 0
DPTR FM NORMAL 0
[CDD (BASE 65) ]
TOTAL THIS MO. 582
DPTR FM NORMAL -27 [PRESSURE DATA]
TOTAL FM JAN 1 3051 HIGHEST SLP 30.17 ON 10
DPTR FM NORMAL -72 LOWEST SLP 29.89 ON 31
[REMARKS]
#FINAL-08-21#