000
CXUS52 KMFL 011030
CF6HWO
PRELIMINARY LOCAL CLIMATOLOGICAL DATA (WS FORM: F-6)
STATION: NORTH PERRY ARPT
MONTH: AUGUST
YEAR: 2023
LATITUDE: 26 0 N
LONGITUDE: 80 14 W
TEMPERATURE IN F: :PCPN: SNOW: WIND :SUNSHINE: SKY :PK WND
================================================================================
1 2 3 4 5 6A 6B 7 8 9 10 11 12 13 14 15 16 17 18
12Z AVG MX 2MIN
DY MAX MIN AVG DEP HDD CDD WTR SNW DPTH SPD SPD DIR MIN PSBL S-S WX SPD DR
================================================================================
1 91 76 84 -1 0 19 0.37 0.0 0 2.8 20 240 M M 0 13 24 240
2 92 77 85 0 0 20 0.05 0.0 0 4.1 18 290 M M 2 3 24 290
3 90 76 83 -2 0 18 2.06 0.0 0 3.7 21 30 M M 5 13 29 30
4 90 78 84 -1 0 19 0.99 M M 3.5 18 320 M M 3 13 24 200
5 91 79 85 0 0 20 0.05 M M 3.6 17 150 M M 1 3 22 140
6 93 80 87 2 0 22 0.03 M M 4.1 16 70 M M 2 3 20 70
7 95 80 88 3 0 23 0.00 M M 4.8 16 120 M M 1 3 22 140
8 95 80 88 3 0 23 0.12 M M 6.2 15 130 M M 3 13 19 140
9 94 77 86 1 0 21 1.43 0.0 0 3.7 24 120 M M 2 13 36 130
10 95 77 86 1 0 21 1.44 0.0 0 3.7 17 360 M M 3 13 19 360
11 93 78 86 1 0 21 T 0.0 0 4.1 20 260 M M 2 3 22 270
12 92 79 86 1 0 21 0.04 0.0 0 6.9 17 130 M M 2 21 120
13 91 81 86 1 0 21 0.44 0.0 0 6.1 21 170 M M 3 13 27 170
14 93 80 87 2 0 22 0.00 0.0 0 6.6 17 80 M M 1 21 100
15 94 80 87 2 0 22 T 0.0 0 6.9 22 80 M M 2 3 26 90
16 93 78 86 1 0 21 0.12 0.0 0 6.4 20 150 M M 3 3 25 140
17 93 75 84 -1 0 19 0.90 0.0 0 4.5 24 170 M M 3 13 32 170
18 90 77 84 -1 0 19 0.02 0.0 0 3.4 14 190 M M 3 3 16 180
19 90 77 84 -1 0 19 0.54 0.0 0 7.3 24 90 M M 4 13 29 90
20 88 77 83 -2 0 18 0.39 0.0 0 7.1 28 100 M M 4 13 38 100
21 90 79 85 0 0 20 0.27 0.0 0 11.9 30 70 M M 4 13 36 70
22 91 81 86 1 0 21 0.03 0.0 0 12.1 21 70 M M 2 3 26 30
23 91 78 85 1 0 20 0.03 0.0 0 9.4 18 70 M M 2 22 80
24 91 78 85 1 0 20 0.27 0.0 0 7.2 17 10 M M 2 13 23 70
25 91 77 84 0 0 19 0.01 0.0 0 8.4 20 70 M M 4 23 30
26 91 76 84 0 0 19 T 0.0 0 8.1 18 70 M M 2 23 50
27 91 78 85 1 0 20 T 0.0 0 6.9 18 60 M M 3 21 60
28 91 78 85 1 0 20 0.26 0.0 0 5.2 22 290 M M 3 13 27 290
29 92 76 84 0 0 19 0.27 0.0 0 11.2 35 200 M M 3 13 46 220
30 93 82 88 4 0 23 0.01 M M 15.3 30 220 M M 2 3 38 240
31 96 77 87 3 0 22 0.12 M M 7.8 30 320 M M 2 13 38 320
================================================================================
SM 2851 2422 0 632 10.26 0.0 203.0 M 78
================================================================================
AV 92.0 78.1 6.5 FASTST M M 3 MAX(MPH)
MISC ----> 35 200 46 220
================================================================================
NOTES:
# LAST OF SEVERAL OCCURRENCES
COLUMN 17 PEAK WIND IN M.P.H.
PRELIMINARY LOCAL CLIMATOLOGICAL DATA (WS FORM: F-6) , PAGE 2
STATION: NORTH PERRY ARPT
MONTH: AUGUST
YEAR: 2023
LATITUDE: 26 0 N
LONGITUDE: 80 14 W
[TEMPERATURE DATA] [PRECIPITATION DATA] SYMBOLS USED IN COLUMN 16
AVERAGE MONTHLY: 85.0 TOTAL FOR MONTH: 10.26 1 = FOG OR MIST
DPTR FM NORMAL: 0.4 DPTR FM NORMAL: 1.77 2 = FOG REDUCING VISIBILITY
HIGHEST: 96 ON 31 GRTST 24HR 2.55 ON 3- 4 TO 1/4 MILE OR LESS
LOWEST: 75 ON 17 3 = THUNDER
SNOW, ICE PELLETS, HAIL 4 = ICE PELLETS
TOTAL MONTH: 0.0 INCH 5 = HAIL
GRTST 24HR 0.0 6 = FREEZING RAIN OR DRIZZLE
GRTST DEPTH: 0 7 = DUSTSTORM OR SANDSTORM:
VSBY 1/2 MILE OR LESS
8 = SMOKE OR HAZE
[NO. OF DAYS WITH] [WEATHER - DAYS WITH] 9 = BLOWING SNOW
X = TORNADO
MAX 32 OR BELOW: 0 0.01 INCH OR MORE: 25
MAX 90 OR ABOVE: 30 0.10 INCH OR MORE: 16
MIN 32 OR BELOW: 0 0.50 INCH OR MORE: 6
MIN 0 OR BELOW: 0 1.00 INCH OR MORE: 3
[HDD (BASE 65) ]
TOTAL THIS MO. 0 CLEAR (SCALE 0-3) 24
DPTR FM NORMAL 0 PTCLDY (SCALE 4-7) 7
TOTAL FM JUL 1 0 CLOUDY (SCALE 8-10) 0
DPTR FM NORMAL 0
[CDD (BASE 65) ]
TOTAL THIS MO. 632
DPTR FM NORMAL 23 [PRESSURE DATA]
TOTAL FM JAN 1 3465 HIGHEST SLP 30.10 ON 7
DPTR FM NORMAL 342 LOWEST SLP 29.72 ON 27
[REMARKS]
#FINAL-08-23#