000
CXUS53 KUNR 010930
CF6ICR
PRELIMINARY LOCAL CLIMATOLOGICAL DATA (WS FORM: F-6)
STATION: WINNER REGIONAL AIRPORT SD
MONTH: APRIL
YEAR: 2021
LATITUDE: 43 23 N
LONGITUDE: 99 50 W
TEMPERATURE IN F: :PCPN: SNOW: WIND :SUNSHINE: SKY :PK WND
================================================================================
1 2 3 4 5 6A 6B 7 8 9 10 11 12 13 14 15 16 17 18
12Z AVG MX 2MIN
DY MAX MIN AVG DEP HDD CDD WTR SNW DPTH SPD SPD DIR MIN PSBL S-S WX SPD DR
================================================================================
1 69 27 48 5 17 0 0.00 M M 19.3 30 200 M M 0 41 210
2 82 44 63 20 2 0 0.00 M M 15.5 29 190 M M 0 42 200
3 82 36 59 16 6 0 0.00 M M 11.6 25 170 M M 0 36 140
4 86 43 65 21 0 0 0.00 M M 11.5 23 130 M M 0 36 120
5 88 43 66 22 0 1 0.00 M M 10.9 22 330 M M 0 29 330
6 55 36 46 2 19 0 0.55 M M 17.5 30 340 M M 8 13 37 340
7 44 36 40 -5 25 0 0.56 M M 19.9 33 330 M M 10 1 44 330
8 66 33 50 5 15 0 0.00 M M 12.6 25 330 M M 1 33 330
9 49 33 41 -4 24 0 T M M 16.5 37 310 M M 6 44 310
10 64 27 46 0 19 0 0.00 M M 7.9 15 120 M M 0 21 220
11 56 36 46 0 19 0 T M M 20.4 41 320 M M 4 53 320
12 48 31 40 -6 25 0 T M M 23.0 39 310 M M 6 50 310
13 45 28 37 -10 28 0 T M M 21.7 36 310 M M 8 46 320
14 45 22 34 -13 31 0 T M M 9.3 18 310 M M 5 8 24 320
15 44 22 33 -15 32 0 0.01 M M 6.4 14 360 M M 8 19 360
16 46 37 42 -6 23 0 0.04 M M 10.7 21 320 M M 10 25 330
17 53 36 45 -3 20 0 0.01 M M 8.1 16 330 M M 8 18 22 350
18 70 31 51 2 14 0 T M M 14.9 31 20 M M 3 41 20
19 39 24 32 -17 33 0 T M M 14.2 24 350 M M 10 33 360
20 46 21 34 -15 31 0 0.03 M M 9.6 32 300 M M 7 18 40 290
21 51 20 36 -14 29 0 0.00 M M 8.9 24 310 M M 3 33 310
22 52 32 42 -8 23 0 0.09 M M 14.3 29 170 M M 5 41 160
23 42 31 37 -13 28 0 T M M 11.6 21 320 M M 6 18 27 320
24 53 30 42 -9 23 0 T M M 8.1 22 120 M M 6 28 110
25 79 37 58 7 7 0 T M M 14.9 25 130 M M 3 33 120
26 71 44 58 6 7 0 0.00 M M 9.0 18 30 M M 0 8 23 50
27 61 42 52 0 13 0 0.00 M M 12.8 25 340 M M 8 18 34 330
28 69 42 56 4 9 0 T M M 6.1 14 340 M M 5 128 23 340
29 73 43 58 5 7 0 0.00 M M 8.9 17 320 M M 0 8 25 330
30 80 49 65 12 0 0 0.00 M M 13.1 21 120 M M 2 27 170
================================================================================
SM 1808 1016 529 1 1.29 M 389.2 M 132
================================================================================
AV 60.3 33.9 13.0 FASTST M M 4 MAX(MPH)
MISC ----> 41 320 53 320
================================================================================
NOTES:
# LAST OF SEVERAL OCCURRENCES
COLUMN 17 PEAK WIND IN M.P.H.
PRELIMINARY LOCAL CLIMATOLOGICAL DATA (WS FORM: F-6) , PAGE 2
STATION: WINNER REGIONAL AIRPORT SD
MONTH: APRIL
YEAR: 2021
LATITUDE: 43 23 N
LONGITUDE: 99 50 W
[TEMPERATURE DATA] [PRECIPITATION DATA] SYMBOLS USED IN COLUMN 16
AVERAGE MONTHLY: 47.1 TOTAL FOR MONTH: 1.29 1 = FOG OR MIST
DPTR FM NORMAL: -0.6 DPTR FM NORMAL: -1.20 2 = FOG REDUCING VISIBILITY
HIGHEST: 88 ON 5 GRTST 24HR 1.05 ON 6- 7 TO 1/4 MILE OR LESS
LOWEST: 20 ON 21 3 = THUNDER
SNOW, ICE PELLETS, HAIL 4 = ICE PELLETS
TOTAL MONTH: M 5 = HAIL
GRTST 24HR M ON M 6 = FREEZING RAIN OR DRIZZLE
GRTST DEPTH: M ON M 7 = DUSTSTORM OR SANDSTORM:
VSBY 1/2 MILE OR LESS
8 = SMOKE OR HAZE
[NO. OF DAYS WITH] [WEATHER - DAYS WITH] 9 = BLOWING SNOW
X = TORNADO
MAX 32 OR BELOW: 0 0.01 INCH OR MORE: 7
MAX 90 OR ABOVE: 0 0.10 INCH OR MORE: 2
MIN 32 OR BELOW: 13 0.50 INCH OR MORE: 2
MIN 0 OR BELOW: 0 1.00 INCH OR MORE: 0
[HDD (BASE 65) ]
TOTAL THIS MO. 529 CLEAR (SCALE 0-3) 11
DPTR FM NORMAL 10 PTCLDY (SCALE 4-7) 15
TOTAL FM JUL 1 5853 CLOUDY (SCALE 8-10) 4
DPTR FM NORMAL -551
[CDD (BASE 65) ]
TOTAL THIS MO. 1
DPTR FM NORMAL -1 [PRESSURE DATA]
TOTAL FM JAN 1 1 HIGHEST SLP 30.50 ON 1
DPTR FM NORMAL -1 LOWEST SLP 29.45 ON 26
[REMARKS]
#FINAL-04-21#