000
CXUS53 KUNR 010930
CF6ICR
PRELIMINARY LOCAL CLIMATOLOGICAL DATA (WS FORM: F-6)
STATION: WINNER REGIONAL AIRPORT SD
MONTH: SEPTEMBER
YEAR: 2023
LATITUDE: 43 23 N
LONGITUDE: 99 50 W
TEMPERATURE IN F: :PCPN: SNOW: WIND :SUNSHINE: SKY :PK WND
================================================================================
1 2 3 4 5 6A 6B 7 8 9 10 11 12 13 14 15 16 17 18
12Z AVG MX 2MIN
DY MAX MIN AVG DEP HDD CDD WTR SNW DPTH SPD SPD DIR MIN PSBL S-S WX SPD DR
================================================================================
1 102 69 86 15 0 21 0.00 M M 11.7 24 180 M M 0 34 190
2 107 76 92 21 0 27 0.00 M M 12.1 20 200 M M 0 27 210
3 106 67 87 16 0 22 T M M 7.7 17 190 M M 0 25 180
4 101 65 83 13 0 18 0.04 M M 12.3 37 290 M M 1 38 55 280
5 65 51 58 -12 7 0 0.17 M M 15.5 35 320 M M 8 138 49 320
6 77 47 62 -8 3 0 0.00 M M 5.9 13 120 M M 1 18 15 140
7 84 51 68 -2 0 3 0.02 M M 12.2 26 90 M M 2 138 34 100
8 90 52 71 2 0 6 T M M 5.0 20 280 M M 0 138 28 290
9 79 60 70 1 0 5 0.32 M M 10.1 30 130 M M 6 138 37 130
10 69 56 63 -5 2 0 T M M 4.3 13 30 M M 7 1 17 30
11 77 52 65 -3 0 0 0.00 M M 3.7 10 170 M M 3 17 180
12 81 56 69 1 0 4 0.00 M M 9.0 17 190 M M 3 23 180
13 84 60 72 5 0 7 0.00 M M 15.8 24 180 M M 0 35 160
14 84 61 73 6 0 8 0.00 M M 11.0 21 310 M M 3 27 320
15 85 55 70 3 0 5 0.00 M M 7.6 17 340 M M 2 8 25 340
16 80 44 62 -4 3 0 0.00 M M 4.5 14 330 M M 0 8 18 350
17 85 46 66 0 0 1 0.00 M M 10.5 21 180 M M 0 18 30 190
18 96 59 78 13 0 13 0.00 M M 8.6 22 190 M M 0 8 31 180
19 97 54 76 11 0 11 T M M 8.5 31 30 M M 1 46 50
20 92 54 73 9 0 8 0.09 M M 9.3 35 120 M M 2 3 45 150
21 66 59 63 -1 2 0 0.66 M M 13.6 31 100 M M 6 13 42 90
22 74 55 65 1 0 0 0.08 M M 5.3 16 120 M M 9 1 22 120
23 74 52 63 0 2 0 0.39 M M 8.8 26 60 M M 8 13 33 310
24 73 52 63 0 2 0 0.02 M M 12.3 25 320 M M 5 1 34 300
25 77 52 65 3 0 0 0.00 M M 8.0 17 340 M M 1 27 310
26 71 48 60 -2 5 0 0.00 M M 5.0 15 60 M M 4 12 20 60
27 79 51 65 4 0 0 0.00 M M 13.2 22 140 M M 0 30 150
28 84 59 72 11 0 7 0.00 M M 11.2 28 180 M M 0 40 170
29 78 55 67 7 0 2 0.00 M M 7.6 18 290 M M 0 1 26 280
30 86 50 68 8 0 3 0.01 M M 8.7 22 160 M M 4 12 31 160
================================================================================
SM 2503 1668 26 171 1.80 M 279.0 M 76
================================================================================
AV 83.4 55.6 9.3 FASTST M M 3 MAX(MPH)
MISC ----> 37 290 55 280
================================================================================
NOTES:
# LAST OF SEVERAL OCCURRENCES
COLUMN 17 PEAK WIND IN M.P.H.
PRELIMINARY LOCAL CLIMATOLOGICAL DATA (WS FORM: F-6) , PAGE 2
STATION: WINNER REGIONAL AIRPORT SD
MONTH: SEPTEMBER
YEAR: 2023
LATITUDE: 43 23 N
LONGITUDE: 99 50 W
[TEMPERATURE DATA] [PRECIPITATION DATA] SYMBOLS USED IN COLUMN 16
AVERAGE MONTHLY: 69.5 TOTAL FOR MONTH: 1.80 1 = FOG OR MIST
DPTR FM NORMAL: 3.4 DPTR FM NORMAL: -0.01 2 = FOG REDUCING VISIBILITY
HIGHEST: 107 ON 2 GRTST 24HR 0.74 ON 20-21 TO 1/4 MILE OR LESS
LOWEST: 44 ON 16 3 = THUNDER
SNOW, ICE PELLETS, HAIL 4 = ICE PELLETS
TOTAL MONTH: M 5 = HAIL
GRTST 24HR M ON M 6 = FREEZING RAIN OR DRIZZLE
GRTST DEPTH: M ON M 7 = DUSTSTORM OR SANDSTORM:
VSBY 1/2 MILE OR LESS
8 = SMOKE OR HAZE
[NO. OF DAYS WITH] [WEATHER - DAYS WITH] 9 = BLOWING SNOW
X = TORNADO
MAX 32 OR BELOW: 0 0.01 INCH OR MORE: 10
MAX 90 OR ABOVE: 8 0.10 INCH OR MORE: 4
MIN 32 OR BELOW: 0 0.50 INCH OR MORE: 1
MIN 0 OR BELOW: 0 1.00 INCH OR MORE: 0
[HDD (BASE 65) ]
TOTAL THIS MO. 26 CLEAR (SCALE 0-3) 19
DPTR FM NORMAL -72 PTCLDY (SCALE 4-7) 10
TOTAL FM JUL 1 27 CLOUDY (SCALE 8-10) 1
DPTR FM NORMAL -80
[CDD (BASE 65) ]
TOTAL THIS MO. 171
DPTR FM NORMAL 40 [PRESSURE DATA]
TOTAL FM JAN 1 1144 HIGHEST SLP 30.28 ON 10
DPTR FM NORMAL 98 LOWEST SLP 29.41 ON 4
[REMARKS]
#FINAL-09-23#