000
CXUS53 KICT 030629
CF6ICT
PRELIMINARY LOCAL CLIMATOLOGICAL DATA (WS FORM: F-6)
STATION: WICHITA EISENHOWER NATIONAL
MONTH: MAY
YEAR: 2023
LATITUDE: 37 39 N
LONGITUDE: 97 25 W
TEMPERATURE IN F: :PCPN: SNOW: WIND :SUNSHINE: SKY :PK WND
================================================================================
1 2 3 4 5 6A 6B 7 8 9 10 11 12 13 14 15 16 17 18
12Z AVG MX 2MIN
DY MAX MIN AVG DEP HDD CDD WTR SNW DPTH SPD SPD DIR MIN PSBL S-S WX SPD DR
================================================================================
1 70 37 54 -7 11 0 0.00 0.0 0 8.4 21 330 M M 1 31 340
2 72 41 57 -5 8 0 0.00 0.0 0 8.9 20 340 M M 1 28 20
3 76 35 56 -6 9 0 0.00 0.0 0 4.6 15 220 M M 4 20 200
4 74 55 65 3 0 0 T 0.0 0 11.3 24 170 M M 9 1 35 160
5 75 57 66 4 0 1 0.02 0.0 0 11.6 20 160 M M 9 1 25 160
6 95 67 81 18 0 16 0.00 0.0 0 14.8 25 230 M M 3 18 39 180
7 93 60 77 14 0 12 0.00 0.0 0 16.4 30 170 M M 3 41 190
8 90 63 77 13 0 12 0.00 0.0 0 10.6 20 90 M M 4 1 31 40
9 86 61 74 10 0 9 0.90 T 0 14.3 45 20 M M 7 135 62 300
10 85 62 74 10 0 9 0.01 0.0 0 12.4 28 140 M M 8 3 34 140
11 80 63 72 7 0 7 0.00 0.0 0 11.4 22 150 M M 8 28 160
12 89 63 76 11 0 11 0.00 0.0 0 12.7 24 200 M M 5 18 34 200
13 85 58 72 6 0 7 T 0.0 0 5.8 18 130 M M 7 24 130
14 73 62 68 2 0 3 1.53 0.0 0 4.9 26 210 M M 7 123 35 210
15 68 57 63 -3 2 0 0.02 0.0 0 13.3 22 350 M M 10 1 30 340
16 68 56 62 -5 3 0 0.00 0.0 0 8.3 17 340 M M 9 21 340
17 80 52 66 -1 0 1 0.00 0.0 0 4.4 13 60 M M 4 1 17 50
18 81 54 68 0 0 3 0.00 0.0 0 4.4 13 140 M M 7 1 19 150
19 70 47 59 -9 6 0 0.46 0.0 0 10.4 26 30 M M 8 18 36 360
20 71 46 59 -9 6 0 0.00 0.0 0 6.0 16 350 M M 3 1 21 10
21 74 49 62 -7 3 0 0.00 0.0 0 4.6 13 200 M M 5 1 17 160
22 75 55 65 -4 0 0 0.00 0.0 0 7.9 15 200 M M 8 22 200
23 76 60 68 -1 0 3 T 0.0 0 4.6 13 220 M M 7 16 220
24 81 57 69 -1 0 4 0.00 0.0 0 7.3 28 110 M M 4 18 36 110
25 79 63 71 1 0 6 0.00 0.0 0 8.9 17 180 M M 8 1 23 150
26 83 64 74 4 0 9 0.00 0.0 0 10.2 17 170 M M 7 26 180
27 84 59 72 1 0 7 0.00 0.0 0 9.8 17 150 M M 6 24 140
28 82 61 72 1 0 7 T 0.0 0 11.1 24 180 M M 7 30 180
29 82 63 73 1 0 8 0.20 0.0 0 9.9 22 170 M M 6 13 27 180
30 89 61 75 3 0 10 0.00 0.0 0 7.8 17 190 M M 5 1 22 200
31 88 65 77 5 0 12 0.00 0.0 0 8.5 23 180 M M 8 18 31 200
================================================================================
SM 2474 1753 48 157 3.14 T 285.5 M 188
================================================================================
AV 79.8 56.5 9.2 FASTST M M 6 MAX(MPH)
MISC ----> 45 20 62 300
================================================================================
NOTES:
# LAST OF SEVERAL OCCURRENCES
COLUMN 17 PEAK WIND IN M.P.H.
PRELIMINARY LOCAL CLIMATOLOGICAL DATA (WS FORM: F-6) , PAGE 2
STATION: WICHITA EISENHOWER NATIONAL
MONTH: MAY
YEAR: 2023
LATITUDE: 37 39 N
LONGITUDE: 97 25 W
[TEMPERATURE DATA] [PRECIPITATION DATA] SYMBOLS USED IN COLUMN 16
AVERAGE MONTHLY: 68.2 TOTAL FOR MONTH: 3.14 1 = FOG OR MIST
DPTR FM NORMAL: 1.5 DPTR FM NORMAL: -2.03 2 = FOG REDUCING VISIBILITY
HIGHEST: 95 ON 6 GRTST 24HR 1.55 ON 14-15 TO 1/4 MILE OR LESS
LOWEST: 35 ON 3 3 = THUNDER
SNOW, ICE PELLETS, HAIL 4 = ICE PELLETS
TOTAL MONTH: T 5 = HAIL
GRTST 24HR T ON 9- 9 6 = FREEZING RAIN OR DRIZZLE
GRTST DEPTH: 0 7 = DUSTSTORM OR SANDSTORM:
VSBY 1/2 MILE OR LESS
8 = SMOKE OR HAZE
[NO. OF DAYS WITH] [WEATHER - DAYS WITH] 9 = BLOWING SNOW
X = TORNADO
MAX 32 OR BELOW: 0 0.01 INCH OR MORE: 7
MAX 90 OR ABOVE: 3 0.10 INCH OR MORE: 4
MIN 32 OR BELOW: 0 0.50 INCH OR MORE: 2
MIN 0 OR BELOW: 0 1.00 INCH OR MORE: 1
[HDD (BASE 65) ]
TOTAL THIS MO. 48 CLEAR (SCALE 0-3) 3
DPTR FM NORMAL -31 PTCLDY (SCALE 4-7) 23
TOTAL FM JUL 1 4247 CLOUDY (SCALE 8-10) 5
DPTR FM NORMAL -162
[CDD (BASE 65) ]
TOTAL THIS MO. 157
DPTR FM NORMAL 25 [PRESSURE DATA]
TOTAL FM JAN 1 186 HIGHEST SLP 30.29 ON 20
DPTR FM NORMAL 27 LOWEST SLP 29.66 ON 7
[REMARKS]
#FINAL-05-23#