000
CXUS53 KICT 011603
CF6ICT
PRELIMINARY LOCAL CLIMATOLOGICAL DATA (WS FORM: F-6)
STATION: WICHITA EISENHOWER NATIONAL
MONTH: DECEMBER
YEAR: 2022
LATITUDE: 37 39 N
LONGITUDE: 97 25 W
TEMPERATURE IN F: :PCPN: SNOW: WIND :SUNSHINE: SKY :PK WND
================================================================================
1 2 3 4 5 6A 6B 7 8 9 10 11 12 13 14 15 16 17 18
12Z AVG MX 2MIN
DY MAX MIN AVG DEP HDD CDD WTR SNW DPTH SPD SPD DIR MIN PSBL S-S WX SPD DR
================================================================================
1 50 27 39 -1 26 0 0.00 0.0 0 19.6 35 200 M M 4 48 190
2 66 31 49 10 16 0 0.00 0.0 0 22.8 45 340 M M 5 78 60 340
3 39 21 30 -9 35 0 0.00 0.0 0 7.9 22 350 M M 7 31 350
4 45 29 37 -1 28 0 0.00 0.0 0 5.8 13 190 M M 6 17 220
5 49 32 41 3 24 0 0.00 0.0 0 6.7 16 50 M M 9 128 19 40
6 47 31 39 1 26 0 0.00 0.0 0 7.2 18 350 M M 7 1 23 340
7 47 27 37 -1 28 0 T 0.0 0 4.6 10 90 M M 9 128 13 80
8 51 29 40 3 25 0 T 0.0 0 6.7 20 300 M M 8 12 26 290
9 50 27 39 2 26 0 0.13 0.0 0 6.1 15 150 M M 6 12 18 150
10 51 28 40 3 25 0 0.15 0.0 0 4.8 14 340 M M 6 1 17 340
11 44 21 33 -3 32 0 T 0.0 0 7.8 21 170 M M 6 12 28 180
12 52 44 48 12 17 0 0.07 0.0 0 16.8 25 140 M M 10 1 35 140
13 55 29 42 6 23 0 0.28 0.0 0 15.1 25 150 M M 5 13 34 140
14 39 25 32 -4 33 0 0.00 0.0 0 12.9 23 290 M M 3 29 290
15 39 27 33 -2 32 0 0.00 0.0 0 17.7 32 330 M M 2 43 320
16 38 25 32 -3 33 0 0.00 0.0 0 14.9 32 320 M M 2 39 280
17 42 20 31 -4 34 0 0.00 0.0 0 9.0 22 330 M M 0 29 330
18 48 17 33 -2 32 0 0.00 0.0 0 8.8 18 160 M M 6 26 160
19 48 30 39 4 26 0 0.08 T 0 12.2 24 170 M M 9 14 34 170
20 30 18 24 -10 41 0 0.00 0.0 0 11.3 22 350 M M 10 1 30 350
21 34 22 28 -6 37 0 0.01 T T 8.9 18 360 M M 10 126 25 340
22 32 -5 14 -20 51 0 0.16 3.0 T 24.2 40 330 M M 7 12689 54 360
23 14 -2 6 -28 59 0 0.00 0.0 3 14.7 24 310 M M 2 32 280
24 25 3 14 -20 51 0 0.00 0.0 2 5.0 16 330 M M 3 20 320
25 32 10 21 -13 44 0 0.05 T 2 7.6 20 190 M M 7 6 26 180
26 38 12 25 -9 40 0 T T 1 11.2 35 340 M M 4 44 350
27 47 14 31 -2 34 0 0.00 0.0 T 18.0 28 170 M M 4 37 180
28 59 37 48 15 17 0 0.00 0.0 0 18.2 31 180 M M 6 44 180
29 59 35 47 14 18 0 0.00 0.0 0 14.6 33 230 M M 6 45 220
30 53 25 39 6 26 0 0.00 0.0 0 5.3 12 170 M M 5 1 15 130
31 59 32 46 13 19 0 0.00 0.0 0 8.6 21 180 M M 4 27 180
================================================================================
SM 1382 721 958 0 0.93 3.0 355.0 M 178
================================================================================
AV 44.6 23.3 11.5 FASTST M M 6 MAX(MPH)
MISC ----> 45 340 60 340
================================================================================
NOTES:
# LAST OF SEVERAL OCCURRENCES
COLUMN 17 PEAK WIND IN M.P.H.
PRELIMINARY LOCAL CLIMATOLOGICAL DATA (WS FORM: F-6) , PAGE 2
STATION: WICHITA EISENHOWER NATIONAL
MONTH: DECEMBER
YEAR: 2022
LATITUDE: 37 39 N
LONGITUDE: 97 25 W
[TEMPERATURE DATA] [PRECIPITATION DATA] SYMBOLS USED IN COLUMN 16
AVERAGE MONTHLY: 33.9 TOTAL FOR MONTH: 0.93 1 = FOG OR MIST
DPTR FM NORMAL: -1.7 DPTR FM NORMAL: -0.29 2 = FOG REDUCING VISIBILITY
HIGHEST: 66 ON 2 GRTST 24HR 0.34 ON 12-13 TO 1/4 MILE OR LESS
LOWEST: -5 ON 22 3 = THUNDER
SNOW, ICE PELLETS, HAIL 4 = ICE PELLETS
TOTAL MONTH: 3.0 INCHES 5 = HAIL
GRTST 24HR 3.0 ON 22-22 6 = FREEZING RAIN OR DRIZZLE
GRTST DEPTH: 3 ON 23 7 = DUSTSTORM OR SANDSTORM:
VSBY 1/2 MILE OR LESS
8 = SMOKE OR HAZE
[NO. OF DAYS WITH] [WEATHER - DAYS WITH] 9 = BLOWING SNOW
X = TORNADO
MAX 32 OR BELOW: 5 0.01 INCH OR MORE: 8
MAX 90 OR ABOVE: 0 0.10 INCH OR MORE: 4
MIN 32 OR BELOW: 28 0.50 INCH OR MORE: 0
MIN 0 OR BELOW: 2 1.00 INCH OR MORE: 0
[HDD (BASE 65) ]
TOTAL THIS MO. 958 CLEAR (SCALE 0-3) 5
DPTR FM NORMAL 47 PTCLDY (SCALE 4-7) 19
TOTAL FM JUL 1 1773 CLOUDY (SCALE 8-10) 7
DPTR FM NORMAL 22
[CDD (BASE 65) ]
TOTAL THIS MO. 0
DPTR FM NORMAL 0 [PRESSURE DATA]
TOTAL FM JAN 1 2156 HIGHEST SLP 30.75 ON 23
DPTR FM NORMAL 383 LOWEST SLP 29.41 ON 28
[REMARKS]
#FINAL-12-22#