000
CXUS53 KICT 031528
CF6ICT
PRELIMINARY LOCAL CLIMATOLOGICAL DATA (WS FORM: F-6)
STATION: WICHITA EISENHOWER NATIONAL
MONTH: OCTOBER
YEAR: 2020
LATITUDE: 37 39 N
LONGITUDE: 97 25 W
TEMPERATURE IN F: :PCPN: SNOW: WIND :SUNSHINE: SKY :PK WND
================================================================================
1 2 3 4 5 6A 6B 7 8 9 10 11 12 13 14 15 16 17 18
12Z AVG MX 2MIN
DY MAX MIN AVG DEP HDD CDD WTR SNW DPTH SPD SPD DIR MIN PSBL S-S WX SPD DR
================================================================================
1 68 41 55 -9 10 0 0.00 0.0 0 10.5 26 340 M M 2 36 350
2 74 38 56 -8 9 0 0.00 0.0 0 7.9 22 180 M M 4 18 28 180
3 72 49 61 -2 4 0 T 0.0 0 11.3 22 340 M M 4 31 340
4 71 36 54 -9 11 0 0.00 0.0 0 7.1 16 150 M M 1 22 140
5 81 45 63 1 2 0 0.00 0.0 0 14.5 26 190 M M 1 36 200
6 87 48 68 6 0 3 0.00 0.0 0 4.5 10 180 M M 1 13 230
7 92 51 72 10 0 7 0.00 0.0 0 7.0 16 190 M M 0 18 21 210
8 89 58 74 13 0 9 0.00 0.0 0 12.2 22 170 M M 1 1 30 160
9 85 58 72 11 0 7 0.00 0.0 0 14.3 29 170 M M 1 1 37 180
10 83 60 72 12 0 7 0.00 0.0 0 8.2 14 150 M M 3 12 20 190
11 89 59 74 14 0 9 0.00 0.0 0 18.2 51 340 M M 0 8 65 330
12 74 48 61 1 4 0 0.00 0.0 0 10.3 38 350 M M 1 8 51 350
13 82 43 63 4 2 0 0.00 0.0 0 9.2 18 230 M M 1 8 27 220
14 87 52 70 11 0 5 0.00 0.0 0 14.6 29 30 M M 3 37 360
15 64 46 55 -4 10 0 0.00 0.0 0 11.6 24 20 M M 8 33 30
16 66 41 54 -4 11 0 0.00 0.0 0 7.9 20 210 M M 7 25 220
17 73 50 62 4 3 0 0.00 0.0 0 17.0 36 200 M M 6 50 210
18 57 43 50 -8 15 0 0.00 0.0 0 17.2 30 30 M M 9 39 30
19 50 43 47 -10 18 0 0.00 0.0 0 7.6 17 40 M M 10 22 70
20 50 43 47 -10 18 0 0.01 0.0 0 5.1 10 180 M M 10 18 13 130
21 60 47 54 -2 11 0 0.05 0.0 0 7.8 13 90 M M 9 12 16 70
22 87 43 65 9 0 0 T 0.0 0 22.0 38 190 M M 5 52 190
23 48 37 43 -13 22 0 0.01 0.0 0 19.0 33 360 M M 9 1 46 350
24 42 35 39 -16 26 0 0.00 0.0 0 8.7 15 70 M M 10 20 40
25 40 30 35 -20 30 0 T 0.0 0 14.1 23 10 M M 10 16 32 360
26 30 24 27 -28 38 0 0.26 1.3 1 15.6 24 20 M M 10 146 35 30
27 32 27 30 -24 35 0 0.34 0.3 1 9.4 18 10 M M 10 146 25 360
28 42 32 37 -17 28 0 1.18 0.0 T 11.7 28 40 M M 10 1 35 40
29 54 33 44 -10 21 0 0.21 0.0 0 11.5 25 360 M M 5 18 36 350
30 67 32 50 -3 15 0 0.00 0.0 0 10.0 16 200 M M 2 8 21 210
31 68 42 55 2 10 0 0.00 0.0 0 13.4 28 190 M M 3 36 180
================================================================================
SM 2064 1334 353 47 2.06 1.6 359.4 M 156
================================================================================
AV 66.6 43.0 11.6 FASTST M M 5 MAX(MPH)
MISC ----> 51 340 65 330
================================================================================
NOTES:
# LAST OF SEVERAL OCCURRENCES
COLUMN 17 PEAK WIND IN M.P.H.
PRELIMINARY LOCAL CLIMATOLOGICAL DATA (WS FORM: F-6) , PAGE 2
STATION: WICHITA EISENHOWER NATIONAL
MONTH: OCTOBER
YEAR: 2020
LATITUDE: 37 39 N
LONGITUDE: 97 25 W
[TEMPERATURE DATA] [PRECIPITATION DATA] SYMBOLS USED IN COLUMN 16
AVERAGE MONTHLY: 54.8 TOTAL FOR MONTH: 2.06 1 = FOG OR MIST
DPTR FM NORMAL: -3.5 DPTR FM NORMAL: -0.72 2 = FOG REDUCING VISIBILITY
HIGHEST: 92 ON 7 GRTST 24HR 1.34 ON 28-29 TO 1/4 MILE OR LESS
LOWEST: 24 ON 26 3 = THUNDER
SNOW, ICE PELLETS, HAIL 4 = ICE PELLETS
TOTAL MONTH: 1.6 INCHES 5 = HAIL
GRTST 24HR 1.3 ON 26-26 6 = FREEZING RAIN OR DRIZZLE
GRTST DEPTH: 1 ON 27,26 7 = DUSTSTORM OR SANDSTORM:
VSBY 1/2 MILE OR LESS
8 = SMOKE OR HAZE
[NO. OF DAYS WITH] [WEATHER - DAYS WITH] 9 = BLOWING SNOW
X = TORNADO
MAX 32 OR BELOW: 2 0.01 INCH OR MORE: 7
MAX 90 OR ABOVE: 1 0.10 INCH OR MORE: 4
MIN 32 OR BELOW: 5 0.50 INCH OR MORE: 1
MIN 0 OR BELOW: 0 1.00 INCH OR MORE: 1
[HDD (BASE 65) ]
TOTAL THIS MO. 353 CLEAR (SCALE 0-3) 12
DPTR FM NORMAL 110 PTCLDY (SCALE 4-7) 9
TOTAL FM JUL 1 403 CLOUDY (SCALE 8-10) 10
DPTR FM NORMAL 118
[CDD (BASE 65) ]
TOTAL THIS MO. 47
DPTR FM NORMAL 12 [PRESSURE DATA]
TOTAL FM JAN 1 1767 HIGHEST SLP 30.44 ON 26
DPTR FM NORMAL 83 LOWEST SLP 29.50 ON 11
[REMARKS]
#FINAL-10-20#