000
CXUS53 KUNR 010930
CF6IEN
PRELIMINARY LOCAL CLIMATOLOGICAL DATA (WS FORM: F-6)
STATION: PINE RIDGE SD
MONTH: OCTOBER
YEAR: 2022
LATITUDE: 43 1 N
LONGITUDE: 102 31 W
TEMPERATURE IN F: :PCPN: SNOW: WIND :SUNSHINE: SKY :PK WND
================================================================================
1 2 3 4 5 6A 6B 7 8 9 10 11 12 13 14 15 16 17 18
12Z AVG MX 2MIN
DY MAX MIN AVG DEP HDD CDD WTR SNW DPTH SPD SPD DIR MIN PSBL S-S WX SPD DR
================================================================================
1 76 51 64 9 1 0 0.02 M M 4.5 15 200 M M 1 1 20 210
2 77 46 62 7 3 0 0.03 M M 7.4 24 180 M M 2 3 31 180
3 73 49 61 7 4 0 0.59 M M 5.5 15 270 M M 4 13 22 280
4 65 43 54 0 11 0 0.04 M M 4.7 13 300 M M 6 1 16 320
5 74 40 57 4 8 0 0.00 M M 3.6 14 10 M M 0 19 320
6 48 37 43 -10 22 0 T M M 7.1 16 20 M M 8 1 21 30
7 51 37 44 -8 21 0 0.00 M M 4.2 9 210 M M 8 12 210
8 66 31 49 -3 16 0 0.00 M M 3.2 12 320 M M 0 17 330
9 72 27 50 -1 15 0 0.00 M M 2.3 9 70 M M 0 14 340
10 80 33 57 7 8 0 0.00 M M 6.1 17 180 M M 0 25 190
11 72 33 53 3 12 0 T M M 7.6 25 360 M M 2 36 350
12 53 36 45 -4 20 0 0.00 M M 11.5 26 280 M M 4 37 280
13 61 29 45 -4 20 0 0.00 M M 10.6 28 340 M M 0 41 340
14 69 29 49 1 16 0 0.00 M M 7.3 21 340 M M 3 34 330
15 66 38 52 4 13 0 0.05 M M 6.4 22 360 M M 8 1 29 360
16 53 28 41 -6 24 0 0.00 M M 4.7 15 310 M M 5 26 330
17 63 23 43 -4 22 0 0.00 M M 4.0 14 80 M M 5 19 80
18 65 21 43 -3 22 0 0.00 M M 2.9 9 20 M M 0 12 70
19 73 25 49 3 16 0 0.00 M M 6.3 23 340 M M 0 34 330
20 79 25 52 6 13 0 0.00 M M 4.5 18 270 M M 0 26 300
21 76 28 52 7 13 0 0.00 M M 5.3 18 190 M M 0 24 190
22 79 33 56 12 9 0 0.00 M M 3.7 14 60 M M 0 18 70
23 60 28 44 0 21 0 0.01 M M 8.6 23 280 M M 3 34 260
24 42 19 31 -13 34 0 0.02 M M 13.3 31 270 M M 4 1 43 250
25 56 16 36 -7 29 0 0.00 M M 4.6 17 310 M M 4 23 300
26 53 15 34 -9 31 0 T M M 9.6 28 190 M M 2 37 130
27 58 21 40 -2 25 0 0.00 M M 3.3 14 10 M M 0 21 360
28 65 18 42 0 23 0 0.00 M M 6.5 17 200 M M 0 23 200
29 64 23 44 3 21 0 0.00 M M 4.8 13 190 M M 0 19 350
30 65 24 45 4 20 0 0.00 M M 2.1 9 210 M M 0 15 240
31 67 20 44 3 21 0 0.00 M M 4.8 17 240 M M 0 8 24 230
================================================================================
SM 2021 926 534 0 0.76 M 181.0 M 69
================================================================================
AV 65.2 29.9 5.8 FASTST M M 2 MAX(MPH)
MISC ----> 31 270 43 250
================================================================================
NOTES:
# LAST OF SEVERAL OCCURRENCES
COLUMN 17 PEAK WIND IN M.P.H.
PRELIMINARY LOCAL CLIMATOLOGICAL DATA (WS FORM: F-6) , PAGE 2
STATION: PINE RIDGE SD
MONTH: OCTOBER
YEAR: 2022
LATITUDE: 43 1 N
LONGITUDE: 102 31 W
[TEMPERATURE DATA] [PRECIPITATION DATA] SYMBOLS USED IN COLUMN 16
AVERAGE MONTHLY: 47.5 TOTAL FOR MONTH: 0.76 1 = FOG OR MIST
DPTR FM NORMAL: -0.1 DPTR FM NORMAL: -0.49 2 = FOG REDUCING VISIBILITY
HIGHEST: 80 ON 10 GRTST 24HR 0.63 ON 3- 4 TO 1/4 MILE OR LESS
LOWEST: 15 ON 26 3 = THUNDER
SNOW, ICE PELLETS, HAIL 4 = ICE PELLETS
TOTAL MONTH: M 5 = HAIL
GRTST 24HR M ON M 6 = FREEZING RAIN OR DRIZZLE
GRTST DEPTH: M ON M 7 = DUSTSTORM OR SANDSTORM:
VSBY 1/2 MILE OR LESS
8 = SMOKE OR HAZE
[NO. OF DAYS WITH] [WEATHER - DAYS WITH] 9 = BLOWING SNOW
X = TORNADO
MAX 32 OR BELOW: 0 0.01 INCH OR MORE: 7
MAX 90 OR ABOVE: 0 0.10 INCH OR MORE: 1
MIN 32 OR BELOW: 19 0.50 INCH OR MORE: 1
MIN 0 OR BELOW: 0 1.00 INCH OR MORE: 0
[HDD (BASE 65) ]
TOTAL THIS MO. 534 CLEAR (SCALE 0-3) 21
DPTR FM NORMAL -10 PTCLDY (SCALE 4-7) 10
TOTAL FM JUL 1 614 CLOUDY (SCALE 8-10) 0
DPTR FM NORMAL -114
[CDD (BASE 65) ]
TOTAL THIS MO. 0
DPTR FM NORMAL -5 [PRESSURE DATA]
TOTAL FM JAN 1 1000 HIGHEST SLP 30.59 ON 7
DPTR FM NORMAL 215 LOWEST SLP 29.22 ON 23
[REMARKS]
#FINAL-10-22#