000
CXUS53 KUNR 010930
CF6IEN
PRELIMINARY LOCAL CLIMATOLOGICAL DATA (WS FORM: F-6)
STATION: PINE RIDGE SD
MONTH: SEPTEMBER
YEAR: 2023
LATITUDE: 43 1 N
LONGITUDE: 102 31 W
TEMPERATURE IN F: :PCPN: SNOW: WIND :SUNSHINE: SKY :PK WND
================================================================================
1 2 3 4 5 6A 6B 7 8 9 10 11 12 13 14 15 16 17 18
12Z AVG MX 2MIN
DY MAX MIN AVG DEP HDD CDD WTR SNW DPTH SPD SPD DIR MIN PSBL S-S WX SPD DR
================================================================================
1 95 64 80 12 0 15 0.00 M M 4.8 16 290 M M 0 3 23 300
2 98 59 79 11 0 14 0.00 M M 5.5 20 290 M M 0 8 27 290
3 98 59 79 11 0 14 0.12 M M 8.7 40 230 M M 2 3 64 230
4 92 56 74 7 0 9 0.26 M M 8.6 31 280 M M 2 13 45 280
5 67 43 55 -12 10 0 T M M 9.2 23 320 M M 5 18 35 340
6 82 40 61 -6 4 0 0.00 M M 8.0 20 190 M M 0 8 34 200
7 89 50 70 4 0 5 0.28 M M 9.9 32 310 M M 0 38 49 300
8 89 46 68 2 0 3 0.01 M M 7.3 22 100 M M 0 3 33 330
9 78 57 68 2 0 3 0.27 M M 8.6 23 100 M M 1 13 36 90
10 66 51 59 -6 6 0 0.48 M M 6.3 22 90 M M 7 13 30 90
11 72 45 59 -6 6 0 0.00 M M 3.9 12 150 M M 4 12 18 160
12 79 50 65 1 0 0 0.00 M M 9.9 22 190 M M 0 33 190
13 81 54 68 4 0 3 0.00 M M 11.2 23 190 M M 0 33 200
14 64 55 60 -4 5 0 0.14 M M 3.1 12 310 M M 8 13 17 270
15 77 45 61 -2 4 0 0.00 M M 3.4 10 260 M M 1 1 14 300
16 79 40 60 -3 5 0 0.00 M M 3.5 14 20 M M 0 20 20
17 85 45 65 3 0 0 0.00 M M 5.2 14 200 M M 0 19 200
18 88 42 65 3 0 0 0.00 M M 4.5 12 280 M M 0 16 270
19 86 47 67 6 0 2 0.00 M M 6.2 16 20 M M 0 23 10
20 84 43 64 3 1 0 0.00 M M 3.4 15 190 M M 0 19 200
21 77 51 64 4 1 0 0.01 M M 8.2 23 100 M M 4 3 36 100
22 63 44 54 -6 11 0 0.83 M M 6.5 18 30 M M 5 123 25 40
23 65 43 54 -5 11 0 0.12 M M 7.6 24 260 M M 4 13 35 270
24 72 42 57 -2 8 0 0.00 M M 4.9 13 280 M M 3 17 330
25 78 38 58 0 7 0 0.00 M M 2.8 9 60 M M 0 8 12 20
26 78 43 61 3 4 0 0.00 M M 6.7 17 170 M M 0 28 150
27 83 51 67 10 0 2 0.00 M M 14.6 25 210 M M 0 35 180
28 74 53 64 7 1 0 T M M 10.1 26 180 M M 0 3 41 190
29 74 50 62 6 3 0 0.00 M M 5.7 13 80 M M 1 3 18 40
30 83 46 65 9 0 0 0.00 M M 7.1 18 240 M M 0 31 230
================================================================================
SM 2396 1452 87 70 2.52 M 205.4 M 47
================================================================================
AV 79.9 48.4 6.8 FASTST M M 2 MAX(MPH)
MISC ----> 40 230 64 230
================================================================================
NOTES:
# LAST OF SEVERAL OCCURRENCES
COLUMN 17 PEAK WIND IN M.P.H.
PRELIMINARY LOCAL CLIMATOLOGICAL DATA (WS FORM: F-6) , PAGE 2
STATION: PINE RIDGE SD
MONTH: SEPTEMBER
YEAR: 2023
LATITUDE: 43 1 N
LONGITUDE: 102 31 W
[TEMPERATURE DATA] [PRECIPITATION DATA] SYMBOLS USED IN COLUMN 16
AVERAGE MONTHLY: 64.1 TOTAL FOR MONTH: 2.52 1 = FOG OR MIST
DPTR FM NORMAL: 1.5 DPTR FM NORMAL: 1.07 2 = FOG REDUCING VISIBILITY
HIGHEST: 98 ON 3, 2 GRTST 24HR 0.95 ON 22-23 TO 1/4 MILE OR LESS
LOWEST: 38 ON 25 3 = THUNDER
SNOW, ICE PELLETS, HAIL 4 = ICE PELLETS
TOTAL MONTH: M 5 = HAIL
GRTST 24HR M ON M 6 = FREEZING RAIN OR DRIZZLE
GRTST DEPTH: M ON M 7 = DUSTSTORM OR SANDSTORM:
VSBY 1/2 MILE OR LESS
8 = SMOKE OR HAZE
[NO. OF DAYS WITH] [WEATHER - DAYS WITH] 9 = BLOWING SNOW
X = TORNADO
MAX 32 OR BELOW: 0 0.01 INCH OR MORE: 10
MAX 90 OR ABOVE: 4 0.10 INCH OR MORE: 8
MIN 32 OR BELOW: 0 0.50 INCH OR MORE: 1
MIN 0 OR BELOW: 0 1.00 INCH OR MORE: 0
[HDD (BASE 65) ]
TOTAL THIS MO. 87 CLEAR (SCALE 0-3) 23
DPTR FM NORMAL -68 PTCLDY (SCALE 4-7) 7
TOTAL FM JUL 1 116 CLOUDY (SCALE 8-10) 0
DPTR FM NORMAL -67
[CDD (BASE 65) ]
TOTAL THIS MO. 70
DPTR FM NORMAL -13 [PRESSURE DATA]
TOTAL FM JAN 1 597 HIGHEST SLP 30.30 ON 9
DPTR FM NORMAL -183 LOWEST SLP 29.47 ON 4
[REMARKS]
#FINAL-09-23#