000
CXUS55 KVEF 012230
CLMIGM
CLIMATE REPORT
NATIONAL WEATHER SERVICE LAS VEGAS, NV
230 PM PST FRI MAR 01 2024
...................................
...THE KINGMAN AZ CLIMATE SUMMARY FOR THE MONTH OF FEBRUARY 2024...
CLIMATE NORMAL PERIOD: 1991 TO 2020
CLIMATE RECORD PERIOD: 1901 TO 2024
WEATHER OBSERVED NORMAL DEPART LAST YEAR`S
VALUE DATE(S) VALUE FROM VALUE DATE(S)
NORMAL
................................................................
TEMPERATURE (F)
RECORD
HIGH 82 02/27/1986
02/13/1957
LOW 9 02/23/2019
02/10/1933
HIGHEST 71 02/25 69 02/20
LOWEST 28 02/11 20 02/16
02/12
AVG. MAXIMUM 59.4 60.6 -1.2 57.5
AVG. MINIMUM 36.0 33.3 2.7 30.2
MEAN 47.7 47.0 0.7 43.8
DAYS MAX >= 90 0 0.0 0.0 0
DAYS MAX <= 32 0 0.0 0.0 0
DAYS MIN <= 32 9 12.6 -3.6 22
DAYS MIN <= 0 0 0.0 0.0 0
PRECIPITATION (INCHES)
RECORD
MAXIMUM 4.62 1993
MINIMUM 0.00 2002
TOTALS 1.67 1.04 0.63 0.56
DAILY AVG. 0.06 NAN NAN 0.02
DAYS >= .01 7 4.7 2.3 MM
DAYS >= .10 4 2.5 1.5 MM
DAYS >= .50 1 0.6 0.4 MM
DAYS >= 1.00 0 0.1 -0.1 MM
GREATEST
24 HR. TOTAL 0.65 02/08 TO 02/08
DEGREE DAYS
HEATING TOTAL 495 505 -10 585
SINCE 7/1 2164 2403 -239 MM
COOLING TOTAL 0 0 0 0
SINCE 1/1 0 0 0 MM
FREEZE DATES
RECORD
EARLIEST 09/24/1920
LATEST 05/21/1975
EARLIEST 11/10
LATEST 04/06
................................................................
WIND (MPH)
AVERAGE WIND SPEED 8.9
HIGHEST WIND SPEED/DIRECTION 39/230 DATE 02/01
HIGHEST GUST SPEED/DIRECTION 54/230 DATE 02/01
SKY COVER
POSSIBLE SUNSHINE (PERCENT) MM
AVERAGE SKY COVER 0.22
NUMBER OF DAYS FAIR 20
NUMBER OF DAYS PC 7
NUMBER OF DAYS CLOUDY 2
AVERAGE RH (PERCENT) 58
WEATHER CONDITIONS. NUMBER OF DAYS WITH
THUNDERSTORM 2 MIXED PRECIP 0
HEAVY RAIN 1 RAIN 3
LIGHT RAIN 8 FREEZING RAIN 0
LT FREEZING RAIN 0 HAIL 0
HEAVY SNOW 1 SLEET 0
FOG 5 FOG W/VIS <= 1/4 MILE 1
HAZE 0
- INDICATES NEGATIVE NUMBERS.
R INDICATES RECORD WAS SET OR TIED.
MM INDICATES DATA IS MISSING.
T INDICATES TRACE AMOUNT.
$$