000
CXUS51 KPHI 010915
CF6ILG
PRELIMINARY LOCAL CLIMATOLOGICAL DATA (WS FORM: F-6)
STATION: WILMINGTON DE
MONTH: JANUARY
YEAR: 2023
LATITUDE: 39 40 N
LONGITUDE: 75 36 W
TEMPERATURE IN F: :PCPN: SNOW: WIND :SUNSHINE: SKY :PK WND
================================================================================
1 2 3 4 5 6A 6B 7 8 9 10 11 12 13 14 15 16 17 18
12Z AVG MX 2MIN
DY MAX MIN AVG DEP HDD CDD WTR SNW DPTH SPD SPD DIR MIN PSBL S-S WX SPD DR
================================================================================
1 59 37 48 13 17 0 0.00 0.0 0 6.0 18 290 M M 3 12 22 290
2 57 37 47 12 18 0 T 0.0 0 3.2 10 160 M M 4 1 12 170
3 64 47 56 22 9 0 0.01 0.0 0 6.5 16 210 M M 6 18 21 210
4 68 55 62 28 3 0 T 0.0 0 6.9 15 230 M M 4 12 20 230
5 65 46 56 22 9 0 0.40 0.0 0 4.9 14 310 M M 8 12 16 310
6 52 40 46 12 19 0 0.01 0.0 0 9.2 22 310 M M 8 18 30 320
7 50 37 44 10 21 0 0.00 0.0 0 9.0 17 320 M M 9 21 290
8 44 30 37 3 28 0 0.00 0.0 0 6.5 14 180 M M 3 17 180
9 46 34 40 6 25 0 0.03 0.0 0 7.9 21 300 M M 5 18 27 300
10 46 31 39 5 26 0 0.00 0.0 0 5.2 12 280 M M 0 1 15 330
11 46 27 37 3 28 0 T 0.0 0 5.4 12 170 M M 2 18 14 130
12 55 39 47 13 18 0 0.07 0.0 0 6.6 15 160 M M 9 1 20 150
13 59 38 49 16 16 0 0.03 0.0 0 16.2 28 300 M M 9 1 34 300
14 38 30 34 1 31 0 0.00 0.0 0 15.6 28 350 M M 10 40 360
15 46 29 38 5 27 0 0.00 0.0 0 14.1 23 330 M M 2 30 320
16 52 27 40 7 25 0 0.00 0.0 0 9.2 18 320 M M 0 23 310
17 48 30 39 6 26 0 T 0.0 0 3.7 9 230 M M 6 12 13 220
18 58 37 48 15 17 0 0.00 0.0 0 10.2 24 290 M M 6 12 30 280
19 46 38 42 9 23 0 0.69 0.0 0 4.5 17 310 M M 9 1 20 320
20 51 36 44 11 21 0 0.01 0.0 0 13.4 28 300 M M 7 1 36 290
21 43 37 40 7 25 0 0.00 0.0 0 7.9 17 280 M M 8 21 280
22 41 28 35 2 30 0 0.56 0.0 0 5.7 15 40 M M 6 1 19 30
23 41 37 39 6 26 0 0.20 0.0 0 13.5 23 310 M M 10 1 30 300
24 49 31 40 7 25 0 0.00 0.0 0 9.0 21 290 M M 1 27 300
25 58 26 42 9 23 0 0.74 0.0 0 9.4 28 150 M M 5 1 35 160
26 52 37 45 12 20 0 0.11 0.0 0 13.9 29 280 M M 8 1 37 280
27 42 28 35 2 30 0 0.00 0.0 0 6.5 17 300 M M 3 21 310
28 53 25 39 6 26 0 0.00 0.0 0 6.9 17 220 M M 2 22 220
29 51 29 40 7 25 0 T 0.0 0 6.3 22 210 M M 3 28 210
30 53 35 44 11 21 0 0.00 0.0 0 3.8 12 160 M M 5 1 15 140
31 44 33 39 6 26 0 0.06 T 0 6.0 16 10 M M 9 14 20 350
================================================================================
SM 1577 1071 684 0 2.92 T 253.1 M 170
================================================================================
AV 50.9 34.5 8.2 FASTST M M 5 MAX(MPH)
MISC ----> 29 280 40 360
================================================================================
NOTES:
# LAST OF SEVERAL OCCURRENCES
COLUMN 17 PEAK WIND IN M.P.H.
PRELIMINARY LOCAL CLIMATOLOGICAL DATA (WS FORM: F-6) , PAGE 2
STATION: WILMINGTON DE
MONTH: JANUARY
YEAR: 2023
LATITUDE: 39 40 N
LONGITUDE: 75 36 W
[TEMPERATURE DATA] [PRECIPITATION DATA] SYMBOLS USED IN COLUMN 16
AVERAGE MONTHLY: 42.7 TOTAL FOR MONTH: 2.92 1 = FOG OR MIST
DPTR FM NORMAL: 9.2 DPTR FM NORMAL: -0.31 2 = FOG REDUCING VISIBILITY
HIGHEST: 68 ON 4 GRTST 24HR 0.87 ON 22-23 TO 1/4 MILE OR LESS
LOWEST: 25 ON 28 3 = THUNDER
SNOW, ICE PELLETS, HAIL 4 = ICE PELLETS
TOTAL MONTH: T 5 = HAIL
GRTST 24HR T ON 31-31 6 = FREEZING RAIN OR DRIZZLE
GRTST DEPTH: 0 7 = DUSTSTORM OR SANDSTORM:
VSBY 1/2 MILE OR LESS
8 = SMOKE OR HAZE
[NO. OF DAYS WITH] [WEATHER - DAYS WITH] 9 = BLOWING SNOW
X = TORNADO
MAX 32 OR BELOW: 0 0.01 INCH OR MORE: 13
MAX 90 OR ABOVE: 0 0.10 INCH OR MORE: 6
MIN 32 OR BELOW: 13 0.50 INCH OR MORE: 3
MIN 0 OR BELOW: 0 1.00 INCH OR MORE: 0
[HDD (BASE 65) ]
TOTAL THIS MO. 684 CLEAR (SCALE 0-3) 6
DPTR FM NORMAL -292 PTCLDY (SCALE 4-7) 15
TOTAL FM JUL 1 2324 CLOUDY (SCALE 8-10) 10
DPTR FM NORMAL -342
[CDD (BASE 65) ]
TOTAL THIS MO. 0
DPTR FM NORMAL 0 [PRESSURE DATA]
TOTAL FM JAN 1 0 HIGHEST SLP 30.37 ON 8
DPTR FM NORMAL 0 LOWEST SLP 29.48 ON 26
[REMARKS]
#FINAL-01-23#