000
CXUS51 KPHI 010815
CF6ILG
PRELIMINARY LOCAL CLIMATOLOGICAL DATA (WS FORM: F-6)
STATION: WILMINGTON DE
MONTH: APRIL
YEAR: 2020
LATITUDE: 39 40 N
LONGITUDE: 75 36 W
TEMPERATURE IN F: :PCPN: SNOW: WIND :SUNSHINE: SKY :PK WND
================================================================================
1 2 3 4 5 6A 6B 7 8 9 10 11 12 13 14 15 16 17 18
12Z AVG MX 2MIN
DY MAX MIN AVG DEP HDD CDD WTR SNW DPTH SPD SPD DIR MIN PSBL S-S WX SPD DR
================================================================================
1 57 40 49 1 16 0 0.00 0.0 0 11.5 22 330 M M 5 27 10
2 60 36 48 -1 17 0 0.00 0.0 0 17.5 32 320 M M 1 42 300
3 58 47 53 4 12 0 T 0.0 0 18.0 29 320 M M 6 39 10
4 57 47 52 3 13 0 T 0.0 0 6.1 15 30 M M 9 8 18 20
5 68 47 58 8 7 0 T 0.0 0 6.6 14 240 M M 7 17 250
6 68 48 58 8 7 0 0.00 0.0 0 7.5 17 300 M M 2 26 320
7 63 44 54 4 11 0 0.01 0.0 0 5.6 16 170 M M 6 19 160
8 76 50 63 12 2 0 0.21 0.0 0 11.2 24 330 M M 4 13 33 330
9 68 39 54 3 11 0 0.07 0.0 0 13.7 52 310 M M 5 1 69 320
10 52 40 46 -6 19 0 T T 0 21.6 38 290 M M 5 48 290
11 59 35 47 -5 18 0 0.00 0.0 0 10.0 23 290 M M 2 31 310
12 69 36 53 1 12 0 0.16 0.0 0 8.6 18 170 M M 5 1 24 170
13 73 52 63 11 2 0 1.88 0.0 0 16.7 30 280 M M 7 138 40 290
14 59 43 51 -2 14 0 0.01 0.0 0 10.8 22 320 M M 5 30 320
15 53 39 46 -7 19 0 0.05 0.0 0 10.4 22 320 M M 4 28 330
16 51 36 44 -10 21 0 0.00 0.0 0 11.5 23 320 M M 4 37 300
17 53 29 41 -13 24 0 0.01 0.0 0 7.1 20 160 M M 6 24 160
18 51 35 43 -11 22 0 0.05 0.0 0 9.2 28 330 M M 7 1 37 340
19 62 31 47 -7 18 0 0.00 0.0 0 7.3 22 210 M M 0 27 220
20 61 46 54 -1 11 0 0.00 0.0 0 7.6 18 40 M M 3 24 40
21 65 38 52 -3 13 0 0.25 0.0 0 14.3 35 300 M M 3 13 46 290
22 57 34 46 -9 19 0 0.00 0.0 0 13.6 28 290 M M 0 36 300
23 58 40 49 -7 16 0 0.66 0.0 0 7.3 15 170 M M 8 1 18 170
24 53 47 50 -6 15 0 0.41 0.0 0 9.8 17 50 M M 10 1 21 50
25 67 41 54 -2 11 0 T 0.0 0 7.5 21 180 M M 2 12 27 180
26 52 46 49 -8 16 0 0.11 0.0 0 10.4 16 50 M M 10 1 20 70
27 57 40 49 -8 16 0 T 0.0 0 12.9 26 310 M M 8 36 310
28 64 38 51 -6 14 0 0.00 0.0 0 5.9 15 220 M M 2 22 230
29 71 50 61 3 4 0 T 0.0 0 11.4 22 100 M M 4 29 100
30 69 58 64 6 1 0 0.47 0.0 0 19.9 46 150 M M 6 1 59 150
================================================================================
SM 1831 1252 401 0 4.35 T 331.5 M 146
================================================================================
AV 61.0 41.7 11.0 FASTST M M 5 MAX(MPH)
MISC ----> 52 310 69 320
================================================================================
NOTES:
# LAST OF SEVERAL OCCURRENCES
COLUMN 17 PEAK WIND IN M.P.H.
PRELIMINARY LOCAL CLIMATOLOGICAL DATA (WS FORM: F-6) , PAGE 2
STATION: WILMINGTON DE
MONTH: APRIL
YEAR: 2020
LATITUDE: 39 40 N
LONGITUDE: 75 36 W
[TEMPERATURE DATA] [PRECIPITATION DATA] SYMBOLS USED IN COLUMN 16
AVERAGE MONTHLY: 51.4 TOTAL FOR MONTH: 4.35 1 = FOG OR MIST
DPTR FM NORMAL: -1.9 DPTR FM NORMAL: 0.85 2 = FOG REDUCING VISIBILITY
HIGHEST: 76 ON 8 GRTST 24HR 2.04 ON 12-13 TO 1/4 MILE OR LESS
LOWEST: 29 ON 17 3 = THUNDER
SNOW, ICE PELLETS, HAIL 4 = ICE PELLETS
TOTAL MONTH: T 5 = HAIL
GRTST 24HR T ON 10-10 6 = FREEZING RAIN OR DRIZZLE
GRTST DEPTH: 0 7 = DUSTSTORM OR SANDSTORM:
VSBY 1/2 MILE OR LESS
8 = SMOKE OR HAZE
[NO. OF DAYS WITH] [WEATHER - DAYS WITH] 9 = BLOWING SNOW
X = TORNADO
MAX 32 OR BELOW: 0 0.01 INCH OR MORE: 14
MAX 90 OR ABOVE: 0 0.10 INCH OR MORE: 8
MIN 32 OR BELOW: 2 0.50 INCH OR MORE: 2
MIN 0 OR BELOW: 0 1.00 INCH OR MORE: 1
[HDD (BASE 65) ]
TOTAL THIS MO. 401 CLEAR (SCALE 0-3) 9
DPTR FM NORMAL 38 PTCLDY (SCALE 4-7) 18
TOTAL FM JUL 1 4034 CLOUDY (SCALE 8-10) 3
DPTR FM NORMAL -635
[CDD (BASE 65) ]
TOTAL THIS MO. 0
DPTR FM NORMAL -11 [PRESSURE DATA]
TOTAL FM JAN 1 1 HIGHEST SLP 30.37 ON 17
DPTR FM NORMAL -11 LOWEST SLP 29.23 ON 9
[REMARKS]
#FINAL-04-20#