000
CXUS52 KILM 011831
CF6ILM
PRELIMINARY LOCAL CLIMATOLOGICAL DATA (WS FORM: F-6)
STATION: WILMINGTON NORTH CAROLINA
MONTH: MAY
YEAR: 2021
LATITUDE: 34 16 N
LONGITUDE: 77 55 W
TEMPERATURE IN F: :PCPN: SNOW: WIND :SUNSHINE: SKY :PK WND
================================================================================
1 2 3 4 5 6A 6B 7 8 9 10 11 12 13 14 15 16 17 18
12Z AVG MX 2MIN
DY MAX MIN AVG DEP HDD CDD WTR SNW DPTH SPD SPD DIR MIN PSBL S-S WX SPD DR
================================================================================
1 77 53 65 -3 0 0 0.00 0.0 0 7.2 18 30 M M 0 24 10
2 82 50 66 -2 0 1 0.00 0.0 0 7.5 18 240 M M 1 27 230
3 86 65 76 8 0 11 0.02 0.0 0 10.5 22 200 M M 3 3 28 210
4 91 68 80 12 0 15 0.00 0.0 0 11.6 21 230 M M 1 26 220
5 89 72 81 12 0 16 0.00 0.0 0 15.4 24 250 M M 1 30 250
6 72 57 65 -4 0 0 0.00 0.0 0 7.5 14 100 M M 5 19 90
7 72 51 62 -7 3 0 0.44 0.0 0 7.7 41 320 M M 3 13 50 320
8 80 46 63 -6 2 0 0.00 0.0 0 8.8 23 270 M M 1 1 32 260
9 84 54 69 -1 0 4 0.00 0.0 0 10.9 26 200 M M 0 35 190
10 87 70 79 9 0 14 T 0.0 0 12.7 24 230 M M 2 32 220
11 73 61 67 -3 0 2 0.00 0.0 0 6.6 15 30 M M 7 1 17 30
12 62 47 55 -15 10 0 0.29 0.0 0 10.6 23 30 M M 9 1 29 30
13 71 46 59 -11 6 0 0.00 0.0 0 10.2 23 40 M M 4 29 30
14 76 47 62 -9 3 0 0.00 0.0 0 6.9 22 20 M M 2 26 20
15 78 45 62 -9 3 0 0.00 0.0 0 4.3 17 10 M M 1 21 10
16 80 46 63 -8 2 0 0.00 0.0 0 3.5 13 120 M M 0 20 10
17 80 53 67 -4 0 2 0.00 0.0 0 3.9 13 120 M M 4 17 130
18 82 59 71 -1 0 6 0.00 0.0 0 6.7 14 110 M M 3 20 40
19 79 58 69 -3 0 4 0.00 0.0 0 6.3 14 130 M M 1 19 110
20 84 54 69 -3 0 4 0.00 0.0 0 3.9 14 110 M M 0 12 19 140
21 82 57 70 -2 0 5 0.00 0.0 0 7.9 16 100 M M 0 22 130
22 87 59 73 1 0 8 0.00 0.0 0 5.5 12 120 M M 3 12 18 320
23 95 66 81 8 0 16 0.00 0.0 0 7.1 16 290 M M 1 21 300
24 96 67 82 9 0 17 0.02 0.0 0 6.9 18 90 M M 3 1 25 90
25 87 70 79 6 0 14 0.03 0.0 0 5.0 13 130 M M 2 1 15 130
26 93 70 82 9 0 17 0.00 0.0 0 8.9 17 210 M M 0 23 220
27 98 74 86 12 0 21 0.00 0.0 0 9.3 17 240 M M 2 22 230
28 96 75 86 12 0 21 0.00 0.0 0 12.3 23 210 M M 0 33 230
29 90 69 80 6 0 15 0.00 0.0 0 14.0 24 220 M M 2 33 210
30 69 55 62 -12 3 0 0.15 0.0 0 8.6 17 340 M M 8 13 22 350
31 77 51 64 -11 1 0 0.00 0.0 0 6.2 15 30 M M 1 20 40
================================================================================
SM 2555 1815 33 213 0.95 0.0 254.4 M 70
================================================================================
AV 82.4 58.5 8.2 FASTST M M 2 MAX(MPH)
MISC ----> 41 320 50 320
================================================================================
NOTES:
# LAST OF SEVERAL OCCURRENCES
COLUMN 17 PEAK WIND IN M.P.H.
PRELIMINARY LOCAL CLIMATOLOGICAL DATA (WS FORM: F-6) , PAGE 2
STATION: WILMINGTON NORTH CAROLINA
MONTH: MAY
YEAR: 2021
LATITUDE: 34 16 N
LONGITUDE: 77 55 W
[TEMPERATURE DATA] [PRECIPITATION DATA] SYMBOLS USED IN COLUMN 16
AVERAGE MONTHLY: 70.5 TOTAL FOR MONTH: 0.95 1 = FOG OR MIST
DPTR FM NORMAL: -0.6 DPTR FM NORMAL: -3.59 2 = FOG REDUCING VISIBILITY
HIGHEST: 98 ON 27 GRTST 24HR 0.44 ON 7- 7 TO 1/4 MILE OR LESS
LOWEST: 45 ON 15 3 = THUNDER
SNOW, ICE PELLETS, HAIL 4 = ICE PELLETS
TOTAL MONTH: 0.0 INCH 5 = HAIL
GRTST 24HR 0.0 6 = FREEZING RAIN OR DRIZZLE
GRTST DEPTH: 0 7 = DUSTSTORM OR SANDSTORM:
VSBY 1/2 MILE OR LESS
8 = SMOKE OR HAZE
[NO. OF DAYS WITH] [WEATHER - DAYS WITH] 9 = BLOWING SNOW
X = TORNADO
MAX 32 OR BELOW: 0 0.01 INCH OR MORE: 6
MAX 90 OR ABOVE: 7 0.10 INCH OR MORE: 3
MIN 32 OR BELOW: 0 0.50 INCH OR MORE: 0
MIN 0 OR BELOW: 0 1.00 INCH OR MORE: 0
[HDD (BASE 65) ]
TOTAL THIS MO. 33 CLEAR (SCALE 0-3) 23
DPTR FM NORMAL 12 PTCLDY (SCALE 4-7) 7
TOTAL FM JUL 1 2057 CLOUDY (SCALE 8-10) 1
DPTR FM NORMAL -264
[CDD (BASE 65) ]
TOTAL THIS MO. 213
DPTR FM NORMAL 3 [PRESSURE DATA]
TOTAL FM JAN 1 346 HIGHEST SLP 30.45 ON 21
DPTR FM NORMAL 33 LOWEST SLP 29.75 ON 5
[REMARKS]
#FINAL-05-21#