000
CXUS53 KILX 010900
CF6ILX
PRELIMINARY LOCAL CLIMATOLOGICAL DATA (WS FORM: F-6)
STATION: LINCOLN IL
MONTH: AUGUST
YEAR: 2022
LATITUDE: 40 9 N
LONGITUDE: 89 20 W
TEMPERATURE IN F: :PCPN: SNOW: WIND :SUNSHINE: SKY :PK WND
================================================================================
1 2 3 4 5 6A 6B 7 8 9 10 11 12 13 14 15 16 17 18
12Z AVG MX 2MIN
DY MAX MIN AVG DEP HDD CDD WTR SNW DPTH SPD SPD DIR MIN PSBL S-S WX SPD DR
================================================================================
1 87 64 76 2 0 11 0.35 0.0 0 M M M M M M 13 M M
2 82 65 74 0 0 9 2.10 0.0 0 M M M M M M 138 M M
3 90 70 80 6 0 15 0.76 0.0 0 M M M M M M 3 M M
4 86 69 78 4 0 13 T 0.0 0 M M M M M M M M
5 86 70 78 4 0 13 0.00 0.0 0 M M M M M M 12 M M
6 90 68 79 6 0 14 0.00 0.0 0 M M M M M M 12 M M
7 89 73 81 8 0 16 0.00 0.0 0 M M M M M M M M
8 85 71 78 5 0 13 0.01 0.0 0 M M M M M M M M
9 78 61 70 -3 0 5 0.00 0.0 0 M M M M M M M M
10 81 55 68 -5 0 3 0.00 0.0 0 M M M M M M M M
11 84 57 71 -2 0 6 0.03 0.0 0 M M M M M M M M
12 78 52 65 -8 0 0 0.00 0.0 0 M M M M M M M M
13 81 57 69 -4 0 4 0.00 0.0 0 M M M M M M M M
14 82 67 75 2 0 10 0.00 0.0 0 M M M M M M M M
15 79 64 72 -1 0 7 T 0.0 0 M M M M M M M M
16 81 59 70 -3 0 5 0.00 0.0 0 M M M M M M 1 M M
17 82 55 69 -4 0 4 0.00 0.0 0 M M M M M M M M
18 82 56 69 -4 0 4 0.00 0.0 0 M M M M M M M M
19 83 56 70 -3 0 5 0.04 0.0 0 M M M M M M M M
20 83 63 73 1 0 8 0.89 0.0 0 M M M M M M 13 M M
21 79 62 71 -1 0 6 0.01 0.0 0 M M M M M M M M
22 81 57 69 -3 0 4 0.00 0.0 0 M M M M M M M M
23 80 58 69 -3 0 4 0.00 0.0 0 M M M M M M M M
24 82 55 69 -3 0 4 0.00 0.0 0 M M M M M M M M
25 85 59 72 0 0 7 0.49 0.0 0 M M M M M M 3 M M
26 82 62 72 0 0 7 0.00 0.0 0 M M M M M M 1 M M
27 84 58 71 -1 0 6 0.00 0.0 0 M M M M M M M M
28 88 65 77 5 0 12 0.08 0.0 0 M M M M M M 3 M M
29 89 69 79 8 0 14 0.03 0.0 0 M M M M M M 3 M M
30 81 61 71 0 0 6 0.10 0.0 0 M M M M M M 13 M M
31 82 53 68 -3 0 3 0.00 0.0 0 M M M M M M M M
================================================================================
SM 2582 1911 0 238 4.89 0.0 M M M
================================================================================
AV 83.3 61.6 M FASTST M M M MAX(MPH)
MISC ----> M M M M
================================================================================
NOTES:
# LAST OF SEVERAL OCCURRENCES
COLUMN 17 PEAK WIND IN M.P.H.
PRELIMINARY LOCAL CLIMATOLOGICAL DATA (WS FORM: F-6) , PAGE 2
STATION: LINCOLN IL
MONTH: AUGUST
YEAR: 2022
LATITUDE: 40 9 N
LONGITUDE: 89 20 W
[TEMPERATURE DATA] [PRECIPITATION DATA] SYMBOLS USED IN COLUMN 16
AVERAGE MONTHLY: 72.5 TOTAL FOR MONTH: 4.89 1 = FOG OR MIST
DPTR FM NORMAL: -0.1 DPTR FM NORMAL: 1.42 2 = FOG REDUCING VISIBILITY
HIGHEST: 90 ON 6, 3 GRTST 24HR 2.10 ON 2- 2 TO 1/4 MILE OR LESS
LOWEST: 52 ON 12 3 = THUNDER
SNOW, ICE PELLETS, HAIL 4 = ICE PELLETS
TOTAL MONTH: 0.0 INCH 5 = HAIL
GRTST 24HR 0.0 6 = FREEZING RAIN OR DRIZZLE
GRTST DEPTH: 0 7 = DUSTSTORM OR SANDSTORM:
VSBY 1/2 MILE OR LESS
8 = SMOKE OR HAZE
[NO. OF DAYS WITH] [WEATHER - DAYS WITH] 9 = BLOWING SNOW
X = TORNADO
MAX 32 OR BELOW: 0 0.01 INCH OR MORE: 12
MAX 90 OR ABOVE: 2 0.10 INCH OR MORE: 6
MIN 32 OR BELOW: 0 0.50 INCH OR MORE: 3
MIN 0 OR BELOW: 0 1.00 INCH OR MORE: 1
[HDD (BASE 65) ]
TOTAL THIS MO. 0 CLEAR (SCALE 0-3) 0
DPTR FM NORMAL -6 PTCLDY (SCALE 4-7) 0
TOTAL FM JUL 1 0 CLOUDY (SCALE 8-10) 31
DPTR FM NORMAL -2
[CDD (BASE 65) ]
TOTAL THIS MO. 238
DPTR FM NORMAL -5 [PRESSURE DATA]
TOTAL FM JAN 1 908 HIGHEST SLP M ON M
DPTR FM NORMAL 29 LOWEST SLP M ON M
[REMARKS]
#FINAL-08-22#