000
CXUS53 KLBF 010814
CLMIML
CLIMATE REPORT
NATIONAL WEATHER SERVICE NORTH PLATTE NE
214 AM CST MON JAN 01 2024
...................................
...THE IMPERIAL CLIMATE SUMMARY FOR THE MONTH OF DECEMBER 2023...
CLIMATE NORMAL PERIOD 1991 TO 2020
CLIMATE RECORD PERIOD 1893 TO 2023
WEATHER OBSERVED NORMAL DEPART LAST YEAR`S
VALUE DATE(S) VALUE FROM VALUE DATE(S)
NORMAL
................................................................
TEMPERATURE (F)
RECORD
HIGH 79 12/06/1939
LOW -34 12/22/1989
HIGHEST 69 12/07 63 6 64 12/02
LOWEST 13 12/10 -5 18 -16 12/22
12/31
AVG. MAXIMUM 47.8 42.5 5.3 38.3
AVG. MINIMUM 22.4 16.8 5.6 12.4
MEAN 35.1 29.7 5.4 25.3
DAYS MAX >= 90 0 0.0 0.0 0
DAYS MAX <= 32 3 7.7 -4.7 11
DAYS MIN <= 32 31 30.7 0.3 30
DAYS MIN <= 0 0 2.1 -2.1 6
PRECIPITATION (INCHES)
RECORD
MAXIMUM 3.85 1913
MINIMUM 0.00 2001
TOTALS 0.66 0.23 0.43 1.71
DAILY AVG. 0.02 0.01 0.01 0.06
DAYS >= .01 7 2.4 4.6 4
DAYS >= .10 2 0.8 1.2 3
DAYS >= .50 0 0.1 -0.1 2
DAYS >= 1.00 0 0.0 0.0 0
GREATEST
24 HR. TOTAL 0.28 12/13 TO 12/14 0.90 12/28 TO 12/29
SNOWFALL (INCHES)
TOTALS MM
DEGREE DAYS
HEATING TOTAL 917 1095 -178 1222
SINCE 7/1 2077 2427 -350 MM
COOLING TOTAL 0 0 0 0
SINCE 1/1 986 1015 -29 MM
................................................................
WIND (MPH)
HIGHEST WIND SPEED/DIRECTION 39/330 DATE 12/03
HIGHEST GUST SPEED/DIRECTION 56/320 DATE 12/07
56/290 12/25
AVERAGE RH (PERCENT) 64
WEATHER CONDITIONS. NUMBER OF DAYS WITH
THUNDERSTORM 0 MIXED PRECIP 0
HEAVY RAIN 0 RAIN 1
LIGHT RAIN 5 FREEZING RAIN 1
LT FREEZING RAIN 1 HAIL 0
HEAVY SNOW 0 SNOW 3
LIGHT SNOW 6 SLEET 0
FOG 9 FOG W/VIS <= 1/4 MILE 3
HAZE 5
- INDICATES NEGATIVE NUMBERS.
R INDICATES RECORD WAS SET OR TIED.
MM INDICATES DATA IS MISSING.
T INDICATES TRACE AMOUNT.
&&
...SNOWFALL AND SNOW DEPTH UNAVAILABLE AT THIS LOCATION...
$$