000
CXUS53 KIND 010700
CF6IND
PRELIMINARY LOCAL CLIMATOLOGICAL DATA (WS FORM: F-6)
STATION: INDIANAPOLIS IN
MONTH: JANUARY
YEAR: 2022
LATITUDE: 39 43 N
LONGITUDE: 86 17 W
TEMPERATURE IN F: :PCPN: SNOW: WIND :SUNSHINE: SKY :PK WND
================================================================================
1 2 3 4 5 6A 6B 7 8 9 10 11 12 13 14 15 16 17 18
12Z AVG MX 2MIN
DY MAX MIN AVG DEP HDD CDD WTR SNW DPTH SPD SPD DIR MIN PSBL S-S WX SPD DR
================================================================================
1 61 38 50 20 15 0 0.43 0.0 0 10.3 21 230 M M 10 1 28 240
2 38 23 31 1 34 0 0.02 T 0 11.6 18 340 M M 9 1 23 10
3 31 21 26 -3 39 0 0.00 0.0 0 7.0 13 250 M M 4 17 240
4 41 21 31 2 34 0 0.00 0.0 0 12.6 24 180 M M 6 32 210
5 40 14 27 -2 38 0 T T 0 21.5 32 250 M M 6 43 250
6 18 10 14 -15 51 0 T T 0 12.3 20 290 M M 9 26 300
7 19 3 11 -18 54 0 T T T 8.6 17 300 M M 5 22 280
8 39 14 27 -2 38 0 0.17 0.0 0 12.6 20 190 M M 6 16 27 180
9 42 17 30 2 35 0 0.40 0.0 0 14.0 28 320 M M 8 1 34 310
10 28 13 21 -7 44 0 0.00 0.0 0 11.2 20 270 M M 3 26 300
11 33 10 22 -6 43 0 0.00 0.0 0 10.2 20 200 M M 2 25 200
12 48 32 40 12 25 0 0.00 0.0 0 11.3 24 220 M M 8 36 220
13 44 28 36 8 29 0 0.00 0.0 0 7.0 15 330 M M 5 1 20 320
14 35 28 32 4 33 0 0.00 0.0 0 8.5 16 80 M M 10 18 20 70
15 33 19 26 -2 39 0 0.05 0.3 T 14.0 20 60 M M 6 1 25 70
16 37 15 26 -2 39 0 0.00 0.0 T 9.4 18 320 M M 3 21 310
17 28 23 26 -2 39 0 T T 0 13.5 22 300 M M 10 18 28 300
18 44 21 33 5 32 0 0.00 0.0 0 11.0 21 180 M M 8 26 190
19 45 20 33 5 32 0 T T 0 15.9 26 230 M M 9 37 230
20 24 13 19 -9 46 0 T T 0 10.7 17 330 M M 7 8 22 340
21 26 15 21 -7 44 0 0.00 0.0 0 8.2 14 80 M M 5 19 80
22 33 11 22 -6 43 0 0.00 0.0 0 11.0 21 250 M M 4 29 230
23 34 21 28 0 37 0 0.02 0.3 0 12.5 32 290 M M 9 1 40 290
24 38 21 30 2 35 0 0.01 0.1 T 13.8 25 250 M M 10 1 33 250
25 25 8 17 -11 48 0 T T 0 10.6 20 330 M M 2 25 320
26 21 0 11 -17 54 0 0.00 0.0 0 5.9 14 320 M M 0 19 320
27 30 10 20 -8 45 0 0.01 T 0 10.4 17 240 M M 8 8 22 210
28 30 7 19 -9 46 0 0.02 0.5 T 9.6 23 30 M M 8 1 30 10
29 28 3 16 -13 49 0 0.00 0.0 T 6.8 16 250 M M 5 21 260
30 38 17 28 -1 37 0 0.00 0.0 T 7.6 17 320 M M 3 24 290
31 39 18 29 0 36 0 0.00 0.0 0 6.6 13 140 M M 5 18 19 150
================================================================================
SM 1070 514 1213 0 1.13 1.2 336.2 M 193
================================================================================
AV 34.5 16.6 10.8 FASTST M M 6 MAX(MPH)
MISC ----> # 32 250 43 250
================================================================================
NOTES:
# LAST OF SEVERAL OCCURRENCES
COLUMN 17 PEAK WIND IN M.P.H.
PRELIMINARY LOCAL CLIMATOLOGICAL DATA (WS FORM: F-6) , PAGE 2
STATION: INDIANAPOLIS IN
MONTH: JANUARY
YEAR: 2022
LATITUDE: 39 43 N
LONGITUDE: 86 17 W
[TEMPERATURE DATA] [PRECIPITATION DATA] SYMBOLS USED IN COLUMN 16
AVERAGE MONTHLY: 25.5 TOTAL FOR MONTH: 1.13 1 = FOG OR MIST
DPTR FM NORMAL: -3.0 DPTR FM NORMAL: -1.99 2 = FOG REDUCING VISIBILITY
HIGHEST: 61 ON 1 GRTST 24HR 0.56 ON 31- 1 TO 1/4 MILE OR LESS
LOWEST: 0 ON 26 3 = THUNDER
SNOW, ICE PELLETS, HAIL 4 = ICE PELLETS
TOTAL MONTH: 1.2 INCHES 5 = HAIL
GRTST 24HR 0.5 ON 28-28 6 = FREEZING RAIN OR DRIZZLE
GRTST DEPTH: T 7 = DUSTSTORM OR SANDSTORM:
VSBY 1/2 MILE OR LESS
8 = SMOKE OR HAZE
[NO. OF DAYS WITH] [WEATHER - DAYS WITH] 9 = BLOWING SNOW
X = TORNADO
MAX 32 OR BELOW: 12 0.01 INCH OR MORE: 9
MAX 90 OR ABOVE: 0 0.10 INCH OR MORE: 3
MIN 32 OR BELOW: 30 0.50 INCH OR MORE: 0
MIN 0 OR BELOW: 1 1.00 INCH OR MORE: 0
[HDD (BASE 65) ]
TOTAL THIS MO. 1213 CLEAR (SCALE 0-3) 6
DPTR FM NORMAL 82 PTCLDY (SCALE 4-7) 17
TOTAL FM JUL 1 2853 CLOUDY (SCALE 8-10) 8
DPTR FM NORMAL -288
[CDD (BASE 65) ]
TOTAL THIS MO. 0
DPTR FM NORMAL 0 [PRESSURE DATA]
TOTAL FM JAN 1 0 HIGHEST SLP M ON M
DPTR FM NORMAL 0 LOWEST SLP 29.60 ON 1
[REMARKS]
#FINAL-01-22#