000
CXUS53 KIND 011503
CLMIND
CLIMATE REPORT
NATIONAL WEATHER SERVICE INDIANAPOLIS IN
1103 AM EDT THU JUN 01 2023
...................................
...THE INDIANAPOLIS IN CLIMATE SUMMARY FOR THE MONTH OF MAY 2023...
CLIMATE NORMAL PERIOD 1991 TO 2020
CLIMATE RECORD PERIOD 1871 TO 2023
WEATHER OBSERVED NORMAL DEPART LAST YEAR`S
VALUE DATE(S) VALUE FROM VALUE DATE(S)
NORMAL
................................................................
TEMPERATURE (F)
RECORD
HIGH 96 05/28/1911
05/31/1895
LOW 27 05/09/2020
HIGHEST 88 05/31 89 05/11
LOWEST 38 05/04 43 05/02
AVG. MAXIMUM 75.2 73.4 1.8 76.3
AVG. MINIMUM 53.7 53.7 0.0 55.9
MEAN 64.5 63.6 0.9 66.1
DAYS MAX >= 90 0 0.3 -0.3 0
DAYS MAX <= 32 0 0.0 0.0 0
DAYS MIN <= 32 0 0.2 -0.2 0
DAYS MIN <= 0 0 0.0 0.0 0
PRECIPITATION (INCHES)
RECORD
MAXIMUM 10.10 1943
MINIMUM 0.60 1934
TOTALS 2.84 4.75 -1.91 3.77
DAILY AVG. 0.09 0.15 -0.06 0.12
DAYS >= .01 9 13.3 -4.3 15
DAYS >= .10 7 8.9 -1.9 11
DAYS >= .50 2 3.2 -1.2 1
DAYS >= 1.00 0 1.1 -1.1 0
GREATEST
24 HR. TOTAL 0.88 05/19 TO 05/20
SNOWFALL (INCHES)
RECORDS
TOTAL 2.4 1897
SNOW DEPTH 1 05/02/1929
TOTALS 0.0 0.0 0.0 0.0
SINCE 7/1 10.0 25.5 -15.5 MM
SNOWDEPTH AVG. 0
DAYS >= 1.0 0 0.0 0.0 0
GREATEST
SNOW DEPTH 0 0 MM
24 HR TOTAL MM MM
DEGREE DAYS
HEATING TOTAL 97 131 -34 77
SINCE 7/1 4648 5236 -588 MM
COOLING TOTAL 87 86 1 122
SINCE 1/1 107 102 5 MM
................................................................
WIND (MPH)
AVERAGE WIND SPEED 8.6
HIGHEST WIND SPEED/DIRECTION 33/230 DATE 05/13
HIGHEST GUST SPEED/DIRECTION 56/240 DATE 05/13
SKY COVER
AVERAGE SKY COVER 0.54
AVERAGE RH (PERCENT) 60
WEATHER CONDITIONS. NUMBER OF DAYS WITH
THUNDERSTORM 6 MIXED PRECIP 0
HEAVY RAIN 3 RAIN 4
LIGHT RAIN 11 FREEZING RAIN 0
LT FREEZING RAIN 0 HAIL 0
HEAVY SNOW 0 SNOW 0
LIGHT SNOW 0 SLEET 0
FOG 8 FOG W/VIS <= 1/4 MILE 0
HAZE 1
- INDICATES NEGATIVE NUMBERS.
R INDICATES RECORD WAS SET OR TIED.
MM INDICATES DATA IS MISSING.
T INDICATES TRACE AMOUNT.
$$