000
CXUS53 KDLH 020348
CLSINL
CLIMATE REPORT
NATIONAL WEATHER SERVICE DULUTH MN
948 PM CST TUE MAR 01 2022
...................................
...THE INTERNATIONAL FALLS CLIMATE SUMMARY FOR THE SEASON, FROM
12/1/2021 TO 2/28/2022...
CLIMATE NORMAL PERIOD: 1991 TO 2020
CLIMATE RECORD PERIOD: 1895 TO 2022
WEATHER OBSERVED NORMAL DEPART LAST YEAR`S
VALUE DATE(S) VALUE FROM VALUE DATE(S)
NORMAL
................................................................
TEMPERATURE (F)
RECORD
HIGH 58 02/17/2017
02/22/2000
LOW -55 01/06/1909
HIGHEST 44 12/01 MM MM 46
LOWEST -42 02/03 MM MM -42
02/13
MEAN 3.3 8.8 -5.5 11.6
PRECIPITATION (INCHES)
RECORD
MAXIMUM 4.94 2017
MINIMUM 0.38 2002
TOTALS 4.28 2.47 1.81 1.98
SNOWFALL (INCHES)
RECORDS
TOTAL 81.8 2009
SNOW DEPTH 38 01/24/1982
TOTALS 51.9 44.1 7.8 29.1
SINCE 7/1 61.2 57.9 3.3
SNOWDEPTH AVG. 14 9
DAYS >= TRACE 45 38.0 7.0 MM
DAYS >= 1.0 10 14.0 -4.0 MM
DAYS >= 1.0 10 MM
GREATEST
SNOW DEPTH 26 02/20 14 02/02
02/22
02/04
02/05
DEGREE DAYS
HEATING TOTAL 5513 5064 449 4758
COOLING TOTAL 0 0 0 0
................................................................
WIND (MPH)
AVERAGE WIND SPEED 7.5
HIGHEST WIND SPEED/DIRECTION 31/280
HIGHEST GUST SPEED/DIRECTION 45/280
SKY COVER
POSSIBLE SUNSHINE (PERCENT) MM
- INDICATES NEGATIVE NUMBERS.
R INDICATES RECORD WAS SET OR TIED.
MM INDICATES DATA IS MISSING.
T INDICATES TRACE AMOUNT.
$$