000
CXUS56 KFGZ 010910
CF6INW
PRELIMINARY LOCAL CLIMATOLOGICAL DATA (WS FORM: F-6)
STATION: WINSLOW AZ AIRPORT
MONTH: APRIL
YEAR: 2022
LATITUDE: 35 1 N
LONGITUDE: 110 44 W
TEMPERATURE IN F: :PCPN: SNOW: WIND :SUNSHINE: SKY :PK WND
================================================================================
1 2 3 4 5 6A 6B 7 8 9 10 11 12 13 14 15 16 17 18
12Z AVG MX 2MIN
DY MAX MIN AVG DEP HDD CDD WTR SNW DPTH SPD SPD DIR MIN PSBL S-S WX SPD DR
================================================================================
1 72 31 52 0 13 0 0.00 M M 4.2 17 320 M M 0 20 320
2 78 36 57 5 8 0 0.00 M M 9.7 25 250 M M 0 40 240
3 74 42 58 6 7 0 0.00 M M 8.3 21 240 M M 1 27 250
4 75 44 60 8 5 0 0.00 M M 8.1 20 330 M M 1 26 290
5 84 50 67 15 0 2 0.00 M M 17.5 39 270 M M 0 49 270
6 71 35 53 0 12 0 0.00 M M 9.8 20 340 M M 0 27 330
7 73 27 50 -3 15 0 0.00 M M 5.1 15 360 M M 0 23 40
8 75 30 53 0 12 0 0.00 M M 3.4 10 220 M M 0 14 140
9 81 37 59 6 6 0 0.00 M M 14.7 32 230 M M 0 40 230
10 76 49 63 9 2 0 T M M 15.5 37 250 M M 1 47 240
11 75 44 60 6 5 0 0.00 M M 20.1 40 220 M M 0 52 220
12 63 29 46 -8 19 0 T M M 20.9 39 240 M M 2 50 240
13 65 22 44 -10 21 0 0.00 M M 9.2 24 280 M M 0 37 280
14 74 29 52 -2 13 0 0.00 M M 11.9 31 250 M M 0 42 240
15 78 40 59 4 6 0 0.00 M M 13.9 29 250 M M 0 39 230
16 78 38 58 3 7 0 0.00 M M 16.7 37 250 M M 0 45 230
17 81 35 58 3 7 0 0.00 M M 4.3 14 50 M M 0 17 50
18 85 32 59 4 6 0 0.00 M M 9.3 25 230 M M 0 32 270
19 86 50 68 12 0 3 0.00 M M 20.1 40 230 M M 0 62 260
20 81 44 63 7 2 0 0.00 M M 13.4 29 250 M M 0 35 240
21 83 45 64 8 1 0 0.00 M M 12.9 31 220 M M 0 40 220
22 M M M M M M 0.00 M M M M M M M M M M
23 66 30 48 -9 17 0 0.00 M M 8.0 16 320 M M 0 24 10
24 66 33 50 -7 15 0 0.00 M M 7.1 20 310 M M 0 25 320
25 73 29 51 -6 14 0 0.00 M M 3.3 15 90 M M 0 18 110
26 83 34 59 1 6 0 0.00 M M 11.1 28 220 M M 0 32 210
27 81 44 63 5 2 0 0.00 M M 12.0 29 230 M M 0 34 230
28 80 42 61 3 4 0 0.00 M M 12.7 28 240 M M 0 36 250
29 82 39 61 3 4 0 0.00 M M 8.9 23 330 M M 0 30 340
30 80 34 57 -2 8 0 0.00 M M 5.7 14 220 M M 0 18 210
================================================================================
SM 2219 1074 237 5 T M 317.8 M 5
================================================================================
AV 76.5 37.0 11.0 FASTST M M 0 MAX(MPH)
MISC ----> # 40 220 62 260
================================================================================
NOTES:
# LAST OF SEVERAL OCCURRENCES
COLUMN 17 PEAK WIND IN M.P.H.
PRELIMINARY LOCAL CLIMATOLOGICAL DATA (WS FORM: F-6) , PAGE 2
STATION: WINSLOW AZ AIRPORT
MONTH: APRIL
YEAR: 2022
LATITUDE: 35 1 N
LONGITUDE: 110 44 W
[TEMPERATURE DATA] [PRECIPITATION DATA] SYMBOLS USED IN COLUMN 16
AVERAGE MONTHLY: 56.8 TOTAL FOR MONTH: T 1 = FOG OR MIST
DPTR FM NORMAL: 1.9 DPTR FM NORMAL: -0.25 2 = FOG REDUCING VISIBILITY
HIGHEST: 86 ON 19 GRTST 24HR T ON 10-10 TO 1/4 MILE OR LESS
LOWEST: 22 ON 13 3 = THUNDER
SNOW, ICE PELLETS, HAIL 4 = ICE PELLETS
TOTAL MONTH: M 5 = HAIL
GRTST 24HR M ON M 6 = FREEZING RAIN OR DRIZZLE
GRTST DEPTH: M ON M 7 = DUSTSTORM OR SANDSTORM:
VSBY 1/2 MILE OR LESS
8 = SMOKE OR HAZE
[NO. OF DAYS WITH] [WEATHER - DAYS WITH] 9 = BLOWING SNOW
X = TORNADO
MAX 32 OR BELOW: 0 0.01 INCH OR MORE: 0
MAX 90 OR ABOVE: 0 0.10 INCH OR MORE: 0
MIN 32 OR BELOW: 9 0.50 INCH OR MORE: 0
MIN 0 OR BELOW: 0 1.00 INCH OR MORE: 0
[HDD (BASE 65) ]
TOTAL THIS MO. 237 CLEAR (SCALE 0-3) 29
DPTR FM NORMAL -70 PTCLDY (SCALE 4-7) 0
TOTAL FM JUL 1 4026 CLOUDY (SCALE 8-10) 1
DPTR FM NORMAL -191
[CDD (BASE 65) ]
TOTAL THIS MO. 5
DPTR FM NORMAL 1 [PRESSURE DATA]
TOTAL FM JAN 1 5 HIGHEST SLP M ON M
DPTR FM NORMAL 1 LOWEST SLP 29.42 ON 12
[REMARKS]
#FINAL-04-22#