114
CXUS55 KDVN 011000
CF6IOW
PRELIMINARY LOCAL CLIMATOLOGICAL DATA (WS FORM: F-6)
STATION: IOWA CITY IA
MONTH: JULY
YEAR: 2020
LATITUDE: 41 37 N
LONGITUDE: 91 33 W
TEMPERATURE IN F: :PCPN: SNOW: WIND :SUNSHINE: SKY :PK WND
================================================================================
1 2 3 4 5 6A 6B 7 8 9 10 11 12 13 14 15 16 17 18
12Z AVG MX 2MIN
DY MAX MIN AVG DEP HDD CDD WTR SNW DPTH SPD SPD DIR MIN PSBL S-S WX SPD DR
================================================================================
1 82 69 76 2 0 11 0.30 M M 4.9 14 100 M M 6 1 21 100
2 89 71 80 6 0 15 0.00 M M 6.1 13 110 M M 3 19 140
3 89 70 80 5 0 15 0.00 M M 4.0 13 60 M M 2 18 70
4 90 67 79 4 0 14 0.00 M M 3.0 10 150 M M 1 1 14 150
5 91 68 80 5 0 15 0.00 M M 2.3 12 150 M M 1 1 15 150
6 91 70 81 6 0 16 0.00 M M 2.7 9 180 M M 1 1 14 260
7 93 71 82 7 0 17 0.00 M M 4.6 13 210 M M 1 17 190
8 93 71 82 7 0 17 0.00 M M 6.6 14 140 M M 1 17 160
9 93 69 81 6 0 16 0.74 M M 8.9 24 170 M M 4 13 38 240
10 87 65 76 1 0 11 0.00 M M 8.1 21 310 M M 0 27 320
11 90 66 78 3 0 13 0.39 M M 3.8 31 340 M M 2 3 57 340
12 85 65 75 0 0 10 0.00 M M 5.7 15 360 M M 2 20 10
13 84 64 74 -1 0 9 T M M 6.4 15 140 M M 0 21 140
14 86 65 76 1 0 11 0.05 M M 9.0 20 160 M M 1 3 26 160
15 78 69 74 -1 0 9 0.27 M M 4.3 14 100 M M 7 1 22 120
16 83 68 76 1 0 11 0.00 M M 3.0 10 260 M M 5 14 230
17 88 66 77 2 0 12 0.00 M M 6.9 17 170 M M 4 12 24 130
18 91 74 83 8 0 18 T M M 10.3 20 190 M M 2 26 180
19 86 69 78 3 0 13 T M M 8.0 18 320 M M 3 25 320
20 78 65 72 -3 0 7 0.03 M M 1.9 16 350 M M 5 20 350
21 78 67 73 -2 0 8 0.09 M M 4.3 12 170 M M 6 13 15 190
22 83 64 74 -1 0 9 T M M 6.4 14 310 M M 3 24 330
23 83 62 73 -2 0 8 0.00 M M 4.8 13 170 M M 0 16 120
24 88 64 76 1 0 11 0.00 M M 6.3 14 150 M M 1 19 130
25 93 70 82 7 0 17 0.00 M M 7.3 15 190 M M 0 19 190
26 94 73 84 9 0 19 0.80 M M 7.3 23 240 M M 1 13 37 220
27 86 66 76 1 0 11 0.08 M M 7.6 18 330 M M 2 28 350
28 86 61 74 -1 0 9 0.00 M M 6.4 16 210 M M 0 23 210
29 89 68 79 5 0 14 0.11 M M 4.6 23 180 M M 2 13 29 180
30 83 69 76 2 0 11 0.00 M M 8.2 20 50 M M 4 25 70
31 82 65 74 0 0 9 0.00 M M 7.5 20 40 M M 2 26 20
================================================================================
SM 2692 2091 0 386 2.86 M 181.2 M 72
================================================================================
AV 86.8 67.5 5.8 FASTST M M 2 MAX(MPH)
MISC ----> 31 340 57 340
================================================================================
NOTES:
# LAST OF SEVERAL OCCURRENCES
COLUMN 17 PEAK WIND IN M.P.H.
PRELIMINARY LOCAL CLIMATOLOGICAL DATA (WS FORM: F-6) , PAGE 2
STATION: IOWA CITY IA
MONTH: JULY
YEAR: 2020
LATITUDE: 41 37 N
LONGITUDE: 91 33 W
[TEMPERATURE DATA] [PRECIPITATION DATA] SYMBOLS USED IN COLUMN 16
AVERAGE MONTHLY: 77.1 TOTAL FOR MONTH: 2.86 1 = FOG OR MIST
DPTR FM NORMAL: 2.3 DPTR FM NORMAL: -2.09 2 = FOG REDUCING VISIBILITY
HIGHEST: 94 ON 26 GRTST 24HR 0.88 ON 26-27 TO 1/4 MILE OR LESS
LOWEST: 61 ON 28 3 = THUNDER
SNOW, ICE PELLETS, HAIL 4 = ICE PELLETS
TOTAL MONTH: M 5 = HAIL
GRTST 24HR M ON M 6 = FREEZING RAIN OR DRIZZLE
GRTST DEPTH: M ON M 7 = DUSTSTORM OR SANDSTORM:
VSBY 1/2 MILE OR LESS
8 = SMOKE OR HAZE
[NO. OF DAYS WITH] [WEATHER - DAYS WITH] 9 = BLOWING SNOW
X = TORNADO
MAX 32 OR BELOW: 0 0.01 INCH OR MORE: 10
MAX 90 OR ABOVE: 10 0.10 INCH OR MORE: 6
MIN 32 OR BELOW: 0 0.50 INCH OR MORE: 2
MIN 0 OR BELOW: 0 1.00 INCH OR MORE: 0
[HDD (BASE 65) ]
TOTAL THIS MO. 0 CLEAR (SCALE 0-3) 23
DPTR FM NORMAL -2 PTCLDY (SCALE 4-7) 8
TOTAL FM JUL 1 0 CLOUDY (SCALE 8-10) 0
DPTR FM NORMAL 0
[CDD (BASE 65) ]
TOTAL THIS MO. 386
DPTR FM NORMAL 80 [PRESSURE DATA]
TOTAL FM JAN 1 660 HIGHEST SLP 30.16 ON 24
DPTR FM NORMAL 82 LOWEST SLP 29.67 ON 9
[REMARKS]
#FINAL-07-20#