000
CXUS51 KCTP 010900
CF6IPT
PRELIMINARY LOCAL CLIMATOLOGICAL DATA (WS FORM: F-6)
STATION: WILLIAMSPORT PA
MONTH: OCTOBER
YEAR: 2020
LATITUDE: 41 15 N
LONGITUDE: 76 55 W
TEMPERATURE IN F: :PCPN: SNOW: WIND :SUNSHINE: SKY :PK WND
================================================================================
1 2 3 4 5 6A 6B 7 8 9 10 11 12 13 14 15 16 17 18
12Z AVG MX 2MIN
DY MAX MIN AVG DEP HDD CDD WTR SNW DPTH SPD SPD DIR MIN PSBL S-S WX SPD DR
================================================================================
1 70 44 57 0 8 0 0.00 0.0 0 6.4 18 240 M M 3 26 280
2 63 45 54 -3 11 0 T 0.0 0 6.2 21 250 M M 4 1 26 270
3 64 38 51 -5 14 0 0.00 0.0 0 3.5 12 240 M M 2 17 270
4 64 38 51 -5 14 0 0.00 0.0 0 2.2 10 170 M M 8 14 150
5 63 45 54 -2 11 0 0.06 0.0 0 2.4 10 260 M M 9 1 11 260
6 67 43 55 0 10 0 0.00 0.0 0 2.8 12 170 M M 7 12 17 210
7 72 46 59 4 6 0 T 0.0 0 7.2 25 280 M M 3 40 300
8 68 42 55 1 10 0 0.00 0.0 0 7.9 22 300 M M 3 28 300
9 74 37 56 2 9 0 0.00 0.0 0 3.5 16 180 M M 0 23 180
10 77 45 61 7 4 0 T 0.0 0 3.0 17 240 M M 1 22 220
11 67 56 62 9 3 0 0.09 0.0 0 4.6 13 160 M M 10 18 19 170
12 56 50 53 0 12 0 0.20 0.0 0 7.6 15 100 M M 10 18 20 110
13 69 43 56 3 9 0 0.11 0.0 0 3.1 13 320 M M 6 1 18 330
14 70 38 54 2 11 0 0.00 0.0 0 4.3 16 240 M M 2 12 20 240
15 77 46 62 10 3 0 T 0.0 0 10.1 21 150 M M 3 32 150
16 57 38 48 -4 17 0 0.13 0.0 0 4.0 15 290 M M 7 1 20 300
17 59 35 47 -4 18 0 0.00 0.0 0 3.9 12 250 M M 5 18 17 240
18 60 35 48 -3 17 0 0.00 0.0 0 4.7 22 170 M M 2 30 160
19 61 50 56 5 9 0 0.21 0.0 0 5.5 15 110 M M 9 1 22 120
20 67 56 62 12 3 0 0.01 0.0 0 4.0 15 120 M M 10 22 150
21 78 54 66 16 0 1 0.00 0.0 0 4.8 15 160 M M 7 22 150
22 82 60 71 21 0 6 0.00 0.0 0 5.0 20 180 M M 4 25 180
23 73 61 67 18 0 2 0.00 0.0 0 10.1 26 160 M M 6 1 35 160
24 65 46 56 7 9 0 0.01 0.0 0 6.9 16 360 M M 9 1 23 20
25 54 36 45 -4 20 0 0.01 0.0 0 4.3 16 90 M M 6 18 25 100
26 52 44 48 0 17 0 0.13 0.0 0 4.4 13 50 M M 10 18 18 90
27 54 47 51 3 14 0 0.00 0.0 0 3.8 14 320 M M 10 18 17 320
28 55 46 51 3 14 0 0.14 0.0 0 2.1 10 260 M M 8 1 14 250
29 49 45 47 0 18 0 1.35 0.0 0 3.1 8 270 M M 10 1 13 350
30 45 38 42 -5 23 0 0.27 0.0 0 4.6 13 320 M M 10 1 17 320
31 46 35 41 -6 24 0 0.00 0.0 0 4.4 14 50 M M 6 20 130
================================================================================
SM 1978 1382 338 9 2.72 0.0 150.4 M 190
================================================================================
AV 63.8 44.6 4.9 FASTST M M 6 MAX(MPH)
MISC ----> 26 160 40 300
================================================================================
NOTES:
# LAST OF SEVERAL OCCURRENCES
COLUMN 17 PEAK WIND IN M.P.H.
PRELIMINARY LOCAL CLIMATOLOGICAL DATA (WS FORM: F-6) , PAGE 2
STATION: WILLIAMSPORT PA
MONTH: OCTOBER
YEAR: 2020
LATITUDE: 41 15 N
LONGITUDE: 76 55 W
[TEMPERATURE DATA] [PRECIPITATION DATA] SYMBOLS USED IN COLUMN 16
AVERAGE MONTHLY: 54.2 TOTAL FOR MONTH: 2.72 1 = FOG OR MIST
DPTR FM NORMAL: 2.5 DPTR FM NORMAL: -0.70 2 = FOG REDUCING VISIBILITY
HIGHEST: 82 ON 22 GRTST 24HR 1.44 ON 29-30 TO 1/4 MILE OR LESS
LOWEST: 35 ON 31,18 3 = THUNDER
SNOW, ICE PELLETS, HAIL 4 = ICE PELLETS
TOTAL MONTH: 0.0 INCH 5 = HAIL
GRTST 24HR 0.0 6 = FREEZING RAIN OR DRIZZLE
GRTST DEPTH: 0 7 = DUSTSTORM OR SANDSTORM:
VSBY 1/2 MILE OR LESS
8 = SMOKE OR HAZE
[NO. OF DAYS WITH] [WEATHER - DAYS WITH] 9 = BLOWING SNOW
X = TORNADO
MAX 32 OR BELOW: 0 0.01 INCH OR MORE: 13
MAX 90 OR ABOVE: 0 0.10 INCH OR MORE: 8
MIN 32 OR BELOW: 0 0.50 INCH OR MORE: 1
MIN 0 OR BELOW: 0 1.00 INCH OR MORE: 1
[HDD (BASE 65) ]
TOTAL THIS MO. 338 CLEAR (SCALE 0-3) 8
DPTR FM NORMAL -77 PTCLDY (SCALE 4-7) 13
TOTAL FM JUL 1 426 CLOUDY (SCALE 8-10) 10
DPTR FM NORMAL -117
[CDD (BASE 65) ]
TOTAL THIS MO. 9
DPTR FM NORMAL 4 [PRESSURE DATA]
TOTAL FM JAN 1 1077 HIGHEST SLP 30.52 ON 31
DPTR FM NORMAL 375 LOWEST SLP 29.56 ON 29
[REMARKS]
#FINAL-10-20#