805
CXUS51 KCTP 010846
CLSIPT
CLIMATE REPORT
NATIONAL WEATHER SERVICE STATE COLLEGE PA
346 AM EST SUN MAR 01 2020
...................................
...THE WILLIAMSPORT PA CLIMATE SUMMARY FOR THE SEASON, FROM
12/1/2019 TO 2/29/2020...
CLIMATE NORMAL PERIOD 1981 TO 2010
CLIMATE RECORD PERIOD 1895 TO 2020
WEATHER OBSERVED NORMAL DEPART LAST YEAR`S
VALUE DATE(S) VALUE FROM VALUE DATE(S)
NORMAL
................................................................
TEMPERATURE (F)
RECORD
HIGH 76 02/24/2017
LOW -20 01/21/1994
HIGHEST 66 01/11 64 12/21
LOWEST 8 02/15 -6 01/31
AVG. MAXIMUM 41.0 36.7 4.3 38.6
AVG. MINIMUM 26.2 21.7 4.5 24.2
MEAN 33.6 29.2 4.4 31.4
DAYS MAX >= 90 0 0.0 0.0 0
DAYS MAX <= 32 9 26.9 -17.9 16
DAYS MIN <= 32 69 76.8 -7.8 71
DAYS MIN <= 0 0 2.2 -2.2 4
PRECIPITATION (INCHES)
RECORD
MAXIMUM 14.86 1914
MINIMUM 3.55 1979
TOTALS 7.93 7.97 -0.04 13.46
DAILY AVG. 0.09 NAN NAN 0.15
DAYS >= .01 43 31.5 11.5 42
DAYS >= .10 21 16.4 4.6 22
DAYS >= .50 4 5.2 -1.2 11
DAYS >= 1.00 1 1.3 -0.3 2
GREATEST
24 HR. TOTAL 1.06 01/25 1.97
SNOWFALL (INCHES)
RECORDS
TOTAL 74.0 1963
24 HR TOTAL MM
SNOW DEPTH MM MM
TOTALS 10.2 26.2 -16.0 17.2
LIQUID EQUIV 1.00 0.00 1.00 1.72
SINCE 7/1 12.0 28.0 -16.0 MM
LIQUID 7/1 1.20 2.80 -1.60 MM
SNOWDEPTH AVG. 0 1
DAYS >= TRACE 36 18.3 17.7 MM
DAYS >= 1.0 5 7.6 -2.6 MM
GREATEST
SNOW DEPTH 3 01/18 6 01/23
01/22
01/21
24 HR TOTAL 2.0 01/18 6.1
STORM TOTAL 2.0 MM
DEGREE DAYS
HEATING TOTAL 2842 3221 -379 3003
SINCE 7/1 3993 4531 -538 MM
COOLING TOTAL 0 0 0 0
SINCE 1/1 0 0 0 0
FREEZE DATES
RECORD
EARLIEST 09/22/1904
LATEST 05/25/1956
EARLIEST 03/01
LATEST 05/14
................................................................
WIND (MPH)
AVERAGE WIND SPEED 6.3
RESULTANT WIND SPEED/DIRECTION 2/290
HIGHEST WIND SPEED/DIRECTION 33/280 DATE 01/16
HIGHEST GUST SPEED/DIRECTION 46/290 DATE 01/16
SKY COVER
POSSIBLE SUNSHINE (PERCENT) MM
AVERAGE SKY COVER 0.62
NUMBER OF DAYS FAIR 26
NUMBER OF DAYS PC 22
NUMBER OF DAYS CLOUDY 43
WEATHER CONDITIONS. NUMBER OF DAYS WITH
THUNDERSTORM 0 MIXED PRECIP 0
HEAVY RAIN 3 RAIN 11
LIGHT RAIN 33 FREEZING RAIN 2
LT FREEZING RAIN 5 HAIL 0
HEAVY SNOW 3 SNOW 6
LIGHT SNOW 36 SLEET 1
FOG 55 FOG W/VIS <= 1/4 MILE 11
HAZE 19
- INDICATES NEGATIVE NUMBERS.
R INDICATES RECORD WAS SET OR TIED.
MM INDICATES DATA IS MISSING.
T INDICATES TRACE AMOUNT.
&&
TIED 9TH WARMEST ON RECORD (1952-1953)
11TH LEAST SNOWIEST ON RECORD
$$