000
CXUS53 KGRB 131524
CF6ISW
PRELIMINARY LOCAL CLIMATOLOGICAL DATA (WS FORM: F-6)
STATION: WISCONSIN RAPIDS ASOS
MONTH: JULY
YEAR: 2023
LATITUDE: 44 22 N
LONGITUDE: 89 50 W
TEMPERATURE IN F: :PCPN: SNOW: WIND :SUNSHINE: SKY :PK WND
================================================================================
1 2 3 4 5 6A 6B 7 8 9 10 11 12 13 14 15 16 17 18
12Z AVG MX 2MIN
DY MAX MIN AVG DEP HDD CDD WTR SNW DPTH SPD SPD DIR MIN PSBL S-S WX SPD DR
================================================================================
1 87 61 74 4 0 9 0.00 0.0 0 3.2 13 330 M M 0 17 340
2 86 62 74 4 0 9 0.00 0.0 0 6.2 14 360 M M 1 21 90
3 91 56 74 4 0 9 0.06 0.0 0 4.9 33 350 M M 2 13 46 360
4 88 63 76 6 0 11 0.01 0.0 0 5.0 14 210 M M 2 1 20 250
5 79 64 72 2 0 7 T 0.0 0 6.4 14 330 M M 5 3 20 360
6 77 50 64 -6 1 0 0.00 0.0 0 8.1 16 300 M M 3 23 320
7 78 46 62 -8 3 0 0.00 0.0 0 3.6 14 110 M M 0 1 17 110
8 83 56 70 0 0 5 0.00 0.0 0 6.3 17 320 M M 3 22 320
9 85 52 69 -2 0 4 0.00 0.0 0 6.7 17 280 M M 0 26 290
10 92 63 78 7 0 13 0.02 0.0 0 11.8 23 10 M M 1 3 34 280
11 79 52 66 -5 0 1 T 0.0 0 6.2 15 20 M M 1 22 40
12 71 58 65 -6 0 0 0.29 0.0 0 5.8 16 130 M M 8 1 21 130
13 78 59 69 -2 0 4 0.00 0.0 0 4.3 10 180 M M 8 15 220
14 86 63 75 4 0 10 0.06 0.0 0 7.5 17 20 M M 3 13 23 260
15 84 59 72 1 0 7 0.35 0.0 0 5.8 43 320 M M 2 138 54 320
16 79 56 68 -3 0 3 0.12 0.0 0 8.9 22 240 M M 3 138 33 310
17 73 52 63 -8 2 0 0.00 0.0 0 7.5 18 310 M M 3 26 300
18 82 49 66 -5 0 1 0.00 0.0 0 3.7 13 270 M M 2 1 18 280
19 83 54 69 -2 0 4 0.07 0.0 0 7.1 26 330 M M 3 13 40 300
20 76 56 66 -5 0 1 0.38 0.0 0 9.9 23 340 M M 5 13 30 340
21 84 50 67 -4 0 2 0.00 0.0 0 3.0 14 330 M M 1 1 18 20
22 86 55 71 0 0 6 0.05 0.0 0 4.2 31 310 M M 3 13 41 300
23 85 54 70 -1 0 5 0.00 0.0 0 4.4 15 310 M M 3 128 20 290
24 86 56 71 0 0 6 0.00 0.0 0 2.7 15 10 M M 0 128 19 10
25 91 62 77 6 0 12 0.00 0.0 0 5.1 13 200 M M 1 18 17 170
26 89 67 78 7 0 13 0.12 0.0 0 6.7 16 310 M M 2 13 23 260
27 94 63 79 8 0 14 0.11 0.0 0 7.6 31 30 M M 2 123 42 30
28 89 66 78 7 0 13 1.04 0.0 0 7.3 36 30 M M 5 13 46 30
29 84 62 73 2 0 8 0.00 0.0 0 7.2 17 340 M M 3 1 26 340
30 79 52 66 -4 0 1 0.00 0.0 0 5.2 17 310 M M 2 22 340
31 81 52 67 -3 0 2 0.00 M M 2.1 10 270 M M 0 1 13 290
================================================================================
SM 2585 1770 6 180 2.68 0.0 184.4 M 77
================================================================================
AV 83.4 57.1 5.9 FASTST M M 2 MAX(MPH)
MISC ----> 43 320 54 320
================================================================================
NOTES:
# LAST OF SEVERAL OCCURRENCES
COLUMN 17 PEAK WIND IN M.P.H.
PRELIMINARY LOCAL CLIMATOLOGICAL DATA (WS FORM: F-6) , PAGE 2
STATION: WISCONSIN RAPIDS ASOS
MONTH: JULY
YEAR: 2023
LATITUDE: 44 22 N
LONGITUDE: 89 50 W
[TEMPERATURE DATA] [PRECIPITATION DATA] SYMBOLS USED IN COLUMN 16
AVERAGE MONTHLY: 70.2 TOTAL FOR MONTH: 2.68 1 = FOG OR MIST
DPTR FM NORMAL: -0.4 DPTR FM NORMAL: -0.88 2 = FOG REDUCING VISIBILITY
HIGHEST: 94 ON 27 GRTST 24HR 1.14 ON 27-28 TO 1/4 MILE OR LESS
LOWEST: 46 ON 7 3 = THUNDER
SNOW, ICE PELLETS, HAIL 4 = ICE PELLETS
TOTAL MONTH: 0.0 INCH 5 = HAIL
GRTST 24HR 0.0 6 = FREEZING RAIN OR DRIZZLE
GRTST DEPTH: 0 7 = DUSTSTORM OR SANDSTORM:
VSBY 1/2 MILE OR LESS
8 = SMOKE OR HAZE
[NO. OF DAYS WITH] [WEATHER - DAYS WITH] 9 = BLOWING SNOW
X = TORNADO
MAX 32 OR BELOW: 0 0.01 INCH OR MORE: 13
MAX 90 OR ABOVE: 4 0.10 INCH OR MORE: 7
MIN 32 OR BELOW: 0 0.50 INCH OR MORE: 1
MIN 0 OR BELOW: 0 1.00 INCH OR MORE: 1
[HDD (BASE 65) ]
TOTAL THIS MO. 6 CLEAR (SCALE 0-3) 24
DPTR FM NORMAL -9 PTCLDY (SCALE 4-7) 7
TOTAL FM JUL 1 6 CLOUDY (SCALE 8-10) 0
DPTR FM NORMAL -7
[CDD (BASE 65) ]
TOTAL THIS MO. 180
DPTR FM NORMAL -8 [PRESSURE DATA]
TOTAL FM JAN 1 363 HIGHEST SLP 30.20 ON 31
DPTR FM NORMAL 45 LOWEST SLP 29.71 ON 10
[REMARKS]
#FINAL-07-23#